000
CXUS54 KFWD 010831
CF6MWL
PRELIMINARY LOCAL CLIMATOLOGICAL DATA (WS FORM: F-6)
STATION: MINERAL WELLS
MONTH: JANUARY
YEAR: 2023
LATITUDE: 32 46 N
LONGITUDE: 98 4 W
TEMPERATURE IN F: :PCPN: SNOW: WIND :SUNSHINE: SKY :PK WND
================================================================================
1 2 3 4 5 6A 6B 7 8 9 10 11 12 13 14 15 16 17 18
12Z AVG MX 2MIN
DY MAX MIN AVG DEP HDD CDD WTR SNW DPTH SPD SPD DIR MIN PSBL S-S WX SPD DR
================================================================================
1 82 48 65 20 0 0 0.00 M M 9.0 17 190 M M 0 21 190
2 79 57 68 23 0 3 0.02 M M 10.9 22 260 M M 5 18 29 150
3 67 39 53 8 12 0 0.00 M M 8.1 20 280 M M 2 26 290
4 61 29 45 0 20 0 0.00 M M 4.5 17 290 M M 0 24 300
5 63 28 46 1 19 0 0.00 M M 4.9 10 150 M M 0 15 150
6 77 38 58 13 7 0 0.00 M M 11.0 20 170 M M 0 28 160
7 62 41 52 7 13 0 0.00 M M 8.8 16 320 M M 0 22 320
8 64 36 50 5 15 0 0.00 M M 5.4 10 350 M M 0 13 340
9 75 35 55 10 10 0 0.00 M M 9.2 17 210 M M 0 24 200
10 85 40 63 18 2 0 0.00 M M 8.1 20 230 M M 0 26 220
11 87 48 68 23 0 3 0.00 M M 11.1 30 310 M M 1 43 280
12 64 35 50 5 15 0 T M M 16.2 33 320 M M 0 49 310
13 61 29 45 0 20 0 0.00 M M 4.3 10 150 M M 0 13 140
14 66 32 49 4 16 0 0.00 M M 12.7 24 180 M M 0 35 150
15 70 47 59 14 6 0 0.00 M M 12.5 23 170 M M 0 33 150
16 77 53 65 20 0 0 0.00 M M 7.9 21 260 M M 0 26 250
17 78 42 60 15 5 0 0.00 M M 5.3 12 140 M M 0 15 130
18 70 51 61 16 4 0 T M M 11.8 25 270 M M 4 1 36 290
19 62 38 50 4 15 0 0.00 M M 6.0 17 310 M M 0 25 310
20 62 36 49 3 16 0 0.00 M M 7.9 18 130 M M 4 23 140
21 69 44 57 11 8 0 T M M 11.2 24 320 M M 4 34 310
22 55 32 44 -2 21 0 0.00 M M 9.8 21 320 M M 0 27 330
23 55 24 40 -6 25 0 0.00 M M 7.5 18 90 M M 3 33 70
24 47 34 41 -5 24 0 0.73 M M 11.8 18 330 M M 10 1 26 130
25 48 31 40 -6 25 0 T M M 10.1 18 310 M M 6 25 290
26 55 29 42 -4 23 0 0.00 M M 6.6 20 280 M M 0 25 280
27 63 25 44 -2 21 0 0.00 M M 9.5 22 210 M M 0 30 210
28 71 43 57 11 8 0 0.00 M M 11.7 22 190 M M 3 27 200
29 54 27 41 -6 24 0 0.02 M M 13.2 24 340 M M 6 1 33 360
30 27 23 25 -22 40 0 0.12 M M 13.5 21 350 M M 10 1346 27 350
31 28 23 26 -21 39 0 T M M 12.1 20 340 M M 8 16 28 10
================================================================================
SM 1984 1137 453 6 0.89 M 292.6 M 66
================================================================================
AV 64.0 36.7 9.4 FASTST M M 2 MAX(MPH)
MISC ----> 33 320 49 310
================================================================================
NOTES:
# LAST OF SEVERAL OCCURRENCES
COLUMN 17 PEAK WIND IN M.P.H.
PRELIMINARY LOCAL CLIMATOLOGICAL DATA (WS FORM: F-6) , PAGE 2
STATION: MINERAL WELLS
MONTH: JANUARY
YEAR: 2023
LATITUDE: 32 46 N
LONGITUDE: 98 4 W
[TEMPERATURE DATA] [PRECIPITATION DATA] SYMBOLS USED IN COLUMN 16
AVERAGE MONTHLY: 50.3 TOTAL FOR MONTH: 0.89 1 = FOG OR MIST
DPTR FM NORMAL: 4.9 DPTR FM NORMAL: -0.70 2 = FOG REDUCING VISIBILITY
HIGHEST: 87 ON 11 GRTST 24HR 0.73 ON 24-24 TO 1/4 MILE OR LESS
LOWEST: 23 ON 31,30 3 = THUNDER
SNOW, ICE PELLETS, HAIL 4 = ICE PELLETS
TOTAL MONTH: M 5 = HAIL
GRTST 24HR M ON M 6 = FREEZING RAIN OR DRIZZLE
GRTST DEPTH: M ON M 7 = DUSTSTORM OR SANDSTORM:
VSBY 1/2 MILE OR LESS
8 = SMOKE OR HAZE
[NO. OF DAYS WITH] [WEATHER - DAYS WITH] 9 = BLOWING SNOW
X = TORNADO
MAX 32 OR BELOW: 2 0.01 INCH OR MORE: 4
MAX 90 OR ABOVE: 0 0.10 INCH OR MORE: 2
MIN 32 OR BELOW: 12 0.50 INCH OR MORE: 1
MIN 0 OR BELOW: 0 1.00 INCH OR MORE: 0
[HDD (BASE 65) ]
TOTAL THIS MO. 453 CLEAR (SCALE 0-3) 21
DPTR FM NORMAL -155 PTCLDY (SCALE 4-7) 7
TOTAL FM JUL 1 1387 CLOUDY (SCALE 8-10) 3
DPTR FM NORMAL -209
[CDD (BASE 65) ]
TOTAL THIS MO. 6
DPTR FM NORMAL 5 [PRESSURE DATA]
TOTAL FM JAN 1 6 HIGHEST SLP 30.48 ON 13
DPTR FM NORMAL 5 LOWEST SLP 29.57 ON 2
[REMARKS]
#FINAL-01-23#