000
CXUS55 KBOI 011002
CF6MYL
PRELIMINARY LOCAL CLIMATOLOGICAL DATA (WS FORM: F-6)
STATION: MCCALL ID
MONTH: JULY
YEAR: 2021
LATITUDE: 44 52 N
LONGITUDE: 116 6 W
TEMPERATURE IN F: :PCPN: SNOW: WIND :SUNSHINE: SKY :PK WND
================================================================================
1 2 3 4 5 6A 6B 7 8 9 10 11 12 13 14 15 16 17 18
12Z AVG MX 2MIN
DY MAX MIN AVG DEP HDD CDD WTR SNW DPTH SPD SPD DIR MIN PSBL S-S WX SPD DR
================================================================================
1 89 53 71 11 0 6 0.00 M M 5.2 24 190 M M 0 32 180
2 91 54 73 12 0 8 0.00 M M 3.9 13 210 M M 0 21 180
3 92 56 74 13 0 9 0.00 M M 3.8 20 180 M M 1 26 180
4 90 58 74 13 0 9 0.00 M M 5.1 20 210 M M 1 42 190
5 89 55 72 10 0 7 0.00 M M 5.2 16 250 M M 0 26 160
6 93 51 72 10 0 7 0.00 M M 4.4 16 190 M M 0 26 170
7 88 62 75 13 0 10 0.01 M M 6.9 22 190 M M 1 30 190
8 87 48 68 5 0 3 0.00 M M 3.4 13 240 M M 1 19 250
9 86 51 69 6 0 4 0.00 M M 4.5 13 320 M M 3 8 20 10
10 91 48 70 7 0 5 0.00 M M 2.0 10 210 M M 2 15 170
11 91 54 73 9 0 8 0.00 M M 2.7 13 310 M M 2 18 10
12 91 48 70 6 0 5 0.00 M M 3.6 12 210 M M 0 8 19 350
13 88 65 77 13 0 12 0.00 M M 8.9 17 10 M M 3 8 24 360
14 88 52 70 6 0 5 0.00 M M 3.5 15 180 M M 4 8 24 180
15 88 51 70 6 0 5 0.00 M M 4.6 16 270 M M 0 8 22 270
16 87 52 70 5 0 5 0.00 M M 4.0 15 250 M M 0 26 260
17 87 51 69 4 0 4 0.00 M M 4.6 17 190 M M 1 23 180
18 92 50 71 6 0 6 0.00 M M 4.2 18 190 M M 0 24 140
19 85 59 72 7 0 7 0.02 M M 3.8 17 210 M M 3 3 26 230
20 76 54 65 0 0 0 0.04 M M 2.3 8 10 M M 4 11 20
21 84 53 69 3 0 4 0.00 M M 6.9 21 190 M M 1 18 28 190
22 84 48 66 0 0 1 0.00 M M 4.2 15 260 M M 0 23 270
23 86 47 67 1 0 2 0.00 M M 5.4 15 330 M M 0 21 330
24 90 48 69 3 0 4 0.00 M M 2.5 13 250 M M 0 18 360
25 90 49 70 4 0 5 0.00 M M 2.7 13 200 M M 1 16 200
26 92 54 73 7 0 8 0.00 M M 4.7 15 360 M M 0 8 21 30
27 89 59 74 8 0 9 0.00 M M 6.3 17 10 M M 0 8 24 350
28 87 59 73 7 0 8 T M M 3.9 12 20 M M 1 15 20
29 92 58 75 9 0 10 0.00 M M 4.8 18 300 M M 1 25 310
30 95 56 76 10 0 11 0.00 M M 5.1 15 360 M M 0 23 360
31 85 65 75 9 0 10 0.03 M M 4.6 18 140 M M 4 3 29 130
================================================================================
SM 2743 1668 0 197 0.10 M 137.7 M 34
================================================================================
AV 88.5 53.8 4.4 FASTST M M 1 MAX(MPH)
MISC ----> 24 190 42 190
================================================================================
NOTES:
# LAST OF SEVERAL OCCURRENCES
COLUMN 17 PEAK WIND IN M.P.H.
PRELIMINARY LOCAL CLIMATOLOGICAL DATA (WS FORM: F-6) , PAGE 2
STATION: MCCALL ID
MONTH: JULY
YEAR: 2021
LATITUDE: 44 52 N
LONGITUDE: 116 6 W
[TEMPERATURE DATA] [PRECIPITATION DATA] SYMBOLS USED IN COLUMN 16
AVERAGE MONTHLY: 71.1 TOTAL FOR MONTH: 0.10 1 = FOG OR MIST
DPTR FM NORMAL: 7.0 DPTR FM NORMAL: -0.48 2 = FOG REDUCING VISIBILITY
HIGHEST: 95 ON 30 GRTST 24HR 0.06 ON 19-20 TO 1/4 MILE OR LESS
LOWEST: 47 ON 23 3 = THUNDER
SNOW, ICE PELLETS, HAIL 4 = ICE PELLETS
TOTAL MONTH: M 5 = HAIL
GRTST 24HR M ON M 6 = FREEZING RAIN OR DRIZZLE
GRTST DEPTH: M ON M 7 = DUSTSTORM OR SANDSTORM:
VSBY 1/2 MILE OR LESS
8 = SMOKE OR HAZE
[NO. OF DAYS WITH] [WEATHER - DAYS WITH] 9 = BLOWING SNOW
X = TORNADO
MAX 32 OR BELOW: 0 0.01 INCH OR MORE: 4
MAX 90 OR ABOVE: 13 0.10 INCH OR MORE: 0
MIN 32 OR BELOW: 0 0.50 INCH OR MORE: 0
MIN 0 OR BELOW: 0 1.00 INCH OR MORE: 0
[HDD (BASE 65) ]
TOTAL THIS MO. 0 CLEAR (SCALE 0-3) 27
DPTR FM NORMAL -83 PTCLDY (SCALE 4-7) 4
TOTAL FM JUL 1 0 CLOUDY (SCALE 8-10) 0
DPTR FM NORMAL -87
[CDD (BASE 65) ]
TOTAL THIS MO. 197
DPTR FM NORMAL 142 [PRESSURE DATA]
TOTAL FM JAN 1 259 HIGHEST SLP 30.15 ON 28
DPTR FM NORMAL 196 LOWEST SLP 29.78 ON 7
[REMARKS]
#FINAL-07-21#