000
CXUS56 KSTO 102242
CF6MYV
PRELIMINARY LOCAL CLIMATOLOGICAL DATA (WS FORM: F-6)
STATION: MARYSVILLE
MONTH: JULY
YEAR: 2021
LATITUDE: 39 6 N
LONGITUDE: 121-34 E
TEMPERATURE IN F: :PCPN: SNOW: WIND :SUNSHINE: SKY :PK WND
================================================================================
1 2 3 4 5 6A 6B 7 8 9 10 11 12 13 14 15 16 17 18
12Z AVG MX 2MIN
DY MAX MIN AVG DEP HDD CDD WTR SNW DPTH SPD SPD DIR MIN PSBL S-S WX SPD DR
================================================================================
1 94 59 77 0 0 12 0.00 M M 9.3 15 180 M M 0 19 150
2 99 61 80 2 0 15 0.00 M M 6.5 13 150 M M 0 15 160
3 99 61 80 2 0 15 0.00 M M 8.2 18 180 M M 0 21 190
4 97 63 80 2 0 15 0.00 M M 8.9 15 170 M M 0 17 150
5 99 59 79 1 0 14 0.00 0.0 M 8.3 17 190 M M 0 20 160
6 97 59 78 0 0 13 0.00 0.0 M 9.0 17 180 M M 0 21 140
7 98 58 78 0 0 13 0.00 M M 6.1 13 160 M M 0 17 160
8 104 59 82 4 0 17 0.00 0.0 M 4.0 12 160 M M 0 14 160
9 110 64 87 9 0 22 0.00 0.0 M 5.9 12 160 M M 1 14 160
10 113 70 92 14 0 27 0.00 0.0 M 4.4 9 190 M M 1 M M
11 107 71 89 11 0 24 0.00 0.0 M 8.9 15 160 M M 0 20 160
12 98 62 80 1 0 15 0.00 0.0 M 8.6 14 170 M M 0 17 150
13 93 57 75 -4 0 10 0.00 M M 9.3 18 170 M M 0 22 170
14 94 57 76 -3 0 11 0.00 M M 8.8 16 150 M M 0 22 140
15 90 59 75 -4 0 10 0.00 0.0 M 10.2 17 140 M M 0 23 150
16 95 55 75 -4 0 10 0.00 M M 4.6 10 180 M M 0 16 130
17 99 61 80 1 0 15 0.00 0.0 M 4.7 10 150 M M 0 14 170
18 102 62 82 3 0 17 0.00 0.0 M 6.5 15 170 M M 0 19 160
19 100 69 85 6 0 20 0.00 0.0 M 10.5 17 190 M M 0 22 190
20 98 66 82 3 0 17 0.00 0.0 M 10.8 15 140 M M 0 21 170
21 97 58 78 -1 0 13 0.00 M M 5.1 12 150 M M 0 15 150
22 98 57 78 -1 0 13 0.00 M M 4.6 13 190 M M 0 15 190
23 103 56 80 1 0 15 0.00 0.0 M 4.6 13 200 M M 0 15 180
24 100 62 81 2 0 16 0.00 0.0 M 4.2 12 160 M M 0 15 160
25 101 66 84 5 0 19 0.00 0.0 M 7.9 15 150 M M 0 18 140
26 92 65 79 0 0 14 0.00 0.0 M 12.2 21 170 M M 0 18 26 130
27 92 69 81 2 0 16 T 0.0 M 7.2 21 340 M M 1 26 330
28 107 68 88 9 0 23 0.00 M M 5.6 12 160 M M 7 8 15 160
29 105 68 87 9 0 22 0.00 M M 5.7 13 180 M M 0 16 170
30 105 71 88 10 0 23 0.00 M M 7.9 15 150 M M 0 20 190
31 98 67 83 5 0 18 0.00 M M 11.1 17 160 M M 0 23 180
================================================================================
SM 3084 1939 0 504 T 0.0 229.6 M 10
================================================================================
AV 99.5 62.5 7.4 FASTST M M 0 MAX(MPH)
MISC ----> # 21 170 # 26 130
================================================================================
NOTES:
# LAST OF SEVERAL OCCURRENCES
COLUMN 17 PEAK WIND IN M.P.H.
PRELIMINARY LOCAL CLIMATOLOGICAL DATA (WS FORM: F-6) , PAGE 2
STATION: MARYSVILLE
MONTH: JULY
YEAR: 2021
LATITUDE: 39 6 N
LONGITUDE: 121-34 E
[TEMPERATURE DATA] [PRECIPITATION DATA] SYMBOLS USED IN COLUMN 16
AVERAGE MONTHLY: 81.0 TOTAL FOR MONTH: T 1 = FOG OR MIST
DPTR FM NORMAL: 2.5 DPTR FM NORMAL: -0.00 2 = FOG REDUCING VISIBILITY
HIGHEST: 113 ON 10 GRTST 24HR T ON 27-27 TO 1/4 MILE OR LESS
LOWEST: 55 ON 16 3 = THUNDER
SNOW, ICE PELLETS, HAIL 4 = ICE PELLETS
TOTAL MONTH: 0.0 INCH 5 = HAIL
GRTST 24HR 0.0 6 = FREEZING RAIN OR DRIZZLE
GRTST DEPTH: M ON M 7 = DUSTSTORM OR SANDSTORM:
VSBY 1/2 MILE OR LESS
8 = SMOKE OR HAZE
[NO. OF DAYS WITH] [WEATHER - DAYS WITH] 9 = BLOWING SNOW
X = TORNADO
MAX 32 OR BELOW: 0 0.01 INCH OR MORE: 0
MAX 90 OR ABOVE: 31 0.10 INCH OR MORE: 0
MIN 32 OR BELOW: 0 0.50 INCH OR MORE: 0
MIN 0 OR BELOW: 0 1.00 INCH OR MORE: 0
[HDD (BASE 65) ]
TOTAL THIS MO. 0 CLEAR (SCALE 0-3) 30
DPTR FM NORMAL 0 PTCLDY (SCALE 4-7) 1
TOTAL FM JUL 1 0 CLOUDY (SCALE 8-10) 0
DPTR FM NORMAL 0
[CDD (BASE 65) ]
TOTAL THIS MO. 504
DPTR FM NORMAL 87 [PRESSURE DATA]
TOTAL FM JAN 1 1098 HIGHEST SLP 30.02 ON 27
DPTR FM NORMAL 269 LOWEST SLP 29.69 ON 11
[REMARKS]
#FINAL-07-21#