000
CXHW50 PHFO 011250
CF6NGF
PRELIMINARY LOCAL CLIMATOLOGICAL DATA (WS FORM: F-6)
STATION: KANEOHE BAY MCAS HI
MONTH: DECEMBER
YEAR: 2022
LATITUDE: 21 25 N
LONGITUDE: 157 46 W
TEMPERATURE IN F: :PCPN: SNOW: WIND :SUNSHINE: SKY :PK WND
================================================================================
1 2 3 4 5 6A 6B 7 8 9 10 11 12 13 14 15 16 17 18
12Z AVG MX 2MIN
DY MAX MIN AVG DEP HDD CDD WTR SNW DPTH SPD SPD DIR MIN PSBL S-S WX SPD DR
================================================================================
1 82 75 79 3 0 14 0.03 M M 9.8 16 20 M M 6 M M
2 81 76 79 3 0 14 0.12 M M 4.7 12 80 M M 8 22 80
3 M M M M M M 0.03 M M 10.3 13 70 M M 6 22 90
4 M M M M M M 0.08 M M 8.0 14 90 M M 7 22 80
5 82 73 78 2 0 13 0.44 M M 5.0 12 140 M M 6 21 90
6 81 74 78 3 0 13 0.01 M M 5.8 13 80 M M 6 25 90
7 79 73 76 1 0 11 0.04 M M 14.3 17 80 M M 8 38 50
8 82 77 80 5 0 15 0.02 M M 15.9 22 80 M M 9 43 50
9 81 76 79 4 0 14 T M M 15.4 20 80 M M 9 36 80
10 M M M M M M 0.00 M M 13.3 17 60 M M 8 33 80
11 M M M M M M 0.04 M M 12.9 18 60 M M 6 32 100
12 81 74 78 3 0 13 0.09 M M 16.6 21 50 M M 7 31 60
13 81 76 79 4 0 14 T M M 11.9 16 60 M M 6 30 80
14 85 75 80 5 0 15 0.00 M M 8.1 13 70 M M 5 23 100
15 85 70 78 3 0 13 0.06 M M 4.7 10 200 M M 2 8 M M
16 82 74 78 3 0 13 0.20 M M 4.9 20 210 M M 8 3 28 260
17 M M M M M M 0.02 M M 3.5 13 340 M M 5 1 M M
18 M M M M M M 1.60 M M 8.4 25 250 M M 8 3 49 250
19 77 69 73 -1 0 8 0.16 M M 15.3 29 230 M M 5 3 59 260
20 79 73 76 2 0 11 T M M 10.3 18 280 M M 5 32 240
21 81 77 79 5 0 14 0.00 M M 4.7 10 30 M M 4 M M
22 82 77 80 6 0 15 0.00 M M 6.9 15 240 M M 0 M M
23 M M M M M M 0.00 M M 6.6 12 210 M M 0 M M
24 M M M M M M T M M 8.0 17 240 M M 3 23 240
25 M M M M M M 0.00 M M 5.4 10 340 M M 3 M M
26 M M M M M M 0.00 M M 4.4 9 80 M M 4 M M
27 80 77 79 5 0 14 T M M 8.9 14 70 M M 4 23 90
28 82 75 79 5 0 14 0.00 M M 6.8 13 100 M M 5 22 80
29 83 77 80 6 0 15 0.00 M M 2.8 7 40 M M 6 M M
30 M M M M M M 0.00 M M 6.1 13 80 M M 6 21 80
31 M M M M M M T M M 2.6 8 60 M M 5 1 M M
================================================================================
SM 1546 1418 0 253 2.94 M 262.2 M 170
================================================================================
AV 81.4 74.6 8.5 FASTST M M 5 MAX(MPH)
MISC ----> 29 230 59 260
================================================================================
NOTES:
# LAST OF SEVERAL OCCURRENCES
COLUMN 17 PEAK WIND IN M.P.H.
PRELIMINARY LOCAL CLIMATOLOGICAL DATA (WS FORM: F-6) , PAGE 2
STATION: KANEOHE BAY MCAS HI
MONTH: DECEMBER
YEAR: 2022
LATITUDE: 21 25 N
LONGITUDE: 157 46 W
[TEMPERATURE DATA] [PRECIPITATION DATA] SYMBOLS USED IN COLUMN 16
AVERAGE MONTHLY: 78.0 TOTAL FOR MONTH: 2.94 1 = FOG OR MIST
DPTR FM NORMAL: 3.3 DPTR FM NORMAL: -0.59 2 = FOG REDUCING VISIBILITY
HIGHEST: 85 ON 15,14 GRTST 24HR 1.60 ON 18-18 TO 1/4 MILE OR LESS
LOWEST: 69 ON 19 3 = THUNDER
SNOW, ICE PELLETS, HAIL 4 = ICE PELLETS
TOTAL MONTH: M 5 = HAIL
GRTST 24HR M ON M 6 = FREEZING RAIN OR DRIZZLE
GRTST DEPTH: M ON M 7 = DUSTSTORM OR SANDSTORM:
VSBY 1/2 MILE OR LESS
8 = SMOKE OR HAZE
[NO. OF DAYS WITH] [WEATHER - DAYS WITH] 9 = BLOWING SNOW
X = TORNADO
MAX 32 OR BELOW: 0 0.01 INCH OR MORE: 15
MAX 90 OR ABOVE: 0 0.10 INCH OR MORE: 5
MIN 32 OR BELOW: 0 0.50 INCH OR MORE: 1
MIN 0 OR BELOW: 0 1.00 INCH OR MORE: 1
[HDD (BASE 65) ]
TOTAL THIS MO. 0 CLEAR (SCALE 0-3) 4
DPTR FM NORMAL 0 PTCLDY (SCALE 4-7) 25
TOTAL FM JUL 1 0 CLOUDY (SCALE 8-10) 2
DPTR FM NORMAL 0
[CDD (BASE 65) ]
TOTAL THIS MO. 253
DPTR FM NORMAL -48 [PRESSURE DATA]
TOTAL FM JAN 1 4316 HIGHEST SLP M ON M
DPTR FM NORMAL 70 LOWEST SLP 31.99 ON 1
[REMARKS]
#FINAL-12-22#