000
CXHW50 PHFO 011250
CF6NGF
PRELIMINARY LOCAL CLIMATOLOGICAL DATA (WS FORM: F-6)
STATION: KANEOHE BAY MCAS HI
MONTH: AUGUST
YEAR: 2022
LATITUDE: 21 25 N
LONGITUDE: 157 46 W
TEMPERATURE IN F: :PCPN: SNOW: WIND :SUNSHINE: SKY :PK WND
================================================================================
1 2 3 4 5 6A 6B 7 8 9 10 11 12 13 14 15 16 17 18
12Z AVG MX 2MIN
DY MAX MIN AVG DEP HDD CDD WTR SNW DPTH SPD SPD DIR MIN PSBL S-S WX SPD DR
================================================================================
1 84 75 80 0 0 15 0.12 M M 12.3 16 50 M M 4 20 70
2 84 76 80 0 0 15 0.00 M M 10.5 13 60 M M 4 M M
3 83 76 80 0 0 15 0.16 M M 7.0 11 70 M M 3 8 M M
4 83 77 80 0 0 15 0.00 M M 5.5 9 50 M M 2 M M
5 85 75 80 0 0 15 0.10 M M 6.4 11 40 M M 6 M M
6 85 77 81 1 0 16 0.00 M M 6.2 8 80 M M 4 16 80
7 84 78 81 1 0 16 0.00 M M 8.0 12 70 M M 6 16 110
8 83 77 80 0 0 15 0.00 M M 10.0 14 60 M M 6 21 80
9 84 78 81 1 0 16 0.02 M M 10.3 15 50 M M 7 24 70
10 85 79 82 2 0 17 T M M 10.7 13 70 M M 4 20 70
11 84 78 81 1 0 16 0.01 M M 11.1 14 60 M M 5 19 70
12 85 77 81 1 0 16 0.00 M M 9.2 13 60 M M 3 17 60
13 85 77 81 1 0 16 0.00 M M 8.3 12 70 M M 7 19 70
14 84 77 81 1 0 16 0.00 M M 8.3 12 60 M M 6 19 60
15 84 77 81 1 0 16 0.02 M M 6.9 12 70 M M 3 M M
16 82 75 79 -1 0 14 0.61 M M 4.7 9 20 M M 7 18 M M
17 83 76 80 0 0 15 0.00 M M 5.4 11 60 M M 5 M M
18 83 78 81 1 0 16 T M M 7.6 11 60 M M 7 18 80
19 85 77 81 1 0 16 T M M 9.0 14 60 M M 4 18 90
20 85 79 82 2 0 17 0.00 M M 9.4 14 60 M M 5 18 60
21 86 78 82 2 0 17 0.00 M M 10.2 12 50 M M 2 17 60
22 84 77 81 1 0 16 0.05 M M 8.1 13 60 M M 7 15 110
23 82 74 78 -2 0 13 1.27 M M 5.3 11 100 M M 7 1 17 100
24 84 78 81 1 0 16 0.00 M M 5.9 10 80 M M 6 M M
25 84 76 80 0 0 15 0.00 M M 4.7 10 60 M M 6 M M
26 84 78 81 1 0 16 T M M 9.3 14 60 M M 6 24 80
27 79 78 79 -1 0 14 0.00 M M 13.0 18 70 M M 4 25 70
28 78 76 77 -3 0 12 0.00 M M 11.6 15 50 M M 4 21 90
29 83 76 80 0 0 15 T M M 9.1 14 50 M M 3 16 80
30 85 76 81 1 0 16 0.00 M M 7.6 12 50 M M 4 M M
31 84 75 80 0 0 15 0.03 M M 8.2 14 40 M M 4 M M
================================================================================
SM 2593 2381 0 478 2.39 M 259.8 M 151
================================================================================
AV 83.6 76.8 8.4 FASTST M M 5 MAX(MPH)
MISC ----> 18 70 25 70
================================================================================
NOTES:
# LAST OF SEVERAL OCCURRENCES
COLUMN 17 PEAK WIND IN M.P.H.
PRELIMINARY LOCAL CLIMATOLOGICAL DATA (WS FORM: F-6) , PAGE 2
STATION: KANEOHE BAY MCAS HI
MONTH: AUGUST
YEAR: 2022
LATITUDE: 21 25 N
LONGITUDE: 157 46 W
[TEMPERATURE DATA] [PRECIPITATION DATA] SYMBOLS USED IN COLUMN 16
AVERAGE MONTHLY: 80.2 TOTAL FOR MONTH: 2.39 1 = FOG OR MIST
DPTR FM NORMAL: 0.4 DPTR FM NORMAL: 0.97 2 = FOG REDUCING VISIBILITY
HIGHEST: 86 ON 21 GRTST 24HR 1.27 ON 23-23 TO 1/4 MILE OR LESS
LOWEST: 74 ON 23 3 = THUNDER
SNOW, ICE PELLETS, HAIL 4 = ICE PELLETS
TOTAL MONTH: M 5 = HAIL
GRTST 24HR M ON M 6 = FREEZING RAIN OR DRIZZLE
GRTST DEPTH: M ON M 7 = DUSTSTORM OR SANDSTORM:
VSBY 1/2 MILE OR LESS
8 = SMOKE OR HAZE
[NO. OF DAYS WITH] [WEATHER - DAYS WITH] 9 = BLOWING SNOW
X = TORNADO
MAX 32 OR BELOW: 0 0.01 INCH OR MORE: 10
MAX 90 OR ABOVE: 0 0.10 INCH OR MORE: 5
MIN 32 OR BELOW: 0 0.50 INCH OR MORE: 2
MIN 0 OR BELOW: 0 1.00 INCH OR MORE: 1
[HDD (BASE 65) ]
TOTAL THIS MO. 0 CLEAR (SCALE 0-3) 5
DPTR FM NORMAL 0 PTCLDY (SCALE 4-7) 26
TOTAL FM JUL 1 0 CLOUDY (SCALE 8-10) 0
DPTR FM NORMAL 0
[CDD (BASE 65) ]
TOTAL THIS MO. 478
DPTR FM NORMAL 21 [PRESSURE DATA]
TOTAL FM JAN 1 2992 HIGHEST SLP M ON M
DPTR FM NORMAL 285 LOWEST SLP 29.90 ON 3
[REMARKS]
#FINAL-08-22#