000
CXHW50 PHFO 011250
CF6NGF
PRELIMINARY LOCAL CLIMATOLOGICAL DATA (WS FORM: F-6)
STATION: KANEOHE BAY MCAS HI
MONTH: MAY
YEAR: 2021
LATITUDE: 21 25 N
LONGITUDE: 157 46 W
TEMPERATURE IN F: :PCPN: SNOW: WIND :SUNSHINE: SKY :PK WND
================================================================================
1 2 3 4 5 6A 6B 7 8 9 10 11 12 13 14 15 16 17 18
12Z AVG MX 2MIN
DY MAX MIN AVG DEP HDD CDD WTR SNW DPTH SPD SPD DIR MIN PSBL S-S WX SPD DR
================================================================================
1 76 73 75 -1 0 10 0.01 M M 10.4 15 90 M M 8 24 90
2 81 73 77 1 0 12 T M M 10.0 13 80 M M 6 19 90
3 79 73 76 0 0 11 0.00 M M 8.7 11 50 M M 6 16 80
4 78 73 76 0 0 11 0.04 M M 8.1 10 70 M M 4 16 90
5 74 74 74 -2 0 9 0.01 M M 11.3 12 70 M M 5 16 70
6 77 71 74 -2 0 9 0.77 M M 8.0 16 50 M M 5 1 20 50
7 78 71 75 -1 0 10 0.07 M M 6.6 12 70 M M 8 1 20 80
8 78 73 76 0 0 11 T M M 10.3 12 80 M M 7 17 80
9 78 73 76 0 0 11 0.13 M M 9.0 13 80 M M 6 1 18 80
10 79 73 76 0 0 11 0.00 M M 10.5 14 80 M M 6 20 70
11 M M M M M M T M M 8.2 9 90 M M 5 16 90
12 77 75 76 0 0 11 0.00 M M 12.2 16 70 M M 5 21 70
13 74 73 74 -2 0 9 0.20 M M 11.3 11 60 M M 5 1 21 60
14 79 72 76 0 0 11 0.01 M M 13.4 17 50 M M 4 25 60
15 77 77 77 1 0 12 T M M 13.9 14 60 M M 4 18 60
16 79 72 76 0 0 11 0.04 M M 14.3 18 60 M M 6 30 90
17 75 72 74 -2 0 9 0.02 M M 12.2 13 60 M M 5 19 70
18 75 73 74 -3 0 9 0.02 M M 11.7 12 80 M M 5 1 19 80
19 79 74 77 0 0 12 0.00 M M 12.4 17 70 M M 5 23 70
20 78 74 76 -1 0 11 T M M 9.8 12 80 M M 7 25 80
21 79 73 76 -1 0 11 0.00 M M 11.7 14 60 M M 7 21 60
22 79 73 76 -1 0 11 0.00 M M 9.4 13 80 M M 8 17 80
23 79 74 77 0 0 12 T M M 7.2 10 110 M M 8 18 90
24 79 73 76 -1 0 11 T M M 4.5 8 40 M M 6 M M
25 80 73 77 0 0 12 0.00 M M 3.8 10 50 M M 5 M M
26 81 76 79 2 0 14 0.01 M M 7.4 9 70 M M 5 M M
27 84 75 80 3 0 15 0.00 M M 8.0 10 60 M M 5 20 100
28 73 73 73 -4 0 8 0.00 M M 7.6 10 100 M M 4 M M
29 79 79 79 2 0 14 0.00 M M 6.8 9 120 M M 3 18 100
30 73 73 73 -4 0 8 0.09 M M 4.3 4 40 M M 4 1 M M
31 83 83 83 6 0 18 0.00 M M 4.3 9 50 M M 3 M M
================================================================================
SM 2340 2214 0 334 1.42 M 287.3 M 170
================================================================================
AV 78.0 73.8 9.3 FASTST M M 5 MAX(MPH)
MISC ----> 18 60 30 90
================================================================================
NOTES:
# LAST OF SEVERAL OCCURRENCES
COLUMN 17 PEAK WIND IN M.P.H.
PRELIMINARY LOCAL CLIMATOLOGICAL DATA (WS FORM: F-6) , PAGE 2
STATION: KANEOHE BAY MCAS HI
MONTH: MAY
YEAR: 2021
LATITUDE: 21 25 N
LONGITUDE: 157 46 W
[TEMPERATURE DATA] [PRECIPITATION DATA] SYMBOLS USED IN COLUMN 16
AVERAGE MONTHLY: 75.9 TOTAL FOR MONTH: 1.42 1 = FOG OR MIST
DPTR FM NORMAL: -0.6 DPTR FM NORMAL: 0.10 2 = FOG REDUCING VISIBILITY
HIGHEST: 84 ON 27 GRTST 24HR 0.77 ON 6- 6 TO 1/4 MILE OR LESS
LOWEST: 71 ON 7, 6 3 = THUNDER
SNOW, ICE PELLETS, HAIL 4 = ICE PELLETS
TOTAL MONTH: M 5 = HAIL
GRTST 24HR M ON M 6 = FREEZING RAIN OR DRIZZLE
GRTST DEPTH: M ON M 7 = DUSTSTORM OR SANDSTORM:
VSBY 1/2 MILE OR LESS
8 = SMOKE OR HAZE
[NO. OF DAYS WITH] [WEATHER - DAYS WITH] 9 = BLOWING SNOW
X = TORNADO
MAX 32 OR BELOW: 0 0.01 INCH OR MORE: 13
MAX 90 OR ABOVE: 0 0.10 INCH OR MORE: 3
MIN 32 OR BELOW: 0 0.50 INCH OR MORE: 1
MIN 0 OR BELOW: 0 1.00 INCH OR MORE: 0
[HDD (BASE 65) ]
TOTAL THIS MO. 0 CLEAR (SCALE 0-3) 1
DPTR FM NORMAL 0 PTCLDY (SCALE 4-7) 29
TOTAL FM JUL 1 0 CLOUDY (SCALE 8-10) 1
DPTR FM NORMAL 0
[CDD (BASE 65) ]
TOTAL THIS MO. 334
DPTR FM NORMAL -22 [PRESSURE DATA]
TOTAL FM JAN 1 1414 HIGHEST SLP M ON M
DPTR FM NORMAL -6 LOWEST SLP 29.95 ON 23
[REMARKS]
#FINAL-05-21#