000
CXHW52 PHFO 011250
CF6OGG
PRELIMINARY LOCAL CLIMATOLOGICAL DATA (WS FORM: F-6)
STATION: KAHULUI HI
MONTH: JANUARY
YEAR: 2023
LATITUDE: 20 53 N
LONGITUDE: 156 26 W
TEMPERATURE IN F: :PCPN: SNOW: WIND :SUNSHINE: SKY :PK WND
================================================================================
1 2 3 4 5 6A 6B 7 8 9 10 11 12 13 14 15 16 17 18
12Z AVG MX 2MIN
DY MAX MIN AVG DEP HDD CDD WTR SNW DPTH SPD SPD DIR MIN PSBL S-S WX SPD DR
================================================================================
1 83 60 72 -1 0 7 0.00 M M 7.8 20 30 M M 3 18 24 20
2 83 64 74 1 0 9 0.00 M M 6.1 21 40 M M 4 18 25 50
3 79 65 72 -1 0 7 0.04 M M 8.4 18 50 M M 6 18 22 50
4 81 65 73 0 0 8 T M M 8.1 21 50 M M 5 8 24 40
5 81 65 73 0 0 8 0.00 M M 7.9 17 30 M M 3 21 10
6 83 63 73 0 0 8 0.00 M M 10.5 24 30 M M 3 28 40
7 84 62 73 0 0 8 0.00 M M 7.1 22 30 M M 1 27 40
8 82 62 72 -1 0 7 0.00 M M 7.8 20 30 M M 5 24 20
9 83 58 71 -2 0 6 0.00 M M 6.9 20 30 M M 4 23 20
10 81 64 73 0 0 8 0.00 M M 6.3 15 350 M M 4 21 360
11 81 63 72 -1 0 7 0.00 M M 10.0 21 20 M M 3 8 26 30
12 81 58 70 -3 0 5 0.00 M M 7.5 20 30 M M 2 18 23 40
13 82 56 69 -4 0 4 0.00 M M 5.2 17 40 M M 3 23 40
14 84 58 71 -2 0 6 0.00 M M 6.5 16 30 M M 2 20 70
15 86 62 74 1 0 9 0.00 M M 6.5 18 60 M M 3 24 60
16 82 62 72 -1 0 7 0.00 M M 4.5 13 200 M M 4 16 310
17 83 61 72 -1 0 7 0.00 M M 4.6 13 40 M M 2 20 330
18 87 61 74 1 0 9 0.00 M M 6.2 13 360 M M 1 17 360
19 84 61 73 0 0 8 0.00 M M 5.0 15 200 M M 2 16 350
20 84 62 73 0 0 8 0.00 M M 5.4 18 30 M M 2 22 30
21 84 60 72 -1 0 7 0.00 M M 5.7 14 40 M M 1 17 40
22 84 60 72 -1 0 7 0.00 M M 8.6 22 50 M M 2 8 28 60
23 84 61 73 0 0 8 0.00 M M 5.7 15 50 M M 3 8 18 30
24 84 62 73 0 0 8 0.02 M M 5.1 12 10 M M 3 17 360
25 83 63 73 0 0 8 0.11 M M 7.6 20 40 M M 3 18 23 10
26 75 M M M M M 0.50 M M 10.4 18 20 M M 6 18 32 320
27 73 66 70 -3 0 5 1.45 M M 14.2 21 10 M M 7 28 20
28 76 67 72 -1 0 7 1.52 M M 10.4 21 30 M M 9 1 24 30
29 75 66 71 -2 0 6 1.11 M M 10.4 17 10 M M 6 1 24 50
30 74 65 70 -3 0 5 0.06 M M 6.8 15 160 M M 7 1 21 160
31 83 64 74 1 0 9 0.00 M M 4.7 14 360 M M 2 1 18 10
================================================================================
SM 2529 1866 0 216 4.81 M 227.9 M 111
================================================================================
AV 81.6 62.2 7.4 FASTST M M 4 MAX(MPH)
MISC ----> 24 30 32 320
================================================================================
NOTES:
# LAST OF SEVERAL OCCURRENCES
COLUMN 17 PEAK WIND IN M.P.H.
PRELIMINARY LOCAL CLIMATOLOGICAL DATA (WS FORM: F-6) , PAGE 2
STATION: KAHULUI HI
MONTH: JANUARY
YEAR: 2023
LATITUDE: 20 53 N
LONGITUDE: 156 26 W
[TEMPERATURE DATA] [PRECIPITATION DATA] SYMBOLS USED IN COLUMN 16
AVERAGE MONTHLY: 71.9 TOTAL FOR MONTH: 4.81 1 = FOG OR MIST
DPTR FM NORMAL: -1.0 DPTR FM NORMAL: 2.39 2 = FOG REDUCING VISIBILITY
HIGHEST: 87 ON 18 GRTST 24HR 1.52 ON 28-28 TO 1/4 MILE OR LESS
LOWEST: 56 ON 13 3 = THUNDER
SNOW, ICE PELLETS, HAIL 4 = ICE PELLETS
TOTAL MONTH: M 5 = HAIL
GRTST 24HR M ON M 6 = FREEZING RAIN OR DRIZZLE
GRTST DEPTH: M ON M 7 = DUSTSTORM OR SANDSTORM:
VSBY 1/2 MILE OR LESS
8 = SMOKE OR HAZE
[NO. OF DAYS WITH] [WEATHER - DAYS WITH] 9 = BLOWING SNOW
X = TORNADO
MAX 32 OR BELOW: 0 0.01 INCH OR MORE: 8
MAX 90 OR ABOVE: 0 0.10 INCH OR MORE: 5
MIN 32 OR BELOW: 0 0.50 INCH OR MORE: 4
MIN 0 OR BELOW: 0 1.00 INCH OR MORE: 3
[HDD (BASE 65) ]
TOTAL THIS MO. 0 CLEAR (SCALE 0-3) 17
DPTR FM NORMAL 0 PTCLDY (SCALE 4-7) 13
TOTAL FM JUL 1 0 CLOUDY (SCALE 8-10) 1
DPTR FM NORMAL 0
[CDD (BASE 65) ]
TOTAL THIS MO. 216
DPTR FM NORMAL -29 [PRESSURE DATA]
TOTAL FM JAN 1 216 HIGHEST SLP 30.09 ON 28
DPTR FM NORMAL -29 LOWEST SLP 29.84 ON 30
[REMARKS]
#FINAL-01-23#