000
CXUS53 KEAX 011608
CLSOJC
CLIMATE REPORT
NATIONAL WEATHER SERVICE KANSAS CITY/PLEASANT HILL MO
1103 AM CDT FRI SEP 01 2023
...................................
...THE JOHNSON COUNTY EXECUTIVE KS CLIMATE SUMMARY FOR THE SEASON, FROM
6/1/2023 TO 8/31/2023...
CLIMATE NORMAL PERIOD: 1991 TO 2020
CLIMATE RECORD PERIOD: 9999 TO 9999
WEATHER OBSERVED NORMAL DEPART LAST YEAR`S
VALUE DATE(S) VALUE FROM VALUE DATE(S)
NORMAL
................................................................
TEMPERATURE (F)
HIGHEST 105 08/25 98 7 101 07/11
07/23
LOWEST 52 06/13 52 0 55 06/01
06/02
06/03
AVG. MAXIMUM 88.9 85.8 3.1 89.2
AVG. MINIMUM 68.0 67.0 1.0 68.9
MEAN 78.5 76.4 2.1 79.0
DAYS MAX >= 90 41 29.6 11.4 47
DAYS MAX <= 32 0 0.0 0.0 0
DAYS MIN <= 32 0 0.0 0.0 0
DAYS MIN <= 0 0 0.0 0.0 0
PRECIPITATION (INCHES)
TOTALS 7.40R 13.75 -6.35 7.86
DAILY AVG. 0.08 0.15 -0.07 0.08
DAYS >= .01 24 28.9 -4.9 26
DAYS >= .10 17 17.8 -0.8 16
DAYS >= .50 6 8.7 -2.7 4
DAYS >= 1.00 2 4.9 -2.9 1
GREATEST
24 HR. TOTAL 1.05 08/13 TO 08/13
DEGREE DAYS
HEATING TOTAL 0 8 -8 2
COOLING TOTAL 1269 1060 209 1319
................................................................
WIND (MPH)
AVERAGE WIND SPEED 6.3
HIGHEST WIND SPEED/DIRECTION 87/360 DATE 08/15
HIGHEST GUST SPEED/DIRECTION 87/360 DATE 08/15
SKY COVER
POSSIBLE SUNSHINE (PERCENT) MM
AVERAGE SKY COVER 0.18
NUMBER OF DAYS FAIR 75
NUMBER OF DAYS PC 15
NUMBER OF DAYS CLOUDY 2
AVERAGE RH (PERCENT) 66
WEATHER CONDITIONS. NUMBER OF DAYS WITH
THUNDERSTORM 28 MIXED PRECIP 0
HEAVY RAIN 12 RAIN 14
LIGHT RAIN 25 FREEZING RAIN 0
LT FREEZING RAIN 0 HAIL 0
HEAVY SNOW 0 SNOW 0
LIGHT SNOW 0 SLEET 0
FOG 26 FOG W/VIS <= 1/4 MILE 1
HAZE 6
- INDICATES NEGATIVE NUMBERS.
R INDICATES RECORD WAS SET OR TIED.
MM INDICATES DATA IS MISSING.
T INDICATES TRACE AMOUNT.
$$