000
CXUS56 KSGX 011912
CLMOKB
CLIMATE REPORT
NATIONAL WEATHER SERVICE SAN DIEGO, CA
1112 AM PST FRI DEC 01 2023
...................................
...THE OCEANSIDE AIRPORT CA CLIMATE SUMMARY FOR THE MONTH OF NOVEMBER 2023...
CLIMATE NORMAL PERIOD: 1991 TO 2020
CLIMATE RECORD PERIOD: 1999 TO 2023
WEATHER OBSERVED NORMAL DEPART LAST YEAR`S
VALUE DATE(S) VALUE FROM VALUE DATE(S)
NORMAL
................................................................
TEMPERATURE (F)
RECORD
HIGH 98 11/09/2016
LOW 28 11/27/2010
HIGHEST 85 11/01 MM MM 83 11/24
LOWEST 35 11/10 MM MM 33 11/23
11/11
AVG. MAXIMUM 75.4 70.9 4.5 69.9
AVG. MINIMUM 43.9 43.8 0.1 41.7
MEAN 59.7 57.4 2.3 55.8
DAYS MAX >= 90 0 0.5 -0.5 0
DAYS MAX <= 32 0 0.0 0.0 0
DAYS MAX >= 45 30 30
DAYS MIN <= 32 0 0.3 -0.3 0
PRECIPITATION (INCHES)
RECORD
MAXIMUM 3.27 2019
MINIMUM MM MM
TOTALS 1.59 0.79 0.80 T
DAILY AVG. 0.05 0.03 0.02 0.06
DAYS >= .01 6 5.8 0.2 0
DAYS >= .10 2 2.0 0.0 0
DAYS >= .50 1 0.5 0.5 0
DAYS >= 1.00 1 0.1 0.9 0
DAYS >= %-5.2F 0 0
DAYS >= %-5.2F 0 0
GREATEST
24 HR. TOTAL 1.23 11/15 TO 11/16 T 11/13 TO 11/13
STORM TOTAL 1.22 1.10
(MM/DD(HH)) MM
DEGREE DAYS
HEATING TOTAL 155 234 -79 271
SINCE 7/1 182 324 -142 MM
COOLING TOTAL 1 5 -4 0
SINCE 1/1 571 509 62 MM
FREEZE DATES
RECORD
EARLIEST MM
LATEST MM
EARLIEST 12/26
LATEST 01/23
................................................................
WIND (MPH)
AVERAGE WIND SPEED 3.5
RESULTANT WIND SPEED/DIRECTION 1/280
HIGHEST WIND SPEED/DIRECTION 21/300 DATE 11/08
HIGHEST GUST SPEED/DIRECTION 28/290 DATE 11/08
SKY COVER
POSSIBLE SUNSHINE (PERCENT) MM
AVERAGE SKY COVER 0.20
NUMBER OF DAYS FAIR 22
NUMBER OF DAYS PC 7
NUMBER OF DAYS CLOUDY 1
AVERAGE RH (PERCENT) 62
WEATHER CONDITIONS. NUMBER OF DAYS WITH
THUNDERSTORM 1 MIXED PRECIP 0
HEAVY RAIN 2 RAIN 3
LIGHT RAIN 5 FREEZING RAIN 0
LT FREEZING RAIN 0 HAIL 0
HEAVY SNOW 0 SNOW 0
LIGHT SNOW 0 SLEET 0
FOG 8 FOG W/VIS <= 1/4 MILE 1
HAZE 2
- INDICATES NEGATIVE NUMBERS.
R INDICATES RECORD WAS SET OR TIED.
MM INDICATES DATA IS MISSING.
T INDICATES TRACE AMOUNT.
$$