000
CXUS54 KOUN 010810
CF6OKC
PRELIMINARY LOCAL CLIMATOLOGICAL DATA (WS FORM: F-6)
STATION: OKLAHOMA CITY
MONTH: MARCH
YEAR: 2023
LATITUDE: 35 24 N
LONGITUDE: 97 36 W
TEMPERATURE IN F: :PCPN: SNOW: WIND :SUNSHINE: SKY :PK WND
================================================================================
1 2 3 4 5 6A 6B 7 8 9 10 11 12 13 14 15 16 17 18
12Z AVG MX 2MIN
DY MAX MIN AVG DEP HDD CDD WTR SNW DPTH SPD SPD DIR MIN PSBL S-S WX SPD DR
================================================================================
1 63 44 54 8 11 0 0.00 0.0 0 12.0 28 340 M M 7 32 340
2 54 42 48 1 17 0 0.20 0.0 0 12.4 26 60 M M 8 13 32 60
3 61 39 50 3 15 0 0.00 0.0 0 14.3 30 320 M M 4 34 320
4 68 36 52 5 13 0 0.00 0.0 0 8.4 15 160 M M 2 19 150
5 78 43 61 13 4 0 0.00 0.0 0 17.1 32 200 M M 5 38 200
6 68 48 58 10 7 0 0.00 0.0 0 9.7 18 210 M M 6 25 180
7 54 41 48 0 17 0 0.57 0.0 0 12.6 21 340 M M 9 13 24 340
8 52 42 47 -2 18 0 T 0.0 0 11.5 23 340 M M 10 1 27 340
9 52 43 48 -1 17 0 0.30 0.0 0 9.6 14 350 M M 10 1 M M
10 58 36 47 -2 18 0 0.00 0.0 0 8.8 14 150 M M 6 M M
11 80 46 63 13 2 0 0.00 0.0 0 20.5 28 10 M M 8 1 37 10
12 50 39 45 -5 20 0 0.00 0.0 0 14.0 24 30 M M 8 29 10
13 43 33 38 -12 27 0 0.00 0.0 0 10.3 16 30 M M 8 M M
14 53 31 42 -9 23 0 T 0.0 0 8.3 15 160 M M 5 M M
15 68 36 52 1 13 0 0.00 0.0 0 18.9 28 170 M M 6 44 180
16 63 36 50 -1 15 0 1.31 0.0 0 25.4 39 350 M M 9 13 49 340
17 49 30 40 -12 25 0 0.00 0.0 0 11.9 33 360 M M 2 42 350
18 46 30 38 -14 27 0 0.00 0.0 0 14.2 25 320 M M 2 30 360
19 49 24 37 -15 28 0 0.00 0.0 0 7.5 18 160 M M 0 24 180
20 56 32 44 -9 21 0 0.00 0.0 0 20.6 37 200 M M 7 45 190
21 71 44 58 5 7 0 0.09 0.0 0 18.7 28 190 M M 8 1 34 180
22 80 60 70 17 0 5 0.00 0.0 0 17.4 26 200 M M 7 32 200
23 68 48 58 4 7 0 0.48 0.0 0 13.5 24 200 M M 9 138 30 200
24 54 40 47 -7 18 0 0.00 0.0 0 9.3 20 60 M M 8 1 24 20
25 67 37 52 -2 13 0 0.00 0.0 0 9.1 30 340 M M 3 12 37 340
26 61 38 50 -4 15 0 0.00 0.0 0 12.9 23 30 M M 2 30 40
27 58 34 46 -9 19 0 0.00 0.0 0 10.7 28 350 M M 3 36 340
28 55 35 45 -10 20 0 0.00 0.0 0 10.4 30 350 M M 4 18 36 350
29 66 34 50 -5 15 0 0.00 0.0 0 10.3 22 200 M M 3 26 160
30 69 47 58 3 7 0 0.02 0.0 0 18.2 29 190 M M 8 13 37 180
31 76 54 65 9 0 0 0.00 0.0 0 21.9 47 250 M M 5 78 58 260
================================================================================
SM 1890 1222 459 5 2.97 0.0 420.4 M 182
================================================================================
AV 61.0 39.4 13.6 FASTST M M 6 MAX(MPH)
MISC ----> 47 250 58 260
================================================================================
NOTES:
# LAST OF SEVERAL OCCURRENCES
COLUMN 17 PEAK WIND IN M.P.H.
PRELIMINARY LOCAL CLIMATOLOGICAL DATA (WS FORM: F-6) , PAGE 2
STATION: OKLAHOMA CITY
MONTH: MARCH
YEAR: 2023
LATITUDE: 35 24 N
LONGITUDE: 97 36 W
[TEMPERATURE DATA] [PRECIPITATION DATA] SYMBOLS USED IN COLUMN 16
AVERAGE MONTHLY: 50.2 TOTAL FOR MONTH: 2.97 1 = FOG OR MIST
DPTR FM NORMAL: -1.0 DPTR FM NORMAL: 0.42 2 = FOG REDUCING VISIBILITY
HIGHEST: 80 ON 22,11 GRTST 24HR 1.31 ON 16-17 TO 1/4 MILE OR LESS
LOWEST: 24 ON 19 3 = THUNDER
SNOW, ICE PELLETS, HAIL 4 = ICE PELLETS
TOTAL MONTH: 0.0 INCH 5 = HAIL
GRTST 24HR 0.0 6 = FREEZING RAIN OR DRIZZLE
GRTST DEPTH: 0 7 = DUSTSTORM OR SANDSTORM:
VSBY 1/2 MILE OR LESS
8 = SMOKE OR HAZE
[NO. OF DAYS WITH] [WEATHER - DAYS WITH] 9 = BLOWING SNOW
X = TORNADO
MAX 32 OR BELOW: 0 0.01 INCH OR MORE: 7
MAX 90 OR ABOVE: 0 0.10 INCH OR MORE: 5
MIN 32 OR BELOW: 5 0.50 INCH OR MORE: 2
MIN 0 OR BELOW: 0 1.00 INCH OR MORE: 1
[HDD (BASE 65) ]
TOTAL THIS MO. 459 CLEAR (SCALE 0-3) 6
DPTR FM NORMAL 22 PTCLDY (SCALE 4-7) 17
TOTAL FM JUL 1 3180 CLOUDY (SCALE 8-10) 8
DPTR FM NORMAL -176
[CDD (BASE 65) ]
TOTAL THIS MO. 5
DPTR FM NORMAL -4 [PRESSURE DATA]
TOTAL FM JAN 1 5 HIGHEST SLP M ON M
DPTR FM NORMAL -5 LOWEST SLP 29.49 ON 2
[REMARKS]
#FINAL-03-23#