000
CXUS55 KGGW 010910
CF6OLF
PRELIMINARY LOCAL CLIMATOLOGICAL DATA (WS FORM: F-6)
STATION: WOLF POINT MT
MONTH: FEBRUARY
YEAR: 2023
LATITUDE: 48 5 N
LONGITUDE: 105 35 W
TEMPERATURE IN F: :PCPN: SNOW: WIND :SUNSHINE: SKY :PK WND
================================================================================
1 2 3 4 5 6A 6B 7 8 9 10 11 12 13 14 15 16 17 18
12Z AVG MX 2MIN
DY MAX MIN AVG DEP HDD CDD WTR SNW DPTH SPD SPD DIR MIN PSBL S-S WX SPD DR
================================================================================
1 22 -6 8 -6 57 0 T M M 4.8 23 10 M M 2 30 360
2 6 -8 -1 -16 66 0 0.00 M M 8.8 20 20 M M 5 23 20
3 23 -3 10 -5 55 0 0.00 M M 5.0 10 240 M M 0 13 260
4 40 14 27 12 38 0 0.00 M M 11.7 22 270 M M 2 30 280
5 38 10 24 9 41 0 0.00 M M 4.2 10 80 M M 2 128 12 90
6 36 19 28 13 37 0 0.00 M M 10.1 22 290 M M 1 30 300
7 40 19 30 14 35 0 0.00 M M 7.7 15 260 M M 0 20 240
8 39 20 30 14 35 0 T M M 12.6 30 350 M M 4 1 45 350
9 36 9 23 7 42 0 0.00 M M 6.4 22 360 M M 1 30 350
10 39 14 27 11 38 0 0.00 M M 5.3 15 290 M M 0 16 300
11 37 15 26 10 39 0 0.00 M M 5.2 14 270 M M 0 1 17 280
12 36 13 25 8 40 0 0.00 M M 6.6 22 260 M M 0 18 28 260
13 42 21 32 15 33 0 0.00 M M 4.6 14 20 M M 1 17 20
14 36 6 21 4 44 0 T M M 14.8 25 350 M M 7 8 35 350
15 30 2 16 -2 49 0 0.00 M M 6.1 14 240 M M 2 19 250
16 30 10 20 2 45 0 0.00 M M 5.0 12 60 M M 5 1 15 60
17 39 17 28 10 37 0 0.00 M M 8.1 18 260 M M 3 27 260
18 36 20 28 9 37 0 T M M 5.9 15 260 M M 8 1 20 280
19 38 17 28 9 37 0 T M M 6.3 17 310 M M 8 24 320
20 32 17 25 6 40 0 0.00 M M 10.0 23 340 M M 4 31 330
21 18 -9 5 -15 60 0 T M M 16.8 30 40 M M 7 1 37 50
22 -3 -10 -6 -26 71 0 T M M 9.8 17 70 M M 7 22 60
23 -3 -22 -12 -32 77 0 T M M 6.0 15 60 M M 7 8 18 50
24 1 -24 -11 -32 76 0 0.00 M M 5.1 13 180 M M 1 16 190
25 16 -19 -1 -22 66 0 0.00 M M 6.4 13 250 M M 0 16 250
26 37 -2 18 -4 47 0 0.00 0.0 M 3.5 12 240 M M 1 13 240
27 34 3 19 -3 46 0 0.00 M M 10.5 25 270 M M 3 35 260
28 25 2 14 -9 51 0 T M M 16.2 28 70 M M 8 128 46 50
================================================================================
SM 800 145 1339 0 T 0.0 223.5 M 89
================================================================================
AV 28.6 5.2 8.0 FASTST M M 3 MAX(MPH)
MISC ----> # 30 350 46 50
================================================================================
NOTES:
# LAST OF SEVERAL OCCURRENCES
COLUMN 17 PEAK WIND IN M.P.H.
PRELIMINARY LOCAL CLIMATOLOGICAL DATA (WS FORM: F-6) , PAGE 2
STATION: WOLF POINT MT
MONTH: FEBRUARY
YEAR: 2023
LATITUDE: 48 5 N
LONGITUDE: 105 35 W
[TEMPERATURE DATA] [PRECIPITATION DATA] SYMBOLS USED IN COLUMN 16
AVERAGE MONTHLY: 16.9 TOTAL FOR MONTH: T 1 = FOG OR MIST
DPTR FM NORMAL: -1.0 DPTR FM NORMAL: -0.15 2 = FOG REDUCING VISIBILITY
HIGHEST: 42 ON 13 GRTST 24HR T ON 1- 1 TO 1/4 MILE OR LESS
LOWEST: -24 ON 24 3 = THUNDER
SNOW, ICE PELLETS, HAIL 4 = ICE PELLETS
TOTAL MONTH: 0.0 INCH 5 = HAIL
GRTST 24HR 0.0 6 = FREEZING RAIN OR DRIZZLE
GRTST DEPTH: M ON M 7 = DUSTSTORM OR SANDSTORM:
VSBY 1/2 MILE OR LESS
8 = SMOKE OR HAZE
[NO. OF DAYS WITH] [WEATHER - DAYS WITH] 9 = BLOWING SNOW
X = TORNADO
MAX 32 OR BELOW: 12 0.01 INCH OR MORE: 0
MAX 90 OR ABOVE: 0 0.10 INCH OR MORE: 0
MIN 32 OR BELOW: 28 0.50 INCH OR MORE: 0
MIN 0 OR BELOW: 9 1.00 INCH OR MORE: 0
[HDD (BASE 65) ]
TOTAL THIS MO. 1339 CLEAR (SCALE 0-3) 17
DPTR FM NORMAL 19 PTCLDY (SCALE 4-7) 11
TOTAL FM JUL 1 6583 CLOUDY (SCALE 8-10) 0
DPTR FM NORMAL 186
[CDD (BASE 65) ]
TOTAL THIS MO. 0
DPTR FM NORMAL 0 [PRESSURE DATA]
TOTAL FM JAN 1 0 HIGHEST SLP M ON M
DPTR FM NORMAL 0 LOWEST SLP 29.36 ON 13
[REMARKS]
#FINAL-02-23#