000
CXUS55 KGGW 010910
CF6OLF
PRELIMINARY LOCAL CLIMATOLOGICAL DATA (WS FORM: F-6)
STATION: WOLF POINT MT
MONTH: NOVEMBER
YEAR: 2021
LATITUDE: 48 5 N
LONGITUDE: 105 35 W
TEMPERATURE IN F: :PCPN: SNOW: WIND :SUNSHINE: SKY :PK WND
================================================================================
1 2 3 4 5 6A 6B 7 8 9 10 11 12 13 14 15 16 17 18
12Z AVG MX 2MIN
DY MAX MIN AVG DEP HDD CDD WTR SNW DPTH SPD SPD DIR MIN PSBL S-S WX SPD DR
================================================================================
1 41 17 29 -7 36 0 0.00 M M 5.6 13 250 M M 0 17 240
2 50 11 31 -5 34 0 0.00 M M 5.2 10 210 M M 0 14 90
3 58 17 38 3 27 0 0.00 M M 5.1 17 270 M M 0 23 280
4 70 25 48 14 17 0 0.00 M M 2.3 12 200 M M 0 15 200
5 65 28 47 13 18 0 0.00 M M 11.3 33 290 M M 0 44 290
6 63 24 44 11 21 0 0.00 M M 3.7 10 250 M M 1 14 230
7 54 23 39 6 26 0 T M M 7.1 26 280 M M 4 35 260
8 54 15 35 3 30 0 0.00 M M 5.5 18 250 M M 0 31 250
9 55 16 36 4 29 0 T M M 7.3 18 110 M M 3 27 130
10 53 31 42 11 23 0 0.01 M M 15.1 33 290 M M 2 1 43 290
11 34 27 31 0 34 0 0.00 M M 20.6 35 320 M M 8 52 300
12 34 17 26 -4 39 0 0.00 M M 6.2 14 310 M M 6 17 310
13 44 28 36 6 29 0 0.01 M M 11.4 29 300 M M 5 47 320
14 44 28 36 6 29 0 0.11 M M 4.4 14 270 M M 8 1 17 260
15 53 37 45 16 20 0 T M M 3.6 12 60 M M 5 12 13 70
16 57 29 43 15 22 0 0.00 M M 30.0 48 280 M M 4 8 67 270
17 34 16 25 -3 40 0 0.00 M M 20.7 38 300 M M 2 53 300
18 39 9 24 -4 41 0 0.00 M M 4.8 10 130 M M 1 17 140
19 46 24 35 8 30 0 0.00 M M 5.3 13 240 M M 6 8 16 250
20 50 13 32 5 33 0 0.00 M M 9.3 22 320 M M 0 28 320
21 31 19 25 -1 40 0 0.00 M M 4.1 15 320 M M 4 23 320
22 48 19 34 8 31 0 0.00 M M 3.2 9 280 M M 0 8 12 250
23 51 21 36 11 29 0 T M M 9.7 31 10 M M 1 18 49 350
24 27 4 16 -9 49 0 T M M 7.0 28 350 M M 4 8 39 350
25 41 5 23 -1 42 0 0.00 M M 4.9 14 240 M M 2 19 250
26 57 26 42 18 23 0 0.00 M M 9.2 26 270 M M 1 37 270
27 44 22 33 9 32 0 0.00 M M 3.9 15 360 M M 5 20 360
28 54 22 38 15 27 0 0.00 M M 4.8 13 240 M M 2 15 240
29 52 20 36 13 29 0 0.00 M M 6.2 15 250 M M 1 12 19 260
30 43 18 31 9 34 0 0.00 M M 2.4 10 230 M M 3 12 11 220
================================================================================
SM 1446 611 914 0 0.13 M 239.9 M 78
================================================================================
AV 48.2 20.4 8.0 FASTST M M 3 MAX(MPH)
MISC ----> 48 280 67 270
================================================================================
NOTES:
# LAST OF SEVERAL OCCURRENCES
COLUMN 17 PEAK WIND IN M.P.H.
PRELIMINARY LOCAL CLIMATOLOGICAL DATA (WS FORM: F-6) , PAGE 2
STATION: WOLF POINT MT
MONTH: NOVEMBER
YEAR: 2021
LATITUDE: 48 5 N
LONGITUDE: 105 35 W
[TEMPERATURE DATA] [PRECIPITATION DATA] SYMBOLS USED IN COLUMN 16
AVERAGE MONTHLY: 34.3 TOTAL FOR MONTH: 0.13 1 = FOG OR MIST
DPTR FM NORMAL: 5.4 DPTR FM NORMAL: -0.13 2 = FOG REDUCING VISIBILITY
HIGHEST: 70 ON 4 GRTST 24HR 0.11 ON 14-14 TO 1/4 MILE OR LESS
LOWEST: 4 ON 24 3 = THUNDER
SNOW, ICE PELLETS, HAIL 4 = ICE PELLETS
TOTAL MONTH: M 5 = HAIL
GRTST 24HR M ON M 6 = FREEZING RAIN OR DRIZZLE
GRTST DEPTH: M ON M 7 = DUSTSTORM OR SANDSTORM:
VSBY 1/2 MILE OR LESS
8 = SMOKE OR HAZE
[NO. OF DAYS WITH] [WEATHER - DAYS WITH] 9 = BLOWING SNOW
X = TORNADO
MAX 32 OR BELOW: 2 0.01 INCH OR MORE: 3
MAX 90 OR ABOVE: 0 0.10 INCH OR MORE: 1
MIN 32 OR BELOW: 29 0.50 INCH OR MORE: 0
MIN 0 OR BELOW: 0 1.00 INCH OR MORE: 0
[HDD (BASE 65) ]
TOTAL THIS MO. 914 CLEAR (SCALE 0-3) 19
DPTR FM NORMAL -169 PTCLDY (SCALE 4-7) 11
TOTAL FM JUL 1 1615 CLOUDY (SCALE 8-10) 0
DPTR FM NORMAL -382
[CDD (BASE 65) ]
TOTAL THIS MO. 0
DPTR FM NORMAL 0 [PRESSURE DATA]
TOTAL FM JAN 1 749 HIGHEST SLP M ON M
DPTR FM NORMAL 241 LOWEST SLP 29.27 ON 16
[REMARKS]
#FINAL-11-21#