000
CXUS55 KTWC 010855
CF6OLS
PRELIMINARY LOCAL CLIMATOLOGICAL DATA (WS FORM: F-6)
STATION: NOGALES AZ AIRPORT
MONTH: MARCH
YEAR: 2021
LATITUDE: 31 25 N
LONGITUDE: 110 51 W
TEMPERATURE IN F: :PCPN: SNOW: WIND :SUNSHINE: SKY :PK WND
================================================================================
1 2 3 4 5 6A 6B 7 8 9 10 11 12 13 14 15 16 17 18
12Z AVG MX 2MIN
DY MAX MIN AVG DEP HDD CDD WTR SNW DPTH SPD SPD DIR MIN PSBL S-S WX SPD DR
================================================================================
1 65 24 45 -8 20 0 0.00 M M 8.1 22 60 M M 0 29 60
2 75 31 53 0 12 0 0.00 M M 5.8 17 210 M M 0 23 60
3 78 39 59 6 6 0 0.00 M M 12.7 36 200 M M 2 47 200
4 66 37 52 -1 13 0 0.00 M M 5.7 14 30 M M 0 19 320
5 78 36 57 3 8 0 0.00 M M 8.2 21 110 M M 0 33 90
6 79 46 63 9 2 0 0.00 M M 4.9 14 120 M M 0 19 120
7 84 40 62 8 3 0 0.00 M M 4.9 15 200 M M 0 22 220
8 78 56 67 13 0 2 0.00 M M 8.1 20 230 M M 1 28 190
9 72 42 57 3 8 0 T M M 10.5 33 190 M M 2 47 180
10 67 34 51 -3 14 0 0.00 M M 8.9 29 220 M M 0 37 210
11 67 31 49 -5 16 0 0.00 M M 7.9 26 210 M M 0 34 200
12 62 37 50 -4 15 0 0.00 M M 10.0 26 220 M M 4 33 210
13 53 34 44 -11 21 0 0.03 M M 7.2 17 260 M M 7 1 24 250
14 62 28 45 -10 20 0 0.00 M M 5.6 20 290 M M 0 27 270
15 73 30 52 -3 13 0 0.00 M M 7.3 22 240 M M 1 29 200
16 56 37 47 -8 18 0 T M M 11.0 23 250 M M 2 29 240
17 71 26 49 -6 16 0 0.00 M M 3.9 10 250 M M 0 14 340
18 80 34 57 1 8 0 0.00 M M 3.3 14 260 M M 0 20 270
19 83 39 61 5 4 0 0.00 M M 3.5 10 310 M M 0 M M
20 85 40 63 7 2 0 0.00 M M 4.9 21 250 M M 0 30 250
21 76 51 64 8 1 0 0.00 M M 8.4 23 230 M M 0 29 240
22 65 38 52 -4 13 0 0.00 M M 7.2 22 280 M M 0 31 290
23 69 35 52 -4 13 0 0.06 M M 11.8 33 220 M M 3 3 45 220
24 58 40 49 -8 16 0 0.01 M M 7.6 20 340 M M 7 28 320
25 64 32 48 -9 17 0 0.00 M M 11.5 30 210 M M 0 36 220
26 66 41 54 -3 11 0 0.00 M M 10.7 29 230 M M 3 37 250
27 69 35 52 -5 13 0 0.00 M M 6.6 17 20 M M 1 23 360
28 80 39 60 3 5 0 0.00 M M 8.7 23 30 M M 0 30 30
29 83 46 65 7 0 0 0.00 M M 6.0 13 270 M M 0 M M
30 82 45 64 6 1 0 0.00 M M 9.9 24 230 M M 0 34 230
31 85 40 63 5 2 0 0.00 M M 3.4 12 40 M M 0 16 270
================================================================================
SM 2231 1163 311 2 0.10 M 234.2 M 33
================================================================================
AV 72.0 37.5 7.6 FASTST M M 1 MAX(MPH)
MISC ----> 36 200 # 47 200
================================================================================
NOTES:
# LAST OF SEVERAL OCCURRENCES
COLUMN 17 PEAK WIND IN M.P.H.
PRELIMINARY LOCAL CLIMATOLOGICAL DATA (WS FORM: F-6) , PAGE 2
STATION: NOGALES AZ AIRPORT
MONTH: MARCH
YEAR: 2021
LATITUDE: 31 25 N
LONGITUDE: 110 51 W
[TEMPERATURE DATA] [PRECIPITATION DATA] SYMBOLS USED IN COLUMN 16
AVERAGE MONTHLY: 54.7 TOTAL FOR MONTH: 0.10 1 = FOG OR MIST
DPTR FM NORMAL: -0.6 DPTR FM NORMAL: -0.80 2 = FOG REDUCING VISIBILITY
HIGHEST: 85 ON 31,20 GRTST 24HR 0.07 ON 23-24 TO 1/4 MILE OR LESS
LOWEST: 24 ON 1 3 = THUNDER
SNOW, ICE PELLETS, HAIL 4 = ICE PELLETS
TOTAL MONTH: 0.0 INCH 5 = HAIL
GRTST 24HR M ON M 6 = FREEZING RAIN OR DRIZZLE
GRTST DEPTH: 0 7 = DUSTSTORM OR SANDSTORM:
VSBY 1/2 MILE OR LESS
8 = SMOKE OR HAZE
[NO. OF DAYS WITH] [WEATHER - DAYS WITH] 9 = BLOWING SNOW
X = TORNADO
MAX 32 OR BELOW: 0 0.01 INCH OR MORE: 3
MAX 90 OR ABOVE: 0 0.10 INCH OR MORE: 0
MIN 32 OR BELOW: 7 0.50 INCH OR MORE: 0
MIN 0 OR BELOW: 0 1.00 INCH OR MORE: 0
[HDD (BASE 65) ]
TOTAL THIS MO. 311 CLEAR (SCALE 0-3) 28
DPTR FM NORMAL 5 PTCLDY (SCALE 4-7) 3
TOTAL FM JUL 1 1869 CLOUDY (SCALE 8-10) 0
DPTR FM NORMAL -130
[CDD (BASE 65) ]
TOTAL THIS MO. 2
DPTR FM NORMAL -2 [PRESSURE DATA]
TOTAL FM JAN 1 2 HIGHEST SLP M ON M
DPTR FM NORMAL -3 LOWEST SLP 29.54 ON 23
[REMARKS]
#FINAL-03-21#