000
CXUS54 KMRX 011030
CF6OQT
PRELIMINARY LOCAL CLIMATOLOGICAL DATA (WS FORM: F-6)
STATION: OAK RIDGE
MONTH: AUGUST
YEAR: 2022
LATITUDE: 36 1 N
LONGITUDE: 84 14 W
TEMPERATURE IN F: :PCPN: SNOW: WIND :SUNSHINE: SKY :PK WND
================================================================================
1 2 3 4 5 6A 6B 7 8 9 10 11 12 13 14 15 16 17 18
12Z AVG MX 2MIN
DY MAX MIN AVG DEP HDD CDD WTR SNW DPTH SPD SPD DIR MIN PSBL S-S WX SPD DR
================================================================================
1 80 73 77 -2 0 12 0.02 M M 1.6 7 210 M M 10 1 19 230
2 91 73 82 3 0 17 0.00 M M 1.1 9 260 M M 5 14 260
3 93 70 82 3 0 17 0.38 M M 1.1 14 90 M M 3 12 24 80
4 90 68 79 0 0 14 0.02 M M 1.5 12 130 M M 4 12 23 110
5 87 70 79 0 0 14 0.35 M M 0.8 16 140 M M 3 1 37 140
6 89 70 80 1 0 15 0.01 M M 1.0 13 330 M M 5 18 19 330
7 90 69 80 1 0 15 0.00 M M 0.9 7 290 M M 5 1 12 280
8 91 71 81 2 0 16 0.00 M M 1.5 10 250 M M 1 19 260
9 91 73 82 3 0 17 0.04 M M 2.4 9 180 M M 2 1 24 190
10 84 71 78 -1 0 13 0.14 M M 1.0 9 210 M M 5 1 21 180
11 83 71 77 -2 0 12 1.07 M M 0.8 14 290 M M 7 12 23 320
12 84 66 75 -4 0 10 0.00 M M 1.4 9 80 M M 2 12 16 30
13 87 63 75 -3 0 10 0.00 M M 1.5 8 260 M M 3 13 310
14 88 68 78 0 0 13 0.00 M M 1.7 9 250 M M 3 19 220
15 89 72 81 3 0 16 0.00 M M 3.0 10 280 M M 4 17 280
16 81 68 75 -3 0 10 0.00 M M 1.2 7 90 M M 2 18 11 90
17 85 63 74 -4 0 9 0.00 M M 0.7 7 90 M M 3 1 10 320
18 88 64 76 -2 0 11 0.00 M M 1.0 7 150 M M 1 11 360
19 87 64 76 -2 0 11 0.02 M M 1.1 10 130 M M 4 17 130
20 85 69 77 -1 0 12 T M M 1.0 8 260 M M 6 14 250
21 83 71 77 -1 0 12 0.11 M M 0.9 10 270 M M 7 1 17 290
22 88 68 78 0 0 13 T M M 0.8 8 290 M M 5 18 13 280
23 89 64 77 -1 0 12 0.00 M M 0.6 6 30 M M 1 10 10
24 87 64 76 -1 0 11 0.00 M M 1.0 7 140 M M 0 11 70
25 90 67 79 2 0 14 T M M 1.1 6 100 M M 3 11 200
26 85 70 78 1 0 13 0.14 M M 1.1 8 290 M M 5 1 13 300
27 91 69 80 3 0 15 0.00 M M 1.2 8 80 M M 4 12 13 90
28 93 69 81 4 0 16 0.00 M M 1.3 8 250 M M 2 12 21 220
29 92 69 81 5 0 16 0.00 M M 0.2 7 260 M M 3 1 12 280
30 89 72 81 5 0 16 0.00 M M 2.2 7 99 M M 2 M M
31 89 64 77 1 0 12 0.00 M M 1.1 7 280 M M 1 12 14 330
================================================================================
SM 2719 2123 0 414 2.30 M 37.8 M 111
================================================================================
AV 87.7 68.5 1.2 FASTST M M 4 MAX(MPH)
MISC ----> 16 140 37 140
================================================================================
NOTES:
# LAST OF SEVERAL OCCURRENCES
COLUMN 17 PEAK WIND IN M.P.H.
PRELIMINARY LOCAL CLIMATOLOGICAL DATA (WS FORM: F-6) , PAGE 2
STATION: OAK RIDGE
MONTH: AUGUST
YEAR: 2022
LATITUDE: 36 1 N
LONGITUDE: 84 14 W
[TEMPERATURE DATA] [PRECIPITATION DATA] SYMBOLS USED IN COLUMN 16
AVERAGE MONTHLY: 78.1 TOTAL FOR MONTH: 2.30 1 = FOG OR MIST
DPTR FM NORMAL: 0.0 DPTR FM NORMAL: -1.16 2 = FOG REDUCING VISIBILITY
HIGHEST: 93 ON 28, 3 GRTST 24HR 1.07 ON 11-11 TO 1/4 MILE OR LESS
LOWEST: 63 ON 17,13 3 = THUNDER
SNOW, ICE PELLETS, HAIL 4 = ICE PELLETS
TOTAL MONTH: M 5 = HAIL
GRTST 24HR M ON M 6 = FREEZING RAIN OR DRIZZLE
GRTST DEPTH: M ON M 7 = DUSTSTORM OR SANDSTORM:
VSBY 1/2 MILE OR LESS
8 = SMOKE OR HAZE
[NO. OF DAYS WITH] [WEATHER - DAYS WITH] 9 = BLOWING SNOW
X = TORNADO
MAX 32 OR BELOW: 0 0.01 INCH OR MORE: 11
MAX 90 OR ABOVE: 10 0.10 INCH OR MORE: 6
MIN 32 OR BELOW: 0 0.50 INCH OR MORE: 1
MIN 0 OR BELOW: 0 1.00 INCH OR MORE: 1
[HDD (BASE 65) ]
TOTAL THIS MO. 0 CLEAR (SCALE 0-3) 16
DPTR FM NORMAL 0 PTCLDY (SCALE 4-7) 14
TOTAL FM JUL 1 0 CLOUDY (SCALE 8-10) 1
DPTR FM NORMAL 0
[CDD (BASE 65) ]
TOTAL THIS MO. 414
DPTR FM NORMAL 9 [PRESSURE DATA]
TOTAL FM JAN 1 1539 HIGHEST SLP 30.26 ON 7
DPTR FM NORMAL 181 LOWEST SLP 29.82 ON 15
[REMARKS]
#FINAL-08-22#