000
CXUS51 KAKQ 010810
CF6ORF
PRELIMINARY LOCAL CLIMATOLOGICAL DATA (WS FORM: F-6)
STATION: NORFOLK VA
MONTH: DECEMBER
YEAR: 2022
LATITUDE: 36 54 N
LONGITUDE: 76 12 W
TEMPERATURE IN F: :PCPN: SNOW: WIND :SUNSHINE: SKY :PK WND
================================================================================
1 2 3 4 5 6A 6B 7 8 9 10 11 12 13 14 15 16 17 18
12Z AVG MX 2MIN
DY MAX MIN AVG DEP HDD CDD WTR SNW DPTH SPD SPD DIR MIN PSBL S-S WX SPD DR
================================================================================
1 50 34 42 -7 23 0 0.00 0.0 0 5.8 16 350 M M 0 26 360
2 57 30 44 -5 21 0 0.00 0.0 0 5.1 14 170 M M 1 19 150
3 64 49 57 8 8 0 0.12 0.0 0 12.5 21 210 M M 6 1 27 200
4 57 41 49 1 16 0 0.00 0.0 0 9.4 21 20 M M 1 25 30
5 54 31 43 -5 22 0 0.00 0.0 0 3.0 12 90 M M 1 16 100
6 67 47 57 9 8 0 0.02 0.0 0 7.1 15 180 M M 9 1 18 160
7 66 61 64 16 1 0 0.13 0.0 0 9.9 15 190 M M 10 1 19 240
8 63 51 57 9 8 0 0.00 0.0 0 10.7 17 360 M M 7 1 23 10
9 51 44 48 1 17 0 T 0.0 0 12.2 18 10 M M 4 24 360
10 52 43 48 1 17 0 0.00 0.0 0 9.8 16 20 M M 3 19 20
11 53 45 49 2 16 0 0.00 0.0 0 4.6 12 360 M M 7 15 360
12 49 43 46 -1 19 0 0.00 0.0 0 12.8 21 350 M M 7 29 350
13 43 30 37 -10 28 0 0.00 0.0 0 8.0 20 30 M M 6 23 360
14 46 30 38 -8 27 0 T 0.0 0 4.2 10 60 M M 1 16 350
15 61 41 51 5 14 0 1.00 0.0 0 10.3 23 140 M M 10 13 33 150
16 55 39 47 1 18 0 0.00 0.0 0 7.1 16 260 M M 4 24 260
17 51 34 43 -3 22 0 0.00 0.0 0 5.7 17 230 M M 0 22 220
18 49 32 41 -5 24 0 0.00 0.0 0 6.4 14 340 M M 1 20 340
19 42 32 37 -9 28 0 0.00 0.0 0 4.7 14 340 M M 0 22 350
20 40 30 35 -10 30 0 0.00 0.0 0 7.3 21 20 M M 1 26 20
21 46 30 38 -7 27 0 0.00 0.0 0 8.2 15 30 M M 2 19 70
22 60 46 53 8 12 0 0.65 0.0 0 11.6 26 220 M M 9 1 32 120
23 54 19 37 -8 28 0 0.01 0.0 0 19.0 39 230 M M 5 1 54 220
24 24 12 18 -27 47 0 0.00 0.0 0 12.5 22 230 M M 0 31 260
25 36 21 29 -15 36 0 0.00 0.0 0 8.0 16 230 M M 0 20 230
26 39 19 29 -15 36 0 0.00 0.0 0 4.7 13 60 M M 0 16 30
27 44 22 33 -11 32 0 0.00 0.0 0 1.3 9 40 M M 2 1 11 30
28 54 26 40 -4 25 0 0.00 0.0 0 2.8 8 230 M M 0 13 240
29 62 29 46 2 19 0 0.00 0.0 0 8.0 17 210 M M 0 28 20
30 68 38 53 9 12 0 0.00 0.0 0 4.2 10 150 M M 3 1 14 150
31 65 54 60 16 5 0 1.13 0.0 0 7.4 24 210 M M 9 1 33 210
================================================================================
SM 1622 1103 646 0 3.06 0.0 244.3 M 109
================================================================================
AV 52.3 35.6 7.9 FASTST M M 4 MAX(MPH)
MISC ----> 39 230 54 220
================================================================================
NOTES:
# LAST OF SEVERAL OCCURRENCES
COLUMN 17 PEAK WIND IN M.P.H.
PRELIMINARY LOCAL CLIMATOLOGICAL DATA (WS FORM: F-6) , PAGE 2
STATION: NORFOLK VA
MONTH: DECEMBER
YEAR: 2022
LATITUDE: 36 54 N
LONGITUDE: 76 12 W
[TEMPERATURE DATA] [PRECIPITATION DATA] SYMBOLS USED IN COLUMN 16
AVERAGE MONTHLY: 44.0 TOTAL FOR MONTH: 3.06 1 = FOG OR MIST
DPTR FM NORMAL: -2.1 DPTR FM NORMAL: -0.22 2 = FOG REDUCING VISIBILITY
HIGHEST: 68 ON 30 GRTST 24HR 1.13 ON 31-31 TO 1/4 MILE OR LESS
LOWEST: 12 ON 24 3 = THUNDER
SNOW, ICE PELLETS, HAIL 4 = ICE PELLETS
TOTAL MONTH: 0.0 INCH 5 = HAIL
GRTST 24HR 0.0 6 = FREEZING RAIN OR DRIZZLE
GRTST DEPTH: 0 7 = DUSTSTORM OR SANDSTORM:
VSBY 1/2 MILE OR LESS
8 = SMOKE OR HAZE
[NO. OF DAYS WITH] [WEATHER - DAYS WITH] 9 = BLOWING SNOW
X = TORNADO
MAX 32 OR BELOW: 1 0.01 INCH OR MORE: 7
MAX 90 OR ABOVE: 0 0.10 INCH OR MORE: 5
MIN 32 OR BELOW: 15 0.50 INCH OR MORE: 3
MIN 0 OR BELOW: 0 1.00 INCH OR MORE: 2
[HDD (BASE 65) ]
TOTAL THIS MO. 646 CLEAR (SCALE 0-3) 17
DPTR FM NORMAL 59 PTCLDY (SCALE 4-7) 9
TOTAL FM JUL 1 1115 CLOUDY (SCALE 8-10) 5
DPTR FM NORMAL 46
[CDD (BASE 65) ]
TOTAL THIS MO. 0
DPTR FM NORMAL -2 [PRESSURE DATA]
TOTAL FM JAN 1 1887 HIGHEST SLP 30.59 ON 2
DPTR FM NORMAL 15 LOWEST SLP 29.34 ON 23
[REMARKS]
#FINAL-12-22#