228
CXUS51 KBOX 171645
CF6ORH
PRELIMINARY LOCAL CLIMATOLOGICAL DATA (WS FORM: F-6)
STATION: WORCESTER MA
MONTH: DECEMBER
YEAR: 2020
LATITUDE: 42 16 N
LONGITUDE: 71 52 W
TEMPERATURE IN F: :PCPN: SNOW: WIND :SUNSHINE: SKY :PK WND
================================================================================
1 2 3 4 5 6A 6B 7 8 9 10 11 12 13 14 15 16 17 18
12Z AVG MX 2MIN
DY MAX MIN AVG DEP HDD CDD WTR SNW DPTH SPD SPD DIR MIN PSBL S-S WX SPD DR
================================================================================
1 62 37 50 15 15 0 T 0.0 M 14.7 26 210 M M 7 38 210
2 38 31 35 1 30 0 T T M 12.4 21 250 M M 6 28 250
3 47 30 39 5 26 0 0.00 0.0 M 11.9 20 240 M M 0 25 270
4 55 35 45 11 20 0 T 0.0 M 13.7 28 250 M M 4 34 240
5 43 32 38 5 27 0 1.97 9.6 M 16.7 36 300 M M 10 12 47 300
6 32 25 29 -4 36 0 T T M 18.3 35 300 M M 3 8 46 290
7 32 22 27 -5 38 0 0.00 0.0 M 8.2 17 280 M M 3 23 280
8 26 20 23 -9 42 0 T 0.0 M 10.0 17 330 M M 9 168 22 340
9 33 18 26 -6 39 0 T T M 9.4 17 270 M M 6 23 270
10 41 30 36 5 29 0 0.00 0.0 M 9.1 20 280 M M 4 25 300
11 45 28 37 6 28 0 0.00 0.0 M 12.0 20 250 M M 0 1 25 220
12 43 37 40 9 25 0 0.24 0.0 M 6.9 14 20 M M 6 128 17 30
13 55 35 45 15 20 0 0.00 0.0 M 11.9 26 250 M M 5 12 35 260
14 35 30 33 3 32 0 0.08 T M 6.6 17 300 M M 5 16 24 300
15 32 20 26 -4 39 0 0.00 0.0 M 11.8 25 300 M M 0 33 310
16 21 14 18 -11 47 0 0.11 1.6 M 7.6 17 50 M M 3 1 29 50
17 23 16 20 -9 45 0 1.04 10.5 M 16.6 26 40 M M 10 128 42 50
18 29 16 23 -6 42 0 0.00 0.0 M 8.2 14 310 M M 6 21 10
19 30 11 21 -7 44 0 0.00 0.0 M 5.3 10 240 M M 0 12 250
20 32 23 28 0 37 0 0.08 1.2 M 7.6 13 250 M M 8 1 15 250
21 42 31 37 9 28 0 0.00 0.0 M 7.4 15 250 M M 8 1 18 250
22 41 29 35 8 30 0 0.00 0.0 M 14.2 26 300 M M 4 35 300
23 36 27 32 5 33 0 0.00 0.0 M 9.2 22 290 M M 0 30 290
24 56 31 44 17 21 0 0.11 0.0 M 14.0 24 150 M M 6 1 34 140
25 61 34 48 21 17 0 2.81 0.0 M 16.9 31 180 M M 9 1 40 140
26 34 23 29 3 36 0 0.00 0.0 M 16.2 26 250 M M 5 33 260
27 35 20 28 2 37 0 0.00 0.0 M 9.5 16 290 M M 0 22 290
28 45 24 35 9 30 0 0.00 0.0 M 9.9 18 300 M M 4 26 210
29 37 19 28 2 37 0 0.00 0.0 M 14.0 32 310 M M 3 42 280
30 38 19 29 4 36 0 T 0.0 M 13.8 24 240 M M 1 32 230
31 40 28 34 9 31 0 0.29 0.0 M 14.5 26 240 M M 5 1 36 220
================================================================================
SM 1219 795 997 0 6.73 22.9 358.5 M 140
================================================================================
AV 39.3 25.6 11.6 FASTST M M 5 MAX(MPH)
MISC ----> 36 300 47 300
================================================================================
NOTES:
# LAST OF SEVERAL OCCURRENCES
COLUMN 17 PEAK WIND IN M.P.H.
PRELIMINARY LOCAL CLIMATOLOGICAL DATA (WS FORM: F-6) , PAGE 2
STATION: WORCESTER MA
MONTH: DECEMBER
YEAR: 2020
LATITUDE: 42 16 N
LONGITUDE: 71 52 W
[TEMPERATURE DATA] [PRECIPITATION DATA] SYMBOLS USED IN COLUMN 16
AVERAGE MONTHLY: 32.5 TOTAL FOR MONTH: 6.73 1 = FOG OR MIST
DPTR FM NORMAL: 3.1 DPTR FM NORMAL: 2.91 2 = FOG REDUCING VISIBILITY
HIGHEST: 62 ON 1 GRTST 24HR 2.92 ON 24-25 TO 1/4 MILE OR LESS
LOWEST: 11 ON 19 3 = THUNDER
SNOW, ICE PELLETS, HAIL 4 = ICE PELLETS
TOTAL MONTH: 22.9 INCHES 5 = HAIL
GRTST 24HR 10.5 ON 17-17 6 = FREEZING RAIN OR DRIZZLE
GRTST DEPTH: M ON M 7 = DUSTSTORM OR SANDSTORM:
VSBY 1/2 MILE OR LESS
8 = SMOKE OR HAZE
[NO. OF DAYS WITH] [WEATHER - DAYS WITH] 9 = BLOWING SNOW
X = TORNADO
MAX 32 OR BELOW: 9 0.01 INCH OR MORE: 9
MAX 90 OR ABOVE: 0 0.10 INCH OR MORE: 7
MIN 32 OR BELOW: 26 0.50 INCH OR MORE: 3
MIN 0 OR BELOW: 0 1.00 INCH OR MORE: 3
[HDD (BASE 65) ]
TOTAL THIS MO. 997 CLEAR (SCALE 0-3) 11
DPTR FM NORMAL -105 PTCLDY (SCALE 4-7) 16
TOTAL FM JUL 1 2099 CLOUDY (SCALE 8-10) 4
DPTR FM NORMAL -403
[CDD (BASE 65) ]
TOTAL THIS MO. 0
DPTR FM NORMAL 0 [PRESSURE DATA]
TOTAL FM JAN 1 776 HIGHEST SLP 30.48 ON 16
DPTR FM NORMAL 305 LOWEST SLP 29.41 ON 5
[REMARKS]
#FINAL-12-20#