000
CXUS53 KGRB 200057
CF6OSH
PRELIMINARY LOCAL CLIMATOLOGICAL DATA (WS FORM: F-6)
STATION: OSHKOSH WI
MONTH: MARCH
YEAR: 2022
LATITUDE: 44 0 N
LONGITUDE: 88 34 W
TEMPERATURE IN F: :PCPN: SNOW: WIND :SUNSHINE: SKY :PK WND
================================================================================
1 2 3 4 5 6A 6B 7 8 9 10 11 12 13 14 15 16 17 18
12Z AVG MX 2MIN
DY MAX MIN AVG DEP HDD CDD WTR SNW DPTH SPD SPD DIR MIN PSBL S-S WX SPD DR
================================================================================
1 42 25 34 8 31 0 0.00 0.0 T 5.8 14 350 M M 1 19 360
2 40 23 32 5 33 0 0.00 0.0 0 9.1 17 40 M M 6 1 24 30
3 30 15 23 -4 42 0 0.00 0.0 0 4.2 13 330 M M 0 17 350
4 38 17 28 0 37 0 0.00 0.0 0 5.9 14 120 M M 2 19 120
5 49 32 41 13 24 0 1.29 0.0 0 7.9 17 210 M M 8 123 32 230
6 50 31 41 12 24 0 T 0.0 0 12.2 25 210 M M 9 1 40 250
7 32 21 27 -2 38 0 0.26 4.5 4 8.6 16 300 M M 9 12 24 300
8 34 10 22 -7 43 0 0.00 0.0 4 10.6 20 200 M M 0 31 210
9 32 18 25 -5 40 0 0.00 0.0 3 8.2 17 290 M M 4 25 310
10 24 10 17 -13 48 0 0.00 0.0 3 7.1 17 310 M M 1 22 320
11 26 9 18 -13 47 0 T T 3 13.7 24 290 M M 2 35 310
12 19 2 11 -20 54 0 0.00 0.0 2 11.4 18 290 M M 1 26 300
13 46 18 32 0 33 0 0.15 2.3 3 7.5 17 290 M M 4 1 27 290
14 42 30 36 4 29 0 0.00 0.0 T 7.9 22 30 M M 5 31 30
15 43 29 36 4 29 0 0.00 0.0 0 5.4 13 20 M M 6 12 16 30
16 64 32 48 15 17 0 0.00 0.0 0 11.5 22 210 M M 0 18 34 230
17 60 39 50 17 15 0 0.00 0.0 0 6.1 14 30 M M 5 19 60
18 39 33 36 2 29 0 0.28 0.7 1 14.9 24 20 M M 10 1 35 30
19 48 33 41 7 24 0 0.11 T T 10.2 22 20 M M 6 1 28 10
20 58 28 43 8 22 0 0.00 0.0 0 4.0 9 210 M M 1 16 200
21 50 35 43 8 22 0 T 0.0 0 7.8 20 60 M M 4 30 60
22 41 37 39 4 26 0 0.42 0.0 0 14.3 21 120 M M 8 18 29 110
23 41 34 38 2 27 0 0.78 0.0 0 11.8 20 20 M M 10 1 28 30
24 37 33 35 -1 30 0 0.01 0.0 0 7.6 21 20 M M 10 1 26 20
25 43 31 37 0 28 0 0.05 T 0 12.4 28 290 M M 8 1 38 300
26 31 21 26 -11 39 0 T T 0 16.8 24 320 M M 8 36 310
27 30 18 24 -14 41 0 0.00 0.0 0 12.0 21 350 M M 1 29 360
28 30 15 23 -15 42 0 0.00 0.0 0 7.6 14 10 M M 0 21 340
29 36 22 29 -9 36 0 0.04 0.0 0 13.5 24 140 M M 9 35 130
30 43 34 39 0 26 0 0.76 T 0 10.2 24 140 M M 10 13 33 150
31 36 29 33 -6 32 0 0.47 T T 12.2 22 10 M M 10 1 30 320
================================================================================
SM 1234 764 1008 0 4.62 7.5 298.4 M 158
================================================================================
AV 39.8 24.6 9.6 FASTST M M 5 MAX(MPH)
MISC ----> 28 290 40 250
================================================================================
NOTES:
# LAST OF SEVERAL OCCURRENCES
COLUMN 17 PEAK WIND IN M.P.H.
PRELIMINARY LOCAL CLIMATOLOGICAL DATA (WS FORM: F-6) , PAGE 2
STATION: OSHKOSH WI
MONTH: MARCH
YEAR: 2022
LATITUDE: 44 0 N
LONGITUDE: 88 34 W
[TEMPERATURE DATA] [PRECIPITATION DATA] SYMBOLS USED IN COLUMN 16
AVERAGE MONTHLY: 32.2 TOTAL FOR MONTH: 4.62 1 = FOG OR MIST
DPTR FM NORMAL: -0.6 DPTR FM NORMAL: 2.88 2 = FOG REDUCING VISIBILITY
HIGHEST: 64 ON 16 GRTST 24HR 1.29 ON 5- 5 TO 1/4 MILE OR LESS
LOWEST: 2 ON 12 3 = THUNDER
SNOW, ICE PELLETS, HAIL 4 = ICE PELLETS
TOTAL MONTH: 7.5 INCHES 5 = HAIL
GRTST 24HR 4.5 ON 7- 7 6 = FREEZING RAIN OR DRIZZLE
GRTST DEPTH: 4 ON 7, 8 7 = DUSTSTORM OR SANDSTORM:
VSBY 1/2 MILE OR LESS
8 = SMOKE OR HAZE
[NO. OF DAYS WITH] [WEATHER - DAYS WITH] 9 = BLOWING SNOW
X = TORNADO
MAX 32 OR BELOW: 9 0.01 INCH OR MORE: 12
MAX 90 OR ABOVE: 0 0.10 INCH OR MORE: 9
MIN 32 OR BELOW: 23 0.50 INCH OR MORE: 3
MIN 0 OR BELOW: 0 1.00 INCH OR MORE: 1
[HDD (BASE 65) ]
TOTAL THIS MO. 1008 CLEAR (SCALE 0-3) 11
DPTR FM NORMAL 11 PTCLDY (SCALE 4-7) 11
TOTAL FM JUL 1 6184 CLOUDY (SCALE 8-10) 9
DPTR FM NORMAL -248
[CDD (BASE 65) ]
TOTAL THIS MO. 0
DPTR FM NORMAL -1 [PRESSURE DATA]
TOTAL FM JAN 1 0 HIGHEST SLP 30.52 ON 3
DPTR FM NORMAL -1 LOWEST SLP 29.18 ON 31
[REMARKS]
#FINAL-03-22#