000
CXUS56 KMFR 011610
CF6OTH
PRELIMINARY LOCAL CLIMATOLOGICAL DATA (WS FORM: F-6)
STATION: NORTH BEND OR
MONTH: MARCH
YEAR: 2021
LATITUDE: 43 25 N
LONGITUDE: 124 15 W
TEMPERATURE IN F: :PCPN: SNOW: WIND :SUNSHINE: SKY :PK WND
================================================================================
1 2 3 4 5 6A 6B 7 8 9 10 11 12 13 14 15 16 17 18
12Z AVG MX 2MIN
DY MAX MIN AVG DEP HDD CDD WTR SNW DPTH SPD SPD DIR MIN PSBL S-S WX SPD DR
================================================================================
1 55 38 47 0 18 0 0.00 M M 5.0 12 290 M M 4 12 14 290
2 54 37 46 -1 19 0 T M M 7.7 23 350 M M 4 128 26 360
3 50 37 44 -3 21 0 0.00 M M 4.8 10 280 M M 8 12 14 280
4 58 43 51 4 14 0 0.04 M M 10.0 21 200 M M 6 26 200
5 59 42 51 4 14 0 0.69 M M 12.9 26 190 M M 9 1 36 210
6 54 39 47 0 18 0 0.12 M M 10.0 18 220 M M 7 25 230
7 53 40 47 0 18 0 0.52 M M 8.7 23 250 M M 4 1 25 250
8 50 37 44 -3 21 0 0.53 M M 10.5 23 230 M M 6 1 29 230
9 51 39 45 -3 20 0 0.26 M M 9.6 22 140 M M 7 26 150
10 51 36 44 -4 21 0 0.02 M M 7.8 21 350 M M 5 24 20
11 53 38 46 -2 19 0 0.00 M M 7.2 24 360 M M 3 28 360
12 55 36 46 -2 19 0 0.00 M M 6.7 17 360 M M 3 12 21 350
13 53 37 45 -3 20 0 0.00 M M 9.4 17 210 M M 8 12 22 210
14 51 42 47 -1 18 0 1.24 M M 11.9 25 270 M M 9 1 32 340
15 48 35 42 -6 23 0 0.03 M M 10.9 18 350 M M 4 32 40
16 49 31 40 -8 25 0 T M M 7.8 21 360 M M 1 24 10
17 54 35 45 -3 20 0 0.00 M M 8.1 21 250 M M 1 24 260
18 55 42 49 1 16 0 0.40 M M 11.3 33 210 M M 8 1 40 210
19 54 43 49 1 16 0 0.56 M M 11.4 25 240 M M 9 32 210
20 52 43 48 0 17 0 0.19 M M 7.6 21 280 M M 9 1 23 270
21 51 41 46 -2 19 0 M M M 6.9 13 270 M M 9 15 260
22 52 40 46 -2 19 0 0.41 M M 9.0 22 240 M M 9 1 28 340
23 52 36 44 -4 21 0 0.00 M M 10.4 25 350 M M 3 12 30 360
24 49 37 43 -5 22 0 0.28 M M 7.6 20 340 M M 9 1 24 340
25 51 42 47 -1 18 0 0.04 M M 10.7 21 340 M M 8 1 26 340
26 53 35 44 -4 21 0 0.00 M M 9.2 24 360 M M 2 29 360
27 58 37 48 0 17 0 T M M 6.8 18 350 M M 2 12 22 360
28 50 39 45 -3 20 0 0.14 M M 9.4 30 280 M M 9 1 35 270
29 51 36 44 -4 21 0 0.03 M M 10.9 28 360 M M 5 1 31 360
30 53 33 43 -5 22 0 0.00 M M 11.5 29 360 M M 0 33 10
31 69 37 53 5 12 0 0.00 M M 5.2 10 20 M M 0 M M
================================================================================
SM 1648 1183 589 0 5.50 M 276.9 M 171
================================================================================
AV 53.2 38.2 8.9 FASTST M M 6 MAX(MPH)
MISC ----> 33 210 40 210
================================================================================
NOTES:
# LAST OF SEVERAL OCCURRENCES
COLUMN 17 PEAK WIND IN M.P.H.
PRELIMINARY LOCAL CLIMATOLOGICAL DATA (WS FORM: F-6) , PAGE 2
STATION: NORTH BEND OR
MONTH: MARCH
YEAR: 2021
LATITUDE: 43 25 N
LONGITUDE: 124 15 W
[TEMPERATURE DATA] [PRECIPITATION DATA] SYMBOLS USED IN COLUMN 16
AVERAGE MONTHLY: 45.7 TOTAL FOR MONTH: 5.50 1 = FOG OR MIST
DPTR FM NORMAL: -1.9 DPTR FM NORMAL: -2.33 2 = FOG REDUCING VISIBILITY
HIGHEST: 69 ON 31 GRTST 24HR 1.27 ON 14-15 TO 1/4 MILE OR LESS
LOWEST: 31 ON 16 3 = THUNDER
SNOW, ICE PELLETS, HAIL 4 = ICE PELLETS
TOTAL MONTH: M 5 = HAIL
GRTST 24HR M ON M 6 = FREEZING RAIN OR DRIZZLE
GRTST DEPTH: M ON M 7 = DUSTSTORM OR SANDSTORM:
VSBY 1/2 MILE OR LESS
8 = SMOKE OR HAZE
[NO. OF DAYS WITH] [WEATHER - DAYS WITH] 9 = BLOWING SNOW
X = TORNADO
MAX 32 OR BELOW: 0 0.01 INCH OR MORE: 17
MAX 90 OR ABOVE: 0 0.10 INCH OR MORE: 12
MIN 32 OR BELOW: 1 0.50 INCH OR MORE: 5
MIN 0 OR BELOW: 0 1.00 INCH OR MORE: 1
[HDD (BASE 65) ]
TOTAL THIS MO. 589 CLEAR (SCALE 0-3) 7
DPTR FM NORMAL 51 PTCLDY (SCALE 4-7) 14
TOTAL FM JUL 1 3153 CLOUDY (SCALE 8-10) 10
DPTR FM NORMAL -557
[CDD (BASE 65) ]
TOTAL THIS MO. 0
DPTR FM NORMAL 0 [PRESSURE DATA]
TOTAL FM JAN 1 0 HIGHEST SLP 30.49 ON 29
DPTR FM NORMAL 0 LOWEST SLP 29.78 ON 18
[REMARKS]
#FINAL-03-21#