000
CXUS53 KPAH 010700
CF6OWB
PRELIMINARY LOCAL CLIMATOLOGICAL DATA (WS FORM: F-6)
STATION: OWENSBORO KY
MONTH: AUGUST
YEAR: 2021
LATITUDE: 37 45 N
LONGITUDE: 87 10 W
TEMPERATURE IN F: :PCPN: SNOW: WIND :SUNSHINE: SKY :PK WND
================================================================================
1 2 3 4 5 6A 6B 7 8 9 10 11 12 13 14 15 16 17 18
12Z AVG MX 2MIN
DY MAX MIN AVG DEP HDD CDD WTR SNW DPTH SPD SPD DIR MIN PSBL S-S WX SPD DR
================================================================================
1 83 65 74 -6 0 9 0.00 M M 6.7 14 320 M M 4 18 17 320
2 81 62 72 -8 0 7 0.00 M M 5.2 12 10 M M 1 8 15 330
3 82 61 72 -8 0 7 0.00 M M 5.6 13 60 M M 3 8 17 40
4 84 60 72 -8 0 7 0.00 M M 5.1 14 40 M M 1 18 40
5 85 58 72 -8 0 7 0.00 M M 1.5 9 280 M M 0 8 12 280
6 85 63 74 -6 0 9 0.00 M M 3.1 10 180 M M 0 1 12 220
7 88 64 76 -4 0 11 0.00 M M 3.4 12 260 M M 1 18 14 240
8 89 68 79 -1 0 14 0.07 M M 6.8 15 150 M M 2 1 18 210
9 84 69 77 -3 0 12 0.71 M M 8.4 17 90 M M 5 13 21 80
10 92 75 84 4 0 19 0.04 M M 8.9 23 270 M M 4 13 30 290
11 93 76 85 5 0 20 0.00 M M 9.4 18 230 M M 1 22 220
12 93 75 84 5 0 19 0.00 M M 7.0 16 220 M M 1 1 22 220
13 89 74 82 3 0 17 0.00 M M 5.5 12 250 M M 3 15 240
14 84 72 78 -1 0 13 0.00 M M 5.8 14 40 M M 7 3 17 60
15 78 70 74 -5 0 9 T M M 7.7 15 60 M M 8 17 70
16 85 71 78 -1 0 13 0.00 M M 2.8 8 140 M M 7 18 10 230
17 88 71 80 1 0 15 0.00 M M 4.2 14 100 M M 4 17 100
18 87 70 79 0 0 14 0.07 M M 5.2 20 160 M M 4 3 24 170
19 87 72 80 1 0 15 0.13 M M 1.7 12 230 M M 6 1 16 250
20 89 69 79 0 0 14 0.00 M M 4.6 12 130 M M 2 8 14 130
21 87 70 79 0 0 14 0.03 M M 4.8 14 160 M M 4 18 180
22 91 70 81 2 0 16 0.00 M M 2.7 8 70 M M 5 18 12 20
23 92 69 81 2 0 16 0.00 M M 2.2 10 320 M M 3 12 13 310
24 94 72 83 4 0 18 0.00 M M 3.0 12 200 M M 2 18 14 210
25 94 73 84 6 0 19 0.00 M M 3.5 12 40 M M 1 1 14 30
26 95 72 84 6 0 19 0.00 M M 3.1 9 110 M M 0 14 160
27 91 73 82 4 0 17 0.41 M M 4.5 26 180 M M 1 13 32 180
28 92 72 82 4 0 17 0.00 M M 5.6 28 160 M M 2 32 160
29 92 71 82 4 0 17 0.00 M M 4.6 13 140 M M 1 16 150
30 87 70 79 1 0 14 1.81 M M 6.7 26 80 M M 5 138 31 80
31 78 69 74 -3 0 9 T M M 9.3 20 60 M M 7 24 60
================================================================================
SM 2719 2146 0 427 3.27 M 158.6 M 95
================================================================================
AV 87.7 69.2 5.1 FASTST M M 3 MAX(MPH)
MISC ----> 28 160 # 32 180
================================================================================
NOTES:
# LAST OF SEVERAL OCCURRENCES
COLUMN 17 PEAK WIND IN M.P.H.
PRELIMINARY LOCAL CLIMATOLOGICAL DATA (WS FORM: F-6) , PAGE 2
STATION: OWENSBORO KY
MONTH: AUGUST
YEAR: 2021
LATITUDE: 37 45 N
LONGITUDE: 87 10 W
[TEMPERATURE DATA] [PRECIPITATION DATA] SYMBOLS USED IN COLUMN 16
AVERAGE MONTHLY: 78.5 TOTAL FOR MONTH: 3.27 1 = FOG OR MIST
DPTR FM NORMAL: -0.5 DPTR FM NORMAL: -0.04 2 = FOG REDUCING VISIBILITY
HIGHEST: 95 ON 26 GRTST 24HR 1.81 ON 30-30 TO 1/4 MILE OR LESS
LOWEST: 58 ON 5 3 = THUNDER
SNOW, ICE PELLETS, HAIL 4 = ICE PELLETS
TOTAL MONTH: M 5 = HAIL
GRTST 24HR M ON M 6 = FREEZING RAIN OR DRIZZLE
GRTST DEPTH: M ON M 7 = DUSTSTORM OR SANDSTORM:
VSBY 1/2 MILE OR LESS
8 = SMOKE OR HAZE
[NO. OF DAYS WITH] [WEATHER - DAYS WITH] 9 = BLOWING SNOW
X = TORNADO
MAX 32 OR BELOW: 0 0.01 INCH OR MORE: 8
MAX 90 OR ABOVE: 11 0.10 INCH OR MORE: 4
MIN 32 OR BELOW: 0 0.50 INCH OR MORE: 2
MIN 0 OR BELOW: 0 1.00 INCH OR MORE: 1
[HDD (BASE 65) ]
TOTAL THIS MO. 0 CLEAR (SCALE 0-3) 17
DPTR FM NORMAL -1 PTCLDY (SCALE 4-7) 14
TOTAL FM JUL 1 0 CLOUDY (SCALE 8-10) 0
DPTR FM NORMAL 0
[CDD (BASE 65) ]
TOTAL THIS MO. 427
DPTR FM NORMAL -7 [PRESSURE DATA]
TOTAL FM JAN 1 1318 HIGHEST SLP 30.17 ON 28
DPTR FM NORMAL -146 LOWEST SLP 29.65 ON 31
[REMARKS]
#FINAL-08-21#