000
CXUS53 KPAH 010940
CF6OWB
PRELIMINARY LOCAL CLIMATOLOGICAL DATA (WS FORM: F-6)
STATION: OWENSBORO KY
MONTH: JANUARY
YEAR: 2024
LATITUDE: 37 45 N
LONGITUDE: 87 10 W
TEMPERATURE IN F: :PCPN: SNOW: WIND :SUNSHINE: SKY :PK WND
================================================================================
1 2 3 4 5 6A 6B 7 8 9 10 11 12 13 14 15 16 17 18
12Z AVG MX 2MIN
DY MAX MIN AVG DEP HDD CDD WTR SNW DPTH SPD SPD DIR MIN PSBL S-S WX SPD DR
================================================================================
1 37 34 36 0 29 0 0.00 M M 7.0 14 310 M M 10 20 320
2 40 26 33 -3 32 0 0.00 M M 4.5 14 250 M M 7 18 240
3 46 23 35 -1 30 0 0.00 M M 6.6 16 340 M M 3 21 340
4 41 27 34 -2 31 0 0.00 M M 4.7 12 60 M M 5 15 10
5 43 25 34 -2 31 0 T M M 6.3 12 110 M M 2 15 110
6 43 36 40 4 25 0 0.36 M M 6.8 18 270 M M 10 1 24 280
7 42 33 38 2 27 0 T M M 8.2 17 270 M M 10 22 280
8 45 28 37 1 28 0 0.69 M M 10.9 22 90 M M 3 1 28 90
9 49 35 42 6 23 0 0.74 M M 16.8 35 230 M M 10 1 43 230
10 39 32 36 0 29 0 T M M 12.6 28 270 M M 7 1 36 270
11 52 32 42 6 23 0 0.00 M M 8.0 15 110 M M 0 17 100
12 51 26 39 3 26 0 1.91 M M 18.3 40 240 M M 9 13 47 260
13 34 22 28 -8 37 0 T M M 15.8 29 260 M M 8 37 260
14 22 5 14 -22 51 0 T M M 11.0 23 300 M M 7 1 29 300
15 15 4 10 -26 55 0 0.02 M M 7.4 13 350 M M 9 16 350
16 16 1 9 -27 56 0 T M M 8.9 17 320 M M 6 21 310
17 30 1 16 -20 49 0 0.00 M M 10.5 22 220 M M 0 26 210
18 33 19 26 -10 39 0 T M M 6.8 13 190 M M 5 15 180
19 28 8 18 -18 47 0 T M M 15.0 30 320 M M 7 1 36 320
20 18 4 11 -25 54 0 0.00 M M 7.1 17 320 M M 3 20 320
21 31 0 16 -20 49 0 0.00 M M 4.8 12 150 M M 0 14 150
22 44 19 32 -4 33 0 T M M 9.2 16 190 M M 8 8 18 190
23 50 41 46 10 19 0 0.41 M M 8.3 15 150 M M 10 1 17 160
24 58 49 54 18 11 0 0.80 M M 5.8 13 160 M M 10 12 15 150
25 M M M M M M M M M M M M M M M 12 M M
26 49 42 46 10 19 0 0.00 M M 6.4 12 270 M M 10 1 13 20
27 44 40 42 6 23 0 0.57 M M 11.5 23 320 M M 10 13 31 40
28 40 35 38 2 27 0 0.02 M M 17.4 26 310 M M 10 1 31 320
29 37 31 34 -3 31 0 T M M 7.1 15 310 M M 8 1 17 310
30 45 31 38 1 27 0 T M M 9.5 17 300 M M 7 18 22 300
31 46 31 39 2 26 0 0.00 M M 5.1 13 320 M M 7 18 15 320
================================================================================
SM 1168 740 987 0 5.52 M 278.3 M 201
================================================================================
AV 38.9 24.7 9.3 FASTST M M 7 MAX(MPH)
MISC ----> 40 240 47 260
================================================================================
NOTES:
# LAST OF SEVERAL OCCURRENCES
COLUMN 17 PEAK WIND IN M.P.H.
PRELIMINARY LOCAL CLIMATOLOGICAL DATA (WS FORM: F-6) , PAGE 2
STATION: OWENSBORO KY
MONTH: JANUARY
YEAR: 2024
LATITUDE: 37 45 N
LONGITUDE: 87 10 W
[TEMPERATURE DATA] [PRECIPITATION DATA] SYMBOLS USED IN COLUMN 16
AVERAGE MONTHLY: 31.8 TOTAL FOR MONTH: 5.52 1 = FOG OR MIST
DPTR FM NORMAL: -4.2 DPTR FM NORMAL: 2.11 2 = FOG REDUCING VISIBILITY
HIGHEST: 58 ON 24 GRTST 24HR 2.58 ON 11-12 TO 1/4 MILE OR LESS
LOWEST: 0 ON 21 3 = THUNDER
SNOW, ICE PELLETS, HAIL 4 = ICE PELLETS
TOTAL MONTH: M 5 = HAIL
GRTST 24HR M ON M 6 = FREEZING RAIN OR DRIZZLE
GRTST DEPTH: M ON M 7 = DUSTSTORM OR SANDSTORM:
VSBY 1/2 MILE OR LESS
8 = SMOKE OR HAZE
[NO. OF DAYS WITH] [WEATHER - DAYS WITH] 9 = BLOWING SNOW
X = TORNADO
MAX 32 OR BELOW: 7 0.01 INCH OR MORE: 9
MAX 90 OR ABOVE: 0 0.10 INCH OR MORE: 7
MIN 32 OR BELOW: 21 0.50 INCH OR MORE: 5
MIN 0 OR BELOW: 1 1.00 INCH OR MORE: 1
[HDD (BASE 65) ]
TOTAL THIS MO. 987 CLEAR (SCALE 0-3) 7
DPTR FM NORMAL 86 PTCLDY (SCALE 4-7) 11
TOTAL FM JUL 1 2329 CLOUDY (SCALE 8-10) 13
DPTR FM NORMAL -57
[CDD (BASE 65) ]
TOTAL THIS MO. 0
DPTR FM NORMAL 0 [PRESSURE DATA]
TOTAL FM JAN 1 0 HIGHEST SLP 30.77 ON 21
DPTR FM NORMAL 0 LOWEST SLP 29.10 ON 12
[REMARKS]
#FINAL-01-24#