000
CXUS55 KRIW 011010
CF6P60
PRELIMINARY LOCAL CLIMATOLOGICAL DATA (WS FORM: F-6)
STATION: LAKE YELLOWSTONE WY
MONTH: MAY
YEAR: 2023
LATITUDE: 44 32 N
LONGITUDE: 110 25 W
TEMPERATURE IN F: :PCPN: SNOW: WIND :SUNSHINE: SKY :PK WND
================================================================================
1 2 3 4 5 6A 6B 7 8 9 10 11 12 13 14 15 16 17 18
12Z AVG MX 2MIN
DY MAX MIN AVG DEP HDD CDD WTR SNW DPTH SPD SPD DIR MIN PSBL S-S WX SPD DR
================================================================================
1 62 23 43 9 22 0 0.00 M M 1.3 6 100 M M 0 10 90
2 64 28 46 12 19 0 0.00 M M 1.9 10 250 M M 0 21 290
3 59 27 43 9 22 0 0.00 M M 0.9 6 120 M M 0 10 140
4 60 26 43 8 22 0 0.33 M M 1.4 7 110 M M 0 16 120
5 45 25 35 0 30 0 0.10 M M 1.7 10 270 M M 0 21 230
6 41 22 32 -3 33 0 0.06 M M 2.8 14 270 M M 0 25 270
7 41 25 33 -3 32 0 0.10 M M 2.7 16 270 M M 0 31 280
8 48 28 38 2 27 0 0.15 M M 1.3 10 280 M M 0 24 240
9 46 25 36 0 29 0 0.00 M M 2.4 13 270 M M 0 22 210
10 55 22 39 2 26 0 0.05 M M 0.8 8 110 M M 0 15 80
11 46 30 38 1 27 0 0.05 M M 0.3 10 280 M M 0 17 280
12 52 26 39 2 26 0 0.00 M M 2.6 9 330 M M 0 20 40
13 51 31 41 3 24 0 0.00 M M 1.5 9 90 M M 0 20 50
14 51 29 40 2 25 0 0.00 M M 0.8 8 100 M M 0 18 90
15 59 29 44 6 21 0 0.00 M M 1.6 13 270 M M 0 21 270
16 56 30 43 4 22 0 0.04 M M 0.9 12 280 M M 0 23 280
17 54 29 42 3 23 0 0.07 M M 0.7 12 320 M M 0 22 330
18 58 29 44 5 21 0 0.00 M M 1.0 10 310 M M 0 17 300
19 61 26 44 4 21 0 0.00 M M 1.5 6 310 M M 0 10 140
20 63 27 45 5 20 0 0.00 M M 1.3 13 270 M M 0 19 280
21 66 29 48 8 17 0 0.00 M M 1.5 10 280 M M 0 20 270
22 64 30 47 7 18 0 0.00 M M 1.4 16 280 M M 0 28 290
23 61 32 47 6 18 0 0.04 M M 1.1 9 280 M M 0 24 170
24 55 36 46 5 19 0 0.06 M M 0.7 12 270 M M 0 21 270
25 59 30 45 4 20 0 0.01 M M 1.3 14 280 M M 0 25 270
26 57 31 44 2 21 0 0.00 M M 0.6 7 140 M M 0 13 110
27 57 35 46 4 19 0 0.00 M M 1.7 8 240 M M 0 19 220
28 54 38 46 4 19 0 0.03 M M 1.4 13 290 M M 0 20 280
29 60 33 47 5 18 0 0.11 M M 2.0 14 300 M M 0 29 320
30 58 31 45 3 20 0 0.00 M M 1.4 8 320 M M 0 20 180
31 65 33 49 6 16 0 0.00 M M 1.3 9 230 M M 0 19 240
================================================================================
SM 1728 895 697 0 1.20 M 43.8 M 0
================================================================================
AV 55.7 28.9 1.4 FASTST M M 0 MAX(MPH)
MISC ----> # 16 270 31 280
================================================================================
NOTES:
# LAST OF SEVERAL OCCURRENCES
COLUMN 17 PEAK WIND IN M.P.H.
PRELIMINARY LOCAL CLIMATOLOGICAL DATA (WS FORM: F-6) , PAGE 2
STATION: LAKE YELLOWSTONE WY
MONTH: MAY
YEAR: 2023
LATITUDE: 44 32 N
LONGITUDE: 110 25 W
[TEMPERATURE DATA] [PRECIPITATION DATA] SYMBOLS USED IN COLUMN 16
AVERAGE MONTHLY: 42.3 TOTAL FOR MONTH: 1.20 1 = FOG OR MIST
DPTR FM NORMAL: 3.9 DPTR FM NORMAL: -1.15 2 = FOG REDUCING VISIBILITY
HIGHEST: 66 ON 21 GRTST 24HR 0.43 ON 4- 5 TO 1/4 MILE OR LESS
LOWEST: 22 ON 10, 6 3 = THUNDER
SNOW, ICE PELLETS, HAIL 4 = ICE PELLETS
TOTAL MONTH: M 5 = HAIL
GRTST 24HR M ON M 6 = FREEZING RAIN OR DRIZZLE
GRTST DEPTH: M ON M 7 = DUSTSTORM OR SANDSTORM:
VSBY 1/2 MILE OR LESS
8 = SMOKE OR HAZE
[NO. OF DAYS WITH] [WEATHER - DAYS WITH] 9 = BLOWING SNOW
X = TORNADO
MAX 32 OR BELOW: 0 0.01 INCH OR MORE: 14
MAX 90 OR ABOVE: 0 0.10 INCH OR MORE: 5
MIN 32 OR BELOW: 26 0.50 INCH OR MORE: 0
MIN 0 OR BELOW: 0 1.00 INCH OR MORE: 0
[HDD (BASE 65) ]
TOTAL THIS MO. 697 CLEAR (SCALE 0-3) 31
DPTR FM NORMAL -126 PTCLDY (SCALE 4-7) 0
TOTAL FM JUL 1 11463 CLOUDY (SCALE 8-10) 0
DPTR FM NORMAL -10
[CDD (BASE 65) ]
TOTAL THIS MO. 0
DPTR FM NORMAL 0 [PRESSURE DATA]
TOTAL FM JAN 1 0 HIGHEST SLP 30.47 ON 15
DPTR FM NORMAL 0 LOWEST SLP 29.75 ON 4
[REMARKS]
#FINAL-05-23#