000
CXUS56 KLKN 161851
CF6P68
PRELIMINARY LOCAL CLIMATOLOGICAL DATA (WS FORM: F-6)
STATION: EUREKA AIRPORT NV
MONTH: NOVEMBER
YEAR: 2021
LATITUDE: 39 30 N
LONGITUDE: 115 58 W
TEMPERATURE IN F: :PCPN: SNOW: WIND :SUNSHINE: SKY :PK WND
================================================================================
1 2 3 4 5 6A 6B 7 8 9 10 11 12 13 14 15 16 17 18
12Z AVG MX 2MIN
DY MAX MIN AVG DEP HDD CDD WTR SNW DPTH SPD SPD DIR MIN PSBL S-S WX SPD DR
================================================================================
1 59 39 49 8 16 0 0.04 M M 3.9 25 210 M M M 34 210
2 60 34 47 6 18 0 0.00 M M 3.9 10 350 M M M 14 30
3 64 30 47 7 18 0 0.00 M M 4.2 9 200 M M M 12 100
4 73 35 54 14 11 0 0.00 M M 7.8 26 260 M M M 34 250
5 68 28 48 8 17 0 0.00 M M 6.8 18 160 M M M 24 140
6 65 30 48 9 17 0 0.00 M M 4.6 18 190 M M M 27 190
7 51 32 42 3 23 0 0.00 M M 5.7 15 10 M M M 21 20
8 53 23 38 0 27 0 0.00 M M 3.4 12 190 M M M 18 170
9 57 37 47 9 18 0 0.01 M M 6.8 23 200 M M M 32 330
10 54 26 40 2 25 0 0.00 M M 5.3 17 310 M M M 22 300
11 56 26 41 4 24 0 0.00 M M 5.8 12 10 M M M 16 10
12 64 28 46 9 19 0 0.00 M M 4.6 12 200 M M M 14 200
13 63 26 45 9 20 0 0.00 M M 5.8 13 200 M M M 18 200
14 66 25 46 10 19 0 0.00 M M 5.5 13 210 M M M 17 220
15 60 33 47 12 18 0 0.00 M M 5.2 13 200 M M M 16 210
16 58 22 40 5 25 0 0.00 M M 8.3 18 320 M M M 27 320
17 46 12 29 -5 36 0 0.00 M M 3.3 9 180 M M M 12 30
18 52 16 34 0 31 0 0.00 M M 4.8 10 180 M M M 15 170
19 55 31 43 9 22 0 0.00 M M 4.3 18 320 M M M 26 320
20 47 19 33 0 32 0 0.07 M M 3.8 14 10 M M M 18 10
21 49 14 32 -1 33 0 0.00 M M 3.9 9 190 M M M 11 360
22 58 13 36 4 29 0 0.00 M M 5.9 17 150 M M M 23 150
23 54 15 35 3 30 0 0.00 M M 9.2 21 300 M M M 30 260
24 39 8 24 -7 41 0 0.00 M M 4.2 12 20 M M M 16 360
25 48 8 28 -3 37 0 0.00 M M 5.1 12 200 M M M 14 220
26 56 18 37 7 28 0 0.00 M M 4.7 12 210 M M M 15 210
27 58 17 38 8 27 0 0.00 M M 4.4 10 180 M M M 12 10
28 62 20 41 11 24 0 0.00 M M 4.7 12 210 M M M 15 200
29 63 24 44 15 21 0 0.00 M M 5.1 13 200 M M M 17 210
30 57 20 39 10 26 0 0.00 M M 5.8 13 200 M M M 15 200
================================================================================
SM 1715 709 732 0 0.12 M 156.8 M M
================================================================================
AV 57.2 23.6 5.2 FASTST M M M MAX(MPH)
MISC ----> 26 260 # 34 250
================================================================================
NOTES:
# LAST OF SEVERAL OCCURRENCES
COLUMN 17 PEAK WIND IN M.P.H.
PRELIMINARY LOCAL CLIMATOLOGICAL DATA (WS FORM: F-6) , PAGE 2
STATION: EUREKA AIRPORT NV
MONTH: NOVEMBER
YEAR: 2021
LATITUDE: 39 30 N
LONGITUDE: 115 58 W
[TEMPERATURE DATA] [PRECIPITATION DATA] SYMBOLS USED IN COLUMN 16
AVERAGE MONTHLY: 40.4 TOTAL FOR MONTH: 0.12 1 = FOG OR MIST
DPTR FM NORMAL: 5.3 DPTR FM NORMAL: -0.52 2 = FOG REDUCING VISIBILITY
HIGHEST: 73 ON 4 GRTST 24HR 0.07 ON 19-20 TO 1/4 MILE OR LESS
LOWEST: 8 ON 24,25 3 = THUNDER
SNOW, ICE PELLETS, HAIL 4 = ICE PELLETS
TOTAL MONTH: M 5 = HAIL
GRTST 24HR M ON M 6 = FREEZING RAIN OR DRIZZLE
GRTST DEPTH: M ON M 7 = DUSTSTORM OR SANDSTORM:
VSBY 1/2 MILE OR LESS
8 = SMOKE OR HAZE
[NO. OF DAYS WITH] [WEATHER - DAYS WITH] 9 = BLOWING SNOW
X = TORNADO
MAX 32 OR BELOW: 0 0.01 INCH OR MORE: 3
MAX 90 OR ABOVE: 0 0.10 INCH OR MORE: 0
MIN 32 OR BELOW: 25 0.50 INCH OR MORE: 0
MIN 0 OR BELOW: 0 1.00 INCH OR MORE: 0
[HDD (BASE 65) ]
TOTAL THIS MO. 732 CLEAR (SCALE 0-3) 0
DPTR FM NORMAL -166 PTCLDY (SCALE 4-7) 0
TOTAL FM JUL 1 1500 CLOUDY (SCALE 8-10) 30
DPTR FM NORMAL -191
[CDD (BASE 65) ]
TOTAL THIS MO. 0
DPTR FM NORMAL 0 [PRESSURE DATA]
TOTAL FM JAN 1 614 HIGHEST SLP 30.76 ON 25
DPTR FM NORMAL 258 LOWEST SLP 29.81 ON 6
[REMARKS]
#FINAL-11-21#