000
CXUS53 KPAH 010730
CF6PAH
PRELIMINARY LOCAL CLIMATOLOGICAL DATA (WS FORM: F-6)
STATION: PADUCAH KY
MONTH: JUNE
YEAR: 2023
LATITUDE: 37 4 N
LONGITUDE: 88 46 W
TEMPERATURE IN F: :PCPN: SNOW: WIND :SUNSHINE: SKY :PK WND
================================================================================
1 2 3 4 5 6A 6B 7 8 9 10 11 12 13 14 15 16 17 18
12Z AVG MX 2MIN
DY MAX MIN AVG DEP HDD CDD WTR SNW DPTH SPD SPD DIR MIN PSBL S-S WX SPD DR
================================================================================
1 90 65 78 5 0 13 0.00 0.0 0 1.7 9 120 M M 2 38 13 130
2 93 66 80 7 0 15 0.00 0.0 0 3.2 14 100 M M 1 18 19 70
3 94 60 77 3 0 12 0.00 0.0 0 4.1 16 80 M M 0 1 21 80
4 95 63 79 5 0 14 0.00 0.0 0 2.3 14 70 M M 0 1 22 60
5 89 60 75 1 0 10 0.00 0.0 0 3.0 12 70 M M 0 18 16 20
6 89 56 73 -1 0 8 0.00 0.0 0 1.2 10 70 M M 0 1 14 60
7 81 60 71 -4 0 6 T 0.0 0 2.3 18 350 M M 2 18 26 360
8 85 54 70 -5 0 5 0.00 0.0 0 2.8 9 300 M M 1 12 15 10
9 85 51 68 -7 0 3 0.00 0.0 0 1.6 12 70 M M 0 1 17 80
10 88 54 71 -5 0 6 0.00 0.0 0 2.8 12 170 M M 1 18 17 170
11 77 65 71 -5 0 6 0.67 0.0 0 6.5 21 310 M M 7 13 30 310
12 75 55 65 -11 0 0 0.00 0.0 0 5.6 14 360 M M 6 22 360
13 81 52 67 -9 0 2 0.00 0.0 0 2.5 13 250 M M 0 1 20 220
14 86 58 72 -4 0 7 0.00 0.0 0 2.6 9 230 M M 0 1 14 210
15 91 62 77 0 0 12 0.00 0.0 0 1.4 8 70 M M 2 128 11 310
16 93 63 78 1 0 13 0.00 0.0 0 3.3 10 50 M M 1 1 14 330
17 87 63 75 -2 0 10 0.00 0.0 0 3.2 12 100 M M 0 17 110
18 83 63 73 -4 0 8 0.37 0.0 0 4.0 10 140 M M 4 1 15 120
19 85 68 77 -1 0 12 0.03 0.0 0 4.8 13 70 M M 6 138 22 310
20 89 66 78 0 0 13 0.00 0.0 0 6.6 16 110 M M 2 22 40
21 86 70 78 0 0 13 0.00 0.0 0 8.7 18 80 M M 6 26 80
22 84 65 75 -3 0 10 0.00 0.0 0 6.2 17 70 M M 3 27 20
23 91 62 77 -1 0 12 0.00 0.0 0 2.7 14 360 M M 2 1 23 320
24 94 66 80 2 0 15 0.00 0.0 0 2.7 13 220 M M 2 20 230
25 99 M M M M M 0.00 0.0 0 6.3 17 230 M M 2 3 27 230
26 91 66 79 0 0 14 0.00 0.0 0 4.8 14 270 M M 0 24 240
27 91 64 78 -1 0 13 0.00 0.0 0 3.1 14 330 M M 1 23 340
28 93 66 80 1 0 15 0.00 0.0 0 4.1 14 140 M M 1 8 20 160
29 96 75 86 7 0 21 T 0.0 0 8.1 21 140 M M 1 27 120
30 101 73 87 8 0 22 0.00 0.0 0 5.4 12 120 M M 0 22 250
================================================================================
SM 2662 1811 0 310 1.07 0.0 117.6 M 53
================================================================================
AV 88.7 62.4 3.9 FASTST M M 2 MAX(MPH)
MISC ----> # 21 310 30 310
================================================================================
NOTES:
# LAST OF SEVERAL OCCURRENCES
COLUMN 17 PEAK WIND IN M.P.H.
PRELIMINARY LOCAL CLIMATOLOGICAL DATA (WS FORM: F-6) , PAGE 2
STATION: PADUCAH KY
MONTH: JUNE
YEAR: 2023
LATITUDE: 37 4 N
LONGITUDE: 88 46 W
[TEMPERATURE DATA] [PRECIPITATION DATA] SYMBOLS USED IN COLUMN 16
AVERAGE MONTHLY: 75.6 TOTAL FOR MONTH: 1.07 1 = FOG OR MIST
DPTR FM NORMAL: -0.9 DPTR FM NORMAL: -3.44 2 = FOG REDUCING VISIBILITY
HIGHEST: 101 ON 30 GRTST 24HR 0.67 ON 11-11 TO 1/4 MILE OR LESS
LOWEST: 51 ON 9 3 = THUNDER
SNOW, ICE PELLETS, HAIL 4 = ICE PELLETS
TOTAL MONTH: 0.0 INCH 5 = HAIL
GRTST 24HR 0.0 6 = FREEZING RAIN OR DRIZZLE
GRTST DEPTH: 0 7 = DUSTSTORM OR SANDSTORM:
VSBY 1/2 MILE OR LESS
8 = SMOKE OR HAZE
[NO. OF DAYS WITH] [WEATHER - DAYS WITH] 9 = BLOWING SNOW
X = TORNADO
MAX 32 OR BELOW: 0 0.01 INCH OR MORE: 3
MAX 90 OR ABOVE: 14 0.10 INCH OR MORE: 2
MIN 32 OR BELOW: 0 0.50 INCH OR MORE: 1
MIN 0 OR BELOW: 0 1.00 INCH OR MORE: 0
[HDD (BASE 65) ]
TOTAL THIS MO. 0 CLEAR (SCALE 0-3) 25
DPTR FM NORMAL -2 PTCLDY (SCALE 4-7) 5
TOTAL FM JUL 1 3428 CLOUDY (SCALE 8-10) 0
DPTR FM NORMAL -496
[CDD (BASE 65) ]
TOTAL THIS MO. 310
DPTR FM NORMAL -38 [PRESSURE DATA]
TOTAL FM JAN 1 515 HIGHEST SLP M ON M
DPTR FM NORMAL -43 LOWEST SLP 29.60 ON 11
[REMARKS]
#FINAL-06-23#