000
CXUS53 KPAH 010700
CF6PAH
PRELIMINARY LOCAL CLIMATOLOGICAL DATA (WS FORM: F-6)
STATION: PADUCAH KY
MONTH: AUGUST
YEAR: 2022
LATITUDE: 37 4 N
LONGITUDE: 88 46 W
TEMPERATURE IN F: :PCPN: SNOW: WIND :SUNSHINE: SKY :PK WND
================================================================================
1 2 3 4 5 6A 6B 7 8 9 10 11 12 13 14 15 16 17 18
12Z AVG MX 2MIN
DY MAX MIN AVG DEP HDD CDD WTR SNW DPTH SPD SPD DIR MIN PSBL S-S WX SPD DR
================================================================================
1 91 75 83 4 0 18 0.00 0.0 0 5.5 13 240 M M 6 18 17 260
2 90 68 79 0 0 14 0.21 0.0 0 4.5 29 100 M M 2 13 37 110
3 92 74 83 4 0 18 0.00 0.0 0 4.1 12 230 M M 1 21 250
4 80 74 77 -2 0 12 T 0.0 0 2.5 9 240 M M 5 17 260
5 90 72 81 2 0 16 0.00 0.0 0 2.8 10 210 M M 5 1 19 170
6 93 73 83 4 0 18 0.00 0.0 0 3.1 10 220 M M 2 18 200
7 94 73 84 5 0 19 0.00 0.0 0 3.3 13 220 M M 0 22 220
8 95 73 84 5 0 19 0.00 0.0 0 3.6 16 140 M M 2 3 22 300
9 92 72 82 3 0 17 0.00 0.0 0 4.0 12 180 M M 3 3 19 190
10 85 71 78 -1 0 13 0.00 0.0 0 2.9 14 350 M M 8 1 20 350
11 90 68 79 0 0 14 0.00 0.0 0 3.4 12 20 M M 3 16 20
12 87 62 75 -4 0 10 0.00 0.0 0 4.8 14 70 M M 0 21 360
13 89 59 74 -5 0 9 0.00 0.0 0 0.5 9 90 M M 0 14 100
14 89 67 78 -1 0 13 0.00 0.0 0 3.7 13 260 M M 2 25 260
15 86 68 77 -1 0 12 0.00 0.0 0 5.0 14 20 M M 4 18 20 10
16 75 65 70 -8 0 5 0.47 0.0 0 5.0 7 30 M M 8 12 10 20
17 86 62 74 -4 0 9 0.00 0.0 0 3.6 12 70 M M 3 12 18 40
18 88 60 74 -4 0 9 0.00 0.0 0 1.9 9 10 M M 0 1 14 30
19 89 62 76 -2 0 11 0.39 0.0 0 1.6 22 160 M M 2 18 28 170
20 89 64 77 -1 0 12 0.00 0.0 0 1.8 8 280 M M 0 12 13 270
21 86 67 77 -1 0 12 0.20 0.0 0 2.8 9 320 M M 3 13 18 230
22 89 63 76 -2 0 11 0.00 0.0 0 2.3 12 50 M M 2 1 18 30
23 88 62 75 -3 0 10 0.00 0.0 0 1.9 9 60 M M 1 1 14 360
24 91 61 76 -1 0 11 0.00 0.0 0 2.2 9 60 M M 1 18 11 50
25 93 65 79 2 0 14 0.00 0.0 0 1.6 10 330 M M 1 14 350
26 94 66 80 3 0 15 0.00 0.0 0 1.7 13 30 M M 1 1 19 20
27 95 66 81 4 0 16 0.00 0.0 0 1.5 9 340 M M 1 1 13 330
28 94 69 82 5 0 17 0.00 0.0 0 4.5 14 190 M M 1 1 24 170
29 95 75 85 9 0 20 0.15 0.0 0 4.2 21 150 M M 3 13 35 160
30 91 65 78 2 0 13 0.04 0.0 0 2.3 10 350 M M 4 1 15 60
31 88 59 74 -2 0 9 0.00 0.0 0 1.2 12 360 M M 0 1 15 10
================================================================================
SM 2774 2080 0 416 1.46 0.0 93.8 M 74
================================================================================
AV 89.5 67.1 3.0 FASTST M M 2 MAX(MPH)
MISC ----> 29 100 37 110
================================================================================
NOTES:
# LAST OF SEVERAL OCCURRENCES
COLUMN 17 PEAK WIND IN M.P.H.
PRELIMINARY LOCAL CLIMATOLOGICAL DATA (WS FORM: F-6) , PAGE 2
STATION: PADUCAH KY
MONTH: AUGUST
YEAR: 2022
LATITUDE: 37 4 N
LONGITUDE: 88 46 W
[TEMPERATURE DATA] [PRECIPITATION DATA] SYMBOLS USED IN COLUMN 16
AVERAGE MONTHLY: 78.3 TOTAL FOR MONTH: 1.46 1 = FOG OR MIST
DPTR FM NORMAL: 0.1 DPTR FM NORMAL: -1.65 2 = FOG REDUCING VISIBILITY
HIGHEST: 95 ON 29,27 GRTST 24HR 0.47 ON 16-16 TO 1/4 MILE OR LESS
LOWEST: 59 ON 31,13 3 = THUNDER
SNOW, ICE PELLETS, HAIL 4 = ICE PELLETS
TOTAL MONTH: 0.0 INCH 5 = HAIL
GRTST 24HR 0.0 6 = FREEZING RAIN OR DRIZZLE
GRTST DEPTH: 0 7 = DUSTSTORM OR SANDSTORM:
VSBY 1/2 MILE OR LESS
8 = SMOKE OR HAZE
[NO. OF DAYS WITH] [WEATHER - DAYS WITH] 9 = BLOWING SNOW
X = TORNADO
MAX 32 OR BELOW: 0 0.01 INCH OR MORE: 6
MAX 90 OR ABOVE: 16 0.10 INCH OR MORE: 5
MIN 32 OR BELOW: 0 0.50 INCH OR MORE: 0
MIN 0 OR BELOW: 0 1.00 INCH OR MORE: 0
[HDD (BASE 65) ]
TOTAL THIS MO. 0 CLEAR (SCALE 0-3) 22
DPTR FM NORMAL 0 PTCLDY (SCALE 4-7) 8
TOTAL FM JUL 1 0 CLOUDY (SCALE 8-10) 1
DPTR FM NORMAL 0
[CDD (BASE 65) ]
TOTAL THIS MO. 416
DPTR FM NORMAL 8 [PRESSURE DATA]
TOTAL FM JAN 1 1566 HIGHEST SLP M ON M
DPTR FM NORMAL 146 LOWEST SLP 29.83 ON 28
[REMARKS]
#FINAL-08-22#