000
CXUS54 KMAF 011110
CF6PEQ
PRELIMINARY LOCAL CLIMATOLOGICAL DATA (WS FORM: F-6)
STATION: PECOS MUNICIPAL AIRPORT
MONTH: JULY
YEAR: 2022
LATITUDE: 31 22 N
LONGITUDE: 103 31 W
TEMPERATURE IN F: :PCPN: SNOW: WIND :SUNSHINE: SKY :PK WND
================================================================================
1 2 3 4 5 6A 6B 7 8 9 10 11 12 13 14 15 16 17 18
12Z AVG MX 2MIN
DY MAX MIN AVG DEP HDD CDD WTR SNW DPTH SPD SPD DIR MIN PSBL S-S WX SPD DR
================================================================================
1 103 73 88 M 0 23 M M M 6.4 18 70 M M 1 25 70
2 101 74 88 M 0 23 M M M 8.2 21 190 M M 2 26 190
3 98 72 85 M 0 20 M M M 9.8 22 120 M M 1 3 25 120
4 100 72 86 M 0 21 M M M 9.4 30 170 M M 0 47 170
5 99 73 86 M 0 21 M M M 5.3 14 190 M M 1 3 43 230
6 100 71 86 M 0 21 M M M 4.6 13 120 M M 0 20 50
7 104 73 89 M 0 24 M M M 6.3 20 200 M M 1 29 90
8 103 71 87 M 0 22 M M M 5.4 15 90 M M 0 23 80
9 102 78 90 M 0 25 M M M 7.1 24 110 M M 1 8 33 110
10 103 73 88 M 0 23 M M M 4.1 17 190 M M 1 26 190
11 105 71 88 M 0 23 M M M 4.3 12 100 M M 0 21 180
12 102 73 88 M 0 23 M M M 9.0 16 20 M M 1 25 300
13 100 75 88 M 0 23 M M M 8.1 22 200 M M 2 39 90
14 102 70 86 M 0 21 M M M 6.1 22 120 M M 1 29 100
15 100 73 87 M 0 22 M M M 9.4 18 80 M M 1 24 110
16 100 70 85 M 0 20 M M M 7.8 13 120 M M 1 23 70
17 102 72 87 M 0 22 M M M 6.7 16 90 M M 0 23 80
18 104 69 87 M 0 22 M M M 6.9 15 110 M M 0 23 90
19 108 71 90 M 0 25 M M M 8.5 16 150 M M 0 20 110
20 107 74 91 M 0 26 M M M 9.0 16 80 M M 0 22 80
21 102 78 90 M 0 25 M M M 9.2 17 100 M M 0 24 80
22 102 81 92 M 0 27 M M M 10.7 17 120 M M 0 23 90
23 102 78 90 M 0 25 M M M 11.8 22 120 M M 0 26 120
24 100 76 88 M 0 23 M M M 9.8 18 130 M M 3 25 130
25 103 80 92 M 0 27 M M M 8.6 15 130 M M 4 38 29 210
26 103 74 89 M 0 24 M M M 5.2 12 130 M M 1 21 210
27 102 74 88 M 0 23 M M M 6.3 18 180 M M 1 25 180
28 101 73 87 M 0 22 M M M 9.4 20 100 M M 0 25 100
29 100 76 88 M 0 23 M M M 10.7 24 90 M M 1 30 90
30 102 74 88 M 0 23 M M M 9.0 17 110 M M 1 23 80
31 103 73 88 M 0 23 M M M 8.0 18 100 M M 0 24 110
================================================================================
SM 3163 2285 0 715 M M 241.0 M 25
================================================================================
AV102.0 73.7 7.8 FASTST M M 1 MAX(MPH)
MISC ----> 30 170 47 170
================================================================================
NOTES:
# LAST OF SEVERAL OCCURRENCES
COLUMN 17 PEAK WIND IN M.P.H.
PRELIMINARY LOCAL CLIMATOLOGICAL DATA (WS FORM: F-6) , PAGE 2
STATION: PECOS MUNICIPAL AIRPORT
MONTH: JULY
YEAR: 2022
LATITUDE: 31 22 N
LONGITUDE: 103 31 W
[TEMPERATURE DATA] [PRECIPITATION DATA] SYMBOLS USED IN COLUMN 16
AVERAGE MONTHLY: 87.9 TOTAL FOR MONTH: M 1 = FOG OR MIST
DPTR FM NORMAL: 0.0 DPTR FM NORMAL: M 2 = FOG REDUCING VISIBILITY
HIGHEST: 108 ON 19 GRTST 24HR M ON M TO 1/4 MILE OR LESS
LOWEST: 69 ON 18 3 = THUNDER
SNOW, ICE PELLETS, HAIL 4 = ICE PELLETS
TOTAL MONTH: M 5 = HAIL
GRTST 24HR M ON M 6 = FREEZING RAIN OR DRIZZLE
GRTST DEPTH: M ON M 7 = DUSTSTORM OR SANDSTORM:
VSBY 1/2 MILE OR LESS
8 = SMOKE OR HAZE
[NO. OF DAYS WITH] [WEATHER - DAYS WITH] 9 = BLOWING SNOW
X = TORNADO
MAX 32 OR BELOW: 0 0.01 INCH OR MORE: 0
MAX 90 OR ABOVE: 31 0.10 INCH OR MORE: 0
MIN 32 OR BELOW: 0 0.50 INCH OR MORE: 0
MIN 0 OR BELOW: 0 1.00 INCH OR MORE: 0
[HDD (BASE 65) ]
TOTAL THIS MO. 0 CLEAR (SCALE 0-3) 30
DPTR FM NORMAL M PTCLDY (SCALE 4-7) 1
TOTAL FM JUL 1 0 CLOUDY (SCALE 8-10) 0
DPTR FM NORMAL M
[CDD (BASE 65) ]
TOTAL THIS MO. 715
DPTR FM NORMAL M [PRESSURE DATA]
TOTAL FM JAN 1 1927 HIGHEST SLP M ON M
DPTR FM NORMAL M LOWEST SLP M ON M
[REMARKS]
#FINAL-07-22#