000
CXUS51 KPBZ 010730
CF6PHD
PRELIMINARY LOCAL CLIMATOLOGICAL DATA (WS FORM: F-6)
STATION: NEW PHILADELPHIA OH
MONTH: MAY
YEAR: 2020
LATITUDE: 40 28 N
LONGITUDE: 81 25 W
TEMPERATURE IN F: :PCPN: SNOW: WIND :SUNSHINE: SKY :PK WND
================================================================================
1 2 3 4 5 6A 6B 7 8 9 10 11 12 13 14 15 16 17 18
12Z AVG MX 2MIN
DY MAX MIN AVG DEP HDD CDD WTR SNW DPTH SPD SPD DIR MIN PSBL S-S WX SPD DR
================================================================================
1 54 40 47 -9 18 0 0.05 M M 5.0 15 300 M M 8 1 20 300
2 74 39 57 1 8 0 0.00 M M 6.7 16 170 M M 4 12 25 150
3 76 58 67 11 0 2 T M M 4.9 23 330 M M 7 30 330
4 59 44 52 -4 13 0 0.00 M M 7.9 16 340 M M 1 18 23 360
5 51 39 45 -12 20 0 0.04 M M 5.3 14 90 M M 7 1 18 100
6 57 36 47 -10 18 0 0.05 M M 8.6 21 330 M M 7 1 30 340
7 67 29 48 -9 17 0 0.00 M M 6.8 22 250 M M 4 33 260
8 50 29 40 -18 25 0 0.04 M M 6.0 20 350 M M 8 27 360
9 47 28 38 -20 27 0 T M M 7.1 23 290 M M 7 1 31 290
10 62 31 47 -11 18 0 0.12 M M 6.5 26 290 M M 5 1 39 280
11 44 38 41 -17 24 0 0.07 M M 7.7 15 260 M M 10 1 23 270
12 58 33 46 -13 19 0 0.00 M M 5.3 17 290 M M 6 24 260
13 66 32 49 -10 16 0 0.00 M M 2.1 13 340 M M 0 17 280
14 72 41 57 -2 8 0 0.12 M M 5.0 17 200 M M 8 18 24 210
15 77 58 68 8 0 3 0.36 M M 6.4 22 240 M M 8 128 35 250
16 79 55 67 7 0 2 0.00 M M 3.4 12 110 M M 7 12 18 60
17 83 59 71 11 0 6 T M M 4.3 10 130 M M 4 13 120
18 77 64 71 11 0 6 0.71 M M 5.7 10 90 M M 9 13 15 100
19 66 53 60 -1 5 0 0.23 M M 10.2 23 110 M M 10 1 29 100
20 68 51 60 -1 5 0 0.02 M M 8.9 21 120 M M 10 27 120
21 69 56 63 2 2 0 0.07 M M 6.1 18 140 M M 10 18 25 130
22 72 57 65 3 0 0 0.45 M M 0.9 7 60 M M 8 1 9 30
23 79 55 67 5 0 2 0.00 M M 1.4 9 300 M M 5 12 12 260
24 87 61 74 12 0 9 0.00 M M 4.2 10 170 M M 3 14 150
25 87 63 75 12 0 10 0.02 M M 3.1 14 120 M M 2 13 16 120
26 90 63 77 14 0 12 0.00 M M 4.7 15 130 M M 0 1 19 140
27 87 65 76 13 0 11 0.00 M M 4.4 13 130 M M 1 15 170
28 82 65 74 10 0 9 0.76 M M 4.3 13 180 M M 7 18 20 220
29 78 55 67 3 0 2 0.37 M M 7.1 16 300 M M 6 13 25 310
30 70 50 60 -4 5 0 0.00 M M 5.0 18 340 M M 7 12 23 330
31 64 45 55 -9 10 0 0.00 M M 5.0 17 330 M M 2 22 340
================================================================================
SM 2152 1492 258 74 3.48 M 170.0 M 181
================================================================================
AV 69.4 48.1 5.5 FASTST M M 6 MAX(MPH)
MISC ----> 26 290 39 280
================================================================================
NOTES:
# LAST OF SEVERAL OCCURRENCES
COLUMN 17 PEAK WIND IN M.P.H.
PRELIMINARY LOCAL CLIMATOLOGICAL DATA (WS FORM: F-6) , PAGE 2
STATION: NEW PHILADELPHIA OH
MONTH: MAY
YEAR: 2020
LATITUDE: 40 28 N
LONGITUDE: 81 25 W
[TEMPERATURE DATA] [PRECIPITATION DATA] SYMBOLS USED IN COLUMN 16
AVERAGE MONTHLY: 58.8 TOTAL FOR MONTH: 3.48 1 = FOG OR MIST
DPTR FM NORMAL: -1.1 DPTR FM NORMAL: -0.69 2 = FOG REDUCING VISIBILITY
HIGHEST: 90 ON 26 GRTST 24HR 0.91 ON 18-19 TO 1/4 MILE OR LESS
LOWEST: 28 ON 9 3 = THUNDER
SNOW, ICE PELLETS, HAIL 4 = ICE PELLETS
TOTAL MONTH: M 5 = HAIL
GRTST 24HR M ON M 6 = FREEZING RAIN OR DRIZZLE
GRTST DEPTH: M ON M 7 = DUSTSTORM OR SANDSTORM:
VSBY 1/2 MILE OR LESS
8 = SMOKE OR HAZE
[NO. OF DAYS WITH] [WEATHER - DAYS WITH] 9 = BLOWING SNOW
X = TORNADO
MAX 32 OR BELOW: 0 0.01 INCH OR MORE: 16
MAX 90 OR ABOVE: 1 0.10 INCH OR MORE: 8
MIN 32 OR BELOW: 5 0.50 INCH OR MORE: 2
MIN 0 OR BELOW: 0 1.00 INCH OR MORE: 0
[HDD (BASE 65) ]
TOTAL THIS MO. 258 CLEAR (SCALE 0-3) 7
DPTR FM NORMAL 64 PTCLDY (SCALE 4-7) 18
TOTAL FM JUL 1 5156 CLOUDY (SCALE 8-10) 6
DPTR FM NORMAL -453
[CDD (BASE 65) ]
TOTAL THIS MO. 74
DPTR FM NORMAL 38 [PRESSURE DATA]
TOTAL FM JAN 1 75 HIGHEST SLP M ON M
DPTR FM NORMAL 32 LOWEST SLP 29.75 ON 3
[REMARKS]
#FINAL-05-20#