000
CXUS53 KUNR 010931
CF6PHP
PRELIMINARY LOCAL CLIMATOLOGICAL DATA (WS FORM: F-6)
STATION: PHILIP SD
MONTH: MARCH
YEAR: 2024
LATITUDE: 44 3 N
LONGITUDE: 101 36 W
TEMPERATURE IN F: :PCPN: SNOW: WIND :SUNSHINE: SKY :PK WND
================================================================================
1 2 3 4 5 6A 6B 7 8 9 10 11 12 13 14 15 16 17 18
12Z AVG MX 2MIN
DY MAX MIN AVG DEP HDD CDD WTR SNW DPTH SPD SPD DIR MIN PSBL S-S WX SPD DR
================================================================================
1 73 39 56 27 9 0 0.00 M M 11.2 18 260 M M 0 33 260
2 54 26 40 10 25 0 0.00 M M 9.8 24 80 M M 2 37 80
3 53 31 42 12 23 0 0.00 M M 15.1 39 300 M M 4 1 54 300
4 40 26 33 2 32 0 T M M 9.5 23 170 M M 5 1 33 90
5 52 28 40 9 25 0 T M M 13.8 26 310 M M 2 1 36 290
6 43 23 33 2 32 0 0.00 M M 8.9 22 300 M M 1 28 290
7 32 24 28 -4 37 0 T M M 5.1 13 70 M M 9 18 70
8 50 17 34 2 31 0 0.00 M M 6.5 20 320 M M 3 26 320
9 57 14 36 3 29 0 0.00 M M 4.5 10 230 M M 0 14 240
10 71 19 45 12 20 0 0.00 M M 5.6 21 320 M M 0 26 310
11 67 26 47 13 18 0 0.00 M M 7.5 23 330 M M 0 31 310
12 67 29 48 14 17 0 0.00 M M 7.8 16 210 M M 1 21 190
13 63 36 50 16 15 0 0.00 M M 11.4 23 20 M M 0 33 30
14 49 36 43 8 22 0 T M M 18.2 31 350 M M 7 43 360
15 62 19 41 6 24 0 0.00 M M 10.9 22 250 M M 1 36 250
16 54 25 40 4 25 0 0.00 M M 15.2 29 340 M M 0 38 340
17 41 9 25 -11 40 0 0.00 M M 11.5 24 340 M M 1 35 340
18 62 5 34 -2 31 0 0.00 M M 7.8 21 320 M M 0 26 320
19 68 30 49 12 16 0 0.00 M M 9.0 26 50 M M 2 39 50
20 40 19 30 -7 35 0 0.00 M M 13.4 23 110 M M 3 34 90
21 50 21 36 -2 29 0 0.00 M M 13.5 26 40 M M 4 37 30
22 32 24 28 -10 37 0 0.00 M M 8.9 15 90 M M 10 18 90
23 35 23 29 -9 36 0 0.01 M M 16.4 24 100 M M 10 36 140
24 29 23 26 -13 39 0 0.15 M M 14.9 22 40 M M 10 16 35 40
25 25 10 18 -21 47 0 0.01 M M 20.1 30 350 M M 4 1 37 350
26 25 3 14 -26 51 0 0.00 M M 10.6 18 330 M M 0 23 320
27 45 5 25 -15 40 0 0.00 M M 4.9 15 90 M M 2 19 100
28 56 16 36 -4 29 0 0.00 M M 11.5 24 100 M M 1 37 90
29 53 25 39 -1 26 0 0.00 M M 12.2 28 330 M M 4 1 36 330
30 40 29 35 -6 30 0 T M M 7.6 16 90 M M 9 1 20 90
31 34 31 33 -8 32 0 0.38 M M 13.5 20 80 M M 9 12 31 90
================================================================================
SM 1522 691 902 0 0.55 M 336.8 M 104
================================================================================
AV 49.1 22.3 10.9 FASTST M M 3 MAX(MPH)
MISC ----> 39 300 54 300
================================================================================
NOTES:
# LAST OF SEVERAL OCCURRENCES
COLUMN 17 PEAK WIND IN M.P.H.
PRELIMINARY LOCAL CLIMATOLOGICAL DATA (WS FORM: F-6) , PAGE 2
STATION: PHILIP SD
MONTH: MARCH
YEAR: 2024
LATITUDE: 44 3 N
LONGITUDE: 101 36 W
[TEMPERATURE DATA] [PRECIPITATION DATA] SYMBOLS USED IN COLUMN 16
AVERAGE MONTHLY: 35.7 TOTAL FOR MONTH: 0.55 1 = FOG OR MIST
DPTR FM NORMAL: 0.2 DPTR FM NORMAL: -0.34 2 = FOG REDUCING VISIBILITY
HIGHEST: 73 ON 1 GRTST 24HR 0.38 ON 31-31 TO 1/4 MILE OR LESS
LOWEST: 3 ON 26 3 = THUNDER
SNOW, ICE PELLETS, HAIL 4 = ICE PELLETS
TOTAL MONTH: M 5 = HAIL
GRTST 24HR M ON M 6 = FREEZING RAIN OR DRIZZLE
GRTST DEPTH: M ON M 7 = DUSTSTORM OR SANDSTORM:
VSBY 1/2 MILE OR LESS
8 = SMOKE OR HAZE
[NO. OF DAYS WITH] [WEATHER - DAYS WITH] 9 = BLOWING SNOW
X = TORNADO
MAX 32 OR BELOW: 5 0.01 INCH OR MORE: 4
MAX 90 OR ABOVE: 0 0.10 INCH OR MORE: 2
MIN 32 OR BELOW: 28 0.50 INCH OR MORE: 0
MIN 0 OR BELOW: 0 1.00 INCH OR MORE: 0
[HDD (BASE 65) ]
TOTAL THIS MO. 902 CLEAR (SCALE 0-3) 18
DPTR FM NORMAL -13 PTCLDY (SCALE 4-7) 7
TOTAL FM JUL 1 5433 CLOUDY (SCALE 8-10) 6
DPTR FM NORMAL -771
[CDD (BASE 65) ]
TOTAL THIS MO. 0
DPTR FM NORMAL 0 [PRESSURE DATA]
TOTAL FM JAN 1 0 HIGHEST SLP 30.45 ON 15
DPTR FM NORMAL 0 LOWEST SLP 29.29 ON 3
[REMARKS]
#FINAL-03-24#