000
CXUS53 KILX 011000
CF6PIA
PRELIMINARY LOCAL CLIMATOLOGICAL DATA (WS FORM: F-6)
STATION: PEORIA IL
MONTH: FEBRUARY
YEAR: 2023
LATITUDE: 40 40 N
LONGITUDE: 89 41 W
TEMPERATURE IN F: :PCPN: SNOW: WIND :SUNSHINE: SKY :PK WND
================================================================================
1 2 3 4 5 6A 6B 7 8 9 10 11 12 13 14 15 16 17 18
12Z AVG MX 2MIN
DY MAX MIN AVG DEP HDD CDD WTR SNW DPTH SPD SPD DIR MIN PSBL S-S WX SPD DR
================================================================================
1 34 6 20 -6 45 0 0.00 0.0 1 7.9 17 220 M M 0 23 220
2 41 12 27 1 38 0 0.00 0.0 1 9.6 18 340 M M 0 32 340
3 17 2 10 -16 55 0 0.00 0.0 T 5.9 15 320 M M 2 26 340
4 54 14 34 7 31 0 0.00 0.0 0 15.7 24 210 M M 0 34 210
5 49 29 39 12 26 0 0.00 0.0 0 8.5 18 290 M M 0 28 270
6 53 24 39 12 26 0 0.00 0.0 0 12.8 24 190 M M 1 40 150
7 53 33 43 15 22 0 0.00 0.0 0 9.7 22 200 M M 4 32 200
8 43 24 34 6 31 0 T 0.0 0 4.5 15 100 M M 4 25 100
9 48 34 41 13 24 0 0.69 0.0 0 15.8 32 210 M M 10 1 43 210
10 40 23 32 4 33 0 0.00 0.0 0 6.6 14 300 M M 3 20 320
11 46 19 33 4 32 0 0.00 0.0 0 3.4 12 220 M M 0 16 240
12 55 22 39 10 26 0 0.00 0.0 0 6.3 17 220 M M 0 23 220
13 55 33 44 15 21 0 0.00 0.0 0 4.2 13 310 M M 0 17 270
14 55 37 46 16 19 0 0.21 0.0 0 13.2 29 230 M M 5 1 42 180
15 51 34 43 13 22 0 0.00 0.0 0 13.1 26 240 M M 10 40 280
16 36 27 32 2 33 0 0.22 0.1 0 11.7 21 40 M M 10 16 32 330
17 30 18 24 -7 41 0 0.00 0.0 T 7.8 14 200 M M 5 23 320
18 52 25 39 8 26 0 0.00 0.0 0 12.8 20 190 M M 0 30 200
19 56 38 47 16 18 0 0.00 0.0 0 11.1 21 230 M M 2 31 240
20 54 27 41 9 24 0 0.00 0.0 0 4.7 13 260 M M 0 1 21 260
21 44 29 37 5 28 0 0.00 0.0 0 9.3 20 310 M M 3 31 310
22 43 36 40 8 25 0 1.41 0.0 0 11.1 25 70 M M 10 13 32 80
23 47 22 35 2 30 0 0.00 0.0 0 11.5 23 270 M M 9 12 35 300
24 32 17 25 -8 40 0 T T 0 7.7 20 80 M M 9 22 70
25 42 26 34 0 31 0 0.00 0.0 0 6.3 12 210 M M 6 1 16 230
26 54 26 40 6 25 0 0.00 0.0 0 6.9 15 140 M M 3 1 22 140
27 58 42 50 16 15 0 0.79 0.0 0 15.5 32 240 M M 10 138 44 260
28 51 38 45 10 20 0 0.00 0.0 0 8.5 16 120 M M 5 26 130
================================================================================
SM 1293 717 807 0 3.32 0.1 262.1 M 111
================================================================================
AV 46.2 25.6 9.4 FASTST M M 4 MAX(MPH)
MISC ----> # 32 210 44 260
================================================================================
NOTES:
# LAST OF SEVERAL OCCURRENCES
COLUMN 17 PEAK WIND IN M.P.H.
PRELIMINARY LOCAL CLIMATOLOGICAL DATA (WS FORM: F-6) , PAGE 2
STATION: PEORIA IL
MONTH: FEBRUARY
YEAR: 2023
LATITUDE: 40 40 N
LONGITUDE: 89 41 W
[TEMPERATURE DATA] [PRECIPITATION DATA] SYMBOLS USED IN COLUMN 16
AVERAGE MONTHLY: 35.9 TOTAL FOR MONTH: 3.32 1 = FOG OR MIST
DPTR FM NORMAL: 5.9 DPTR FM NORMAL: 1.33 2 = FOG REDUCING VISIBILITY
HIGHEST: 58 ON 27 GRTST 24HR 1.41 ON 22-22 TO 1/4 MILE OR LESS
LOWEST: 2 ON 3 3 = THUNDER
SNOW, ICE PELLETS, HAIL 4 = ICE PELLETS
TOTAL MONTH: 0.1 INCH 5 = HAIL
GRTST 24HR 0.1 ON 16-16 6 = FREEZING RAIN OR DRIZZLE
GRTST DEPTH: 1 ON 2, 1 7 = DUSTSTORM OR SANDSTORM:
VSBY 1/2 MILE OR LESS
8 = SMOKE OR HAZE
[NO. OF DAYS WITH] [WEATHER - DAYS WITH] 9 = BLOWING SNOW
X = TORNADO
MAX 32 OR BELOW: 3 0.01 INCH OR MORE: 5
MAX 90 OR ABOVE: 0 0.10 INCH OR MORE: 5
MIN 32 OR BELOW: 19 0.50 INCH OR MORE: 3
MIN 0 OR BELOW: 0 1.00 INCH OR MORE: 1
[HDD (BASE 65) ]
TOTAL THIS MO. 807 CLEAR (SCALE 0-3) 15
DPTR FM NORMAL -171 PTCLDY (SCALE 4-7) 6
TOTAL FM JUL 1 3930 CLOUDY (SCALE 8-10) 7
DPTR FM NORMAL -426
[CDD (BASE 65) ]
TOTAL THIS MO. 0
DPTR FM NORMAL 0 [PRESSURE DATA]
TOTAL FM JAN 1 0 HIGHEST SLP 30.73 ON 3
DPTR FM NORMAL 0 LOWEST SLP 29.09 ON 27
[REMARKS]
#FINAL-02-23#