000
CXUS53 KILX 012300
CF6PIA
PRELIMINARY LOCAL CLIMATOLOGICAL DATA (WS FORM: F-6)
STATION: PEORIA IL
MONTH: APRIL
YEAR: 2020
LATITUDE: 40 40 N
LONGITUDE: 89 41 W
TEMPERATURE IN F: :PCPN: SNOW: WIND :SUNSHINE: SKY :PK WND
================================================================================
1 2 3 4 5 6A 6B 7 8 9 10 11 12 13 14 15 16 17 18
12Z AVG MX 2MIN
DY MAX MIN AVG DEP HDD CDD WTR SNW DPTH SPD SPD DIR MIN PSBL S-S WX SPD DR
================================================================================
1 57 34 46 -1 19 0 0.00 0.0 0 4.6 12 190 M M 2 16 240
2 64 42 53 6 12 0 T 0.0 0 8.9 17 150 M M 1 27 180
3 69 38 54 6 11 0 T 0.0 0 8.5 16 320 M M 8 27 310
4 54 33 44 -4 21 0 0.05 0.0 0 6.9 13 320 M M 6 1 20 330
5 60 35 48 0 17 0 0.00 0.0 0 6.5 15 80 M M 0 1 20 80
6 69 40 55 6 10 0 0.00 0.0 0 7.9 18 170 M M 6 26 210
7 80 56 68 19 0 3 0.00 0.0 0 10.0 25 240 M M 3 33 240
8 80 47 64 14 1 0 0.06 0.0 0 8.9 26 350 M M 0 138 45 10
9 51 34 43 -7 22 0 T 0.0 0 13.6 28 300 M M 3 46 350
10 55 30 43 -7 22 0 0.00 0.0 0 8.1 17 280 M M 1 39 280
11 68 44 56 5 9 0 0.16 0.0 0 10.8 24 170 M M 6 13 32 180
12 64 39 52 1 13 0 0.18 0.0 0 10.6 21 320 M M 8 1 35 320
13 44 33 39 -13 26 0 T 0.0 0 13.1 24 290 M M 6 1 40 290
14 45 27 36 -16 29 0 0.00 0.0 0 9.2 24 280 M M 3 36 320
15 43 28 36 -16 29 0 0.05 0.3 T 6.3 17 310 M M 7 1 27 280
16 42 27 35 -18 30 0 0.28 0.6 0 4.5 15 220 M M 7 1 18 220
17 41 32 37 -16 28 0 0.30 2.0 2 9.5 21 70 M M 7 18 28 80
18 60 27 44 -9 21 0 0.00 0.0 0 12.4 26 220 M M 0 35 220
19 64 42 53 -1 12 0 0.00 0.0 0 6.1 17 340 M M 0 27 350
20 64 32 48 -6 17 0 T 0.0 0 7.6 22 270 M M 4 31 270
21 57 41 49 -5 16 0 0.00 0.0 0 9.2 21 300 M M 1 33 280
22 77 37 57 2 8 0 T 0.0 0 10.0 22 230 M M 3 28 240
23 67 49 58 3 7 0 0.04 0.0 0 3.2 14 60 M M 7 13 19 220
24 57 46 52 -4 13 0 1.03 0.0 0 9.2 21 80 M M 9 128 28 70
25 49 43 46 -10 19 0 1.84 0.0 0 11.7 20 20 M M 10 1 35 20
26 65 43 54 -2 11 0 0.00 0.0 0 5.6 15 50 M M 0 21 310
27 67 43 55 -1 10 0 T 0.0 0 11.4 26 180 M M 3 38 190
28 78 51 65 8 0 0 0.28 0.0 0 10.5 25 190 M M 4 13 35 200
29 55 49 52 -5 13 0 1.02 0.0 0 8.2 15 280 M M 10 1 24 320
30 67 45 56 -2 9 0 0.00 0.0 0 9.2 22 340 M M 2 39 330
================================================================================
SM 1813 1167 455 3 5.29 2.9 262.2 M 127
================================================================================
AV 60.4 38.9 8.7 FASTST M M 4 MAX(MPH)
MISC ----> # 28 300 # 46 350
================================================================================
NOTES:
# LAST OF SEVERAL OCCURRENCES
COLUMN 17 PEAK WIND IN M.P.H.
PRELIMINARY LOCAL CLIMATOLOGICAL DATA (WS FORM: F-6) , PAGE 2
STATION: PEORIA IL
MONTH: APRIL
YEAR: 2020
LATITUDE: 40 40 N
LONGITUDE: 89 41 W
[TEMPERATURE DATA] [PRECIPITATION DATA] SYMBOLS USED IN COLUMN 16
AVERAGE MONTHLY: 49.7 TOTAL FOR MONTH: 5.29 1 = FOG OR MIST
DPTR FM NORMAL: -2.6 DPTR FM NORMAL: 1.66 2 = FOG REDUCING VISIBILITY
HIGHEST: 80 ON 8, 7 GRTST 24HR 1.84 ON 25-25 TO 1/4 MILE OR LESS
LOWEST: 27 ON 18,16 3 = THUNDER
SNOW, ICE PELLETS, HAIL 4 = ICE PELLETS
TOTAL MONTH: 2.9 INCHES 5 = HAIL
GRTST 24HR 2.0 ON 17-17 6 = FREEZING RAIN OR DRIZZLE
GRTST DEPTH: 2 ON 17 7 = DUSTSTORM OR SANDSTORM:
VSBY 1/2 MILE OR LESS
8 = SMOKE OR HAZE
[NO. OF DAYS WITH] [WEATHER - DAYS WITH] 9 = BLOWING SNOW
X = TORNADO
MAX 32 OR BELOW: 0 0.01 INCH OR MORE: 12
MAX 90 OR ABOVE: 0 0.10 INCH OR MORE: 8
MIN 32 OR BELOW: 7 0.50 INCH OR MORE: 3
MIN 0 OR BELOW: 0 1.00 INCH OR MORE: 3
[HDD (BASE 65) ]
TOTAL THIS MO. 455 CLEAR (SCALE 0-3) 14
DPTR FM NORMAL 62 PTCLDY (SCALE 4-7) 12
TOTAL FM JUL 1 5392 CLOUDY (SCALE 8-10) 4
DPTR FM NORMAL -273
[CDD (BASE 65) ]
TOTAL THIS MO. 3
DPTR FM NORMAL -10 [PRESSURE DATA]
TOTAL FM JAN 1 3 HIGHEST SLP 30.41 ON 16
DPTR FM NORMAL -11 LOWEST SLP 29.44 ON 12
[REMARKS]
#FINAL-04-20#