510
CXUS53 KILX 011013 RRB
CLAPIA
CLIMATE REPORT
NATIONAL WEATHER SERVICE LINCOLN IL
105 AM CST WED JAN 1 2020
...................................
...THE PEORIA IL CLIMATE SUMMARY FOR THE YEAR OF 2019...
CLIMATE NORMAL PERIOD 1981 TO 2010
CLIMATE RECORD PERIOD 1883 TO 2019
WEATHER OBSERVED NORMAL DEPART LAST YEAR`S
VALUE DATE(S) VALUE FROM VALUE
NORMAL
.............................................................
TEMPERATURE (F)
RECORD
HIGH 113 07/15/1936
LOW -27 01/05/1884
HIGHEST 95 07/20 MM MM 97
LOWEST -20 01/30 MM MM -16
AVG. MAXIMUM 61.0 61.5 -0.5 61.9
AVG. MINIMUM 42.5 42.2 0.3 42.8
MEAN 51.8 51.9 -0.1 52.4
DAYS MAX >= 90 18 18.7 -0.7 34
DAYS MAX <= 32 42 37.0 5.0 32
DAYS MIN <= 32 126 115.9 10.1 138
DAYS MIN <= 0 9 7.2 1.8 11
PRECIPITATION (INCHES)
RECORD
MAXIMUM 55.35 1990
MINIMUM 22.16 1988
TOTALS 50.76 36.49 14.27 44.32
DAILY AVG. 0.14 0.10 0.04 0.12
DAYS >= .01 138 116.5 21.5 132
DAYS >= .10 82 69.6 12.4 79
DAYS >= .50 35 24.1 10.9 28
DAYS >= 1.00 18 8.5 9.5 14
GREATEST
24 HR. TOTAL 3.14 MM 2.25
SNOWFALL (INCHES)
RECORDS
TOTAL 52.3 1977
24 HR TOTAL 18.0 02/27/1900 TO 02/28/1900
TOTALS 36.3 24.6 11.7 34.9
DAYS >= TRACE 47 19.9 27.1 49
DAYS >= 1.0 10 7.6 2.4 12
GREATEST
SNOW DEPTH 11 01/13 6
24 HR TOTAL 10.7 MM 7.9
DEGREE_DAYS
HEATING TOTAL 5930 5831 99 5942
COOLING TOTAL 1232 1040 192 1472
FREEZE DATES
RECORD
EARLIEST 09/20/1991
LATEST 05/25/1925
EARLIEST 10/14
LATEST 04/19
..............................................................
WIND (MPH)
AVERAGE WIND SPEED 7.8
HIGHEST WIND SPEED/DIRECTION 40/230 DATE 03/14
HIGHEST GUST SPEED/DIRECTION 58/230 DATE 03/14
SKY COVER
POSSIBLE SUNSHINE (PERCENT) MM
AVERAGE SKY COVER 0.40
NUMBER OF DAYS FAIR 186
NUMBER OF DAYS PC 105
NUMBER OF DAYS CLOUDY 74
AVERAGE RH (PERCENT) 72
WEATHER CONDITIONS. NUMBER OF DAYS WITH
THUNDERSTORM 63 MIXED PRECIP 0
HEAVY RAIN 51 RAIN 73
LIGHT RAIN 149 FREEZING RAIN 2
LT FREEZING RAIN 13 HAIL 0
HEAVY SNOW 1 SNOW 8
LIGHT SNOW 46 SLEET 1
FOG 181 FOG W/VIS <= 1/4 MILE 15
HAZE 66
- INDICATES NEGATIVE NUMBERS.
R INDICATES RECORD WAS SET OR TIED.
MM INDICATES DATA IS MISSING.
T INDICATES TRACE AMOUNT.
&&
ANNUAL RECORDS ESTABLISHED IN 2019:
* 5TH WETTEST YEAR WITH 50.76 INCHES
SEASONAL AND MONTHLY RECORDS ESTABLISHED IN 2019:
* 5TH WETTEST WINTER SEASON WITH 8.84 INCHES
* 5TH SNOWIEST JANUARY ON RECORD WITH 17.9 INCHES
* 5TH WETTEST SPRING ON RECORD WITH 16.95 INCHES
* 5TH WARMEST SEPTEMBER WITH 72.3 DEGREE MEAN TEMPERAURE
* 8TH WETTEST SEPTEMBER WITH 7.68 INCHES
* SNOWIEST OCTOBER WITH 4.2 INCHES
* 7TH WETTEST OCTOBER WITH 5.30 INCHES
$$