000
CXUS53 KILX 011445
CLMPIA
CLIMATE REPORT
NATIONAL WEATHER SERVICE LINCOLN IL
845 AM CST FRI MAR 01 2024
...................................
...THE PEORIA IL CLIMATE SUMMARY FOR THE MONTH OF FEBRUARY 2024...
CLIMATE NORMAL PERIOD 1991 TO 2020
CLIMATE RECORD PERIOD 1883 TO 2024
WEATHER OBSERVED NORMAL DEPART LAST YEAR`S
VALUE DATE(S) VALUE FROM VALUE
NORMAL
..............................................................
TEMPERATURE (F)
RECORD
HIGH 78 02/27/2024
LOW -26 02/13/1905
HIGHEST 78R 02/27 36 42 58
LOWEST 9 02/17 20 -11 2
AVG. MAXIMUM 52.2 38.7 13.5 46.2
AVG. MINIMUM 28.9 21.4 7.5 25.6
MEAN 40.5 30.0 10.5 35.9
DAYS MAX >= 90 0 0.0 0.0 0
DAYS MAX <= 32 1 8.9 -7.9 3
DAYS MIN <= 32 22 24.2 -2.2 19
DAYS MIN <= 0 0 1.5 -1.5 0
PRECIPITATION (INCHES)
RECORD
MAXIMUM 5.64 1900
MINIMUM 0.14 1907
TOTALS 0.62 1.99 -1.37 3.32
DAILY AVG. 0.02 NAN NAN 0.12
DAYS >= .01 5 9.2 -4.2 5
DAYS >= .10 2 4.6 -2.6 5
DAYS >= .50 0 1.1 -1.1 3
DAYS >= 1.00 0 0.4 -0.4 1
GREATEST
24 HR. TOTAL 0.30 02/16 TO 02/16 1.41
SNOWFALL (INCHES)
RECORDS
TOTAL 22.9 2014
TOTALS 3.7 6.9 -3.2 0.1
SINCE 7/1 22.8 22.4 0.4 MM
DAYS >= 1.0 1 2.2 -1.2 0
GREATEST
SNOW DEPTH 3 02/17 1
24 HR TOTAL MM MM
DEGREE DAYS
HEATING TOTAL 704 978 -274 807
SINCE 7/1 3615 4416 -801 MM
COOLING TOTAL 0 0 0 0
SINCE 1/1 0 0 0 MM
..............................................................
WIND (MPH)
AVERAGE WIND SPEED 8.1
HIGHEST WIND SPEED/DIRECTION 30/190 DATE 02/08
HIGHEST GUST SPEED/DIRECTION 48/260 DATE 02/22
SKY COVER
POSSIBLE SUNSHINE (PERCENT) MM
AVERAGE SKY COVER 0.17
NUMBER OF DAYS FAIR 24
NUMBER OF DAYS PC 4
NUMBER OF DAYS CLOUDY 1
AVERAGE RH (PERCENT) 62
WEATHER CONDITIONS. NUMBER OF DAYS WITH
THUNDERSTORM 2 MIXED PRECIP 0
HEAVY RAIN 1 RAIN 1
LIGHT RAIN 7 FREEZING RAIN 0
LT FREEZING RAIN 1 HAIL 0
HEAVY SNOW 0 SNOW 1
LIGHT SNOW 3 SLEET 0
FOG 5 FOG W/VIS <= 1/4 MILE 1
HAZE 1
- INDICATES NEGATIVE NUMBERS.
R INDICATES RECORD WAS SET OR TIED.
MM INDICATES DATA IS MISSING.
T INDICATES TRACE AMOUNT.
&&
RECORDS SET DURING FEB 2024:
* TIED WITH 2017 FOR WARMEST FEBRUARY WITH MEAN TEMPERATURE OF 40.5F
* SET RECORD HIGH OF 65F ON FEB 8
* SET RECORD HIGH OF 77F ON FEB 26
* SET RECORD HIGH OF 78F ON FEB 27 AND WARMEST TEMPERATURE FOR FEB AND
METEOROLOGICAL WINTER (DEC-FEB)
$$