000
CXUS55 KABR 011700
CF6PIR
PRELIMINARY LOCAL CLIMATOLOGICAL DATA (WS FORM: F-6)
STATION: PIERRE SD
MONTH: MARCH
YEAR: 2020
LATITUDE: 44 22 N
LONGITUDE: 100 17 W
TEMPERATURE IN F: :PCPN: SNOW: WIND :SUNSHINE: SKY :PK WND
================================================================================
1 2 3 4 5 6A 6B 7 8 9 10 11 12 13 14 15 16 17 18
12Z AVG MX 2MIN
DY MAX MIN AVG DEP HDD CDD WTR SNW DPTH SPD SPD DIR MIN PSBL S-S WX SPD DR
================================================================================
1 43 25 34 5 31 0 0.00 0.0 0 17.2 36 300 M M 4 47 300
2 48 20 34 5 31 0 T 0.0 0 12.4 31 300 M M 2 43 300
3 50 30 40 10 25 0 T 0.0 0 11.3 18 280 M M 4 25 270
4 64 23 44 14 21 0 0.00 0.0 0 10.2 33 320 M M 2 43 320
5 45 22 34 4 31 0 0.00 0.0 0 18.5 38 320 M M 1 51 330
6 62 23 43 12 22 0 0.00 0.0 0 15.0 28 170 M M 0 37 150
7 79 34 57 26 8 0 0.00 0.0 0 7.8 17 260 M M 0 23 260
8 60 31 46 15 19 0 0.00 0.0 0 13.6 32 310 M M 4 41 310
9 35 19 27 -5 38 0 0.00 0.0 0 7.4 17 360 M M 8 22 10
10 43 19 31 -1 34 0 0.03 0.2 T 6.4 13 120 M M 6 1 17 120
11 68 25 47 15 18 0 0.00 0.0 0 7.0 17 60 M M 1 23 250
12 47 22 35 2 30 0 0.00 0.0 0 20.9 35 320 M M 3 48 310
13 41 18 30 -3 35 0 0.10 1.0 0 11.0 21 90 M M 7 1 26 90
14 30 24 27 -7 38 0 0.13 1.7 2 17.1 23 130 M M 10 1 28 130
15 35 28 32 -2 33 0 0.00 0.0 2 16.9 26 160 M M 10 34 150
16 34 30 32 -2 33 0 0.04 T T 9.9 21 350 M M 10 18 26 330
17 42 26 34 -1 31 0 0.00 0.0 0 13.6 24 150 M M 10 31 140
18 48 26 37 2 28 0 0.00 0.0 0 5.1 10 340 M M 8 12 13 130
19 39 15 27 -9 38 0 T T 0 20.6 32 350 M M 9 1 46 360
20 30 8 19 -17 46 0 0.00 0.0 0 9.1 26 350 M M 1 34 360
21 54 19 37 1 28 0 0.00 0.0 0 10.8 20 150 M M 3 27 130
22 48 24 36 -1 29 0 T 0.0 0 6.6 17 20 M M 6 22 20
23 58 19 39 2 26 0 0.00 0.0 0 11.4 24 140 M M 2 12 32 150
24 66 32 49 11 16 0 0.00 0.0 0 10.7 24 320 M M 0 1 31 310
25 45 31 38 0 27 0 0.20 1.2 0 9.0 20 30 M M 10 1 26 10
26 37 30 34 -4 31 0 0.05 T 0 6.9 12 160 M M 10 1 15 140
27 54 33 44 5 21 0 0.01 0.0 0 6.1 14 160 M M 10 12 18 60
28 57 31 44 5 21 0 0.16 0.0 0 10.6 28 350 M M 4 1 35 340
29 62 25 44 4 21 0 0.00 0.0 0 5.8 14 120 M M 1 20 130
30 68 35 52 12 13 0 T 0.0 0 13.2 26 210 M M 4 3 35 200
31 68 41 55 15 10 0 0.00 0.0 0 12.8 28 140 M M 2 35 140
================================================================================
SM 1560 788 833 0 0.72 4.1 354.9 M 152
================================================================================
AV 50.3 25.4 11.4 FASTST M M 5 MAX(MPH)
MISC ----> # 38 320 # 51 330
================================================================================
NOTES:
# LAST OF SEVERAL OCCURRENCES
COLUMN 17 PEAK WIND IN M.P.H.
PRELIMINARY LOCAL CLIMATOLOGICAL DATA (WS FORM: F-6) , PAGE 2
STATION: PIERRE SD
MONTH: MARCH
YEAR: 2020
LATITUDE: 44 22 N
LONGITUDE: 100 17 W
[TEMPERATURE DATA] [PRECIPITATION DATA] SYMBOLS USED IN COLUMN 16
AVERAGE MONTHLY: 37.9 TOTAL FOR MONTH: 0.72 1 = FOG OR MIST
DPTR FM NORMAL: 3.5 DPTR FM NORMAL: -0.51 2 = FOG REDUCING VISIBILITY
HIGHEST: 79 ON 7 GRTST 24HR 0.20 ON 25-25 TO 1/4 MILE OR LESS
LOWEST: 8 ON 20 3 = THUNDER
SNOW, ICE PELLETS, HAIL 4 = ICE PELLETS
TOTAL MONTH: 4.1 INCHES 5 = HAIL
GRTST 24HR 1.7 ON 14-14 6 = FREEZING RAIN OR DRIZZLE
GRTST DEPTH: 2 ON 15,14 7 = DUSTSTORM OR SANDSTORM:
VSBY 1/2 MILE OR LESS
8 = SMOKE OR HAZE
[NO. OF DAYS WITH] [WEATHER - DAYS WITH] 9 = BLOWING SNOW
X = TORNADO
MAX 32 OR BELOW: 2 0.01 INCH OR MORE: 8
MAX 90 OR ABOVE: 0 0.10 INCH OR MORE: 4
MIN 32 OR BELOW: 27 0.50 INCH OR MORE: 0
MIN 0 OR BELOW: 0 1.00 INCH OR MORE: 0
[HDD (BASE 65) ]
TOTAL THIS MO. 833 CLEAR (SCALE 0-3) 12
DPTR FM NORMAL -114 PTCLDY (SCALE 4-7) 11
TOTAL FM JUL 1 6398 CLOUDY (SCALE 8-10) 8
DPTR FM NORMAL -47
[CDD (BASE 65) ]
TOTAL THIS MO. 0
DPTR FM NORMAL 0 [PRESSURE DATA]
TOTAL FM JAN 1 0 HIGHEST SLP 30.73 ON 20
DPTR FM NORMAL 0 LOWEST SLP 29.52 ON 12
[REMARKS]
#FINAL-03-20#