000
CXUS53 KAPX 010730
CF6PLN
PRELIMINARY LOCAL CLIMATOLOGICAL DATA (WS FORM: F-6)
STATION: PELLSTON
MONTH: MAY
YEAR: 2022
LATITUDE: 45 34 N
LONGITUDE: 84 48 W
TEMPERATURE IN F: :PCPN: SNOW: WIND :SUNSHINE: SKY :PK WND
================================================================================
1 2 3 4 5 6A 6B 7 8 9 10 11 12 13 14 15 16 17 18
12Z AVG MX 2MIN
DY MAX MIN AVG DEP HDD CDD WTR SNW DPTH SPD SPD DIR MIN PSBL S-S WX SPD DR
================================================================================
1 56 43 50 4 15 0 0.21 M M 9.1 20 110 M M 10 1 28 110
2 51 45 48 2 17 0 T M M 6.2 15 300 M M 10 1 21 290
3 50 38 44 -3 21 0 0.00 M M 5.9 16 350 M M 9 21 360
4 62 28 45 -2 20 0 0.00 M M 4.6 12 90 M M 0 18 70
5 69 29 49 1 16 0 0.00 M M 5.0 17 40 M M 0 24 20
6 64 31 48 0 17 0 0.00 M M 8.1 24 80 M M 0 36 60
7 63 25 44 -5 21 0 0.00 M M 6.6 17 80 M M 0 24 60
8 72 25 49 0 16 0 0.00 M M 7.9 21 90 M M 0 27 100
9 80 47 64 14 1 0 0.00 M M 13.6 28 140 M M 1 41 140
10 90 63 77 27 0 12 0.00 M M 9.7 20 150 M M 4 27 140
11 78 58 68 18 0 3 0.00 M M 6.0 17 70 M M 4 22 70
12 91 56 74 23 0 9 0.05 M M 6.8 23 330 M M 1 13 30 270
13 93 53 73 22 0 8 0.00 M M 6.6 21 300 M M 0 27 300
14 80 50 65 13 0 0 T M M 3.8 15 310 M M 2 3 22 320
15 76 48 62 10 3 0 T M M 5.4 18 310 M M 1 27 300
16 67 43 55 3 10 0 T M M 9.7 22 320 M M 4 29 300
17 59 32 46 -7 19 0 0.00 M M 10.6 22 330 M M 2 31 330
18 68 28 48 -5 17 0 0.00 M M 3.7 14 20 M M 2 20 260
19 71 45 58 4 7 0 0.23 M M 7.3 15 240 M M 7 1 22 240
20 80 53 67 13 0 2 0.49 M M 6.1 21 280 M M 6 13 29 260
21 58 45 52 -2 13 0 0.00 M M 7.8 17 290 M M 2 1 26 280
22 56 37 47 -8 18 0 T M M 7.8 17 300 M M 8 26 320
23 62 29 46 -9 19 0 0.00 M M 3.4 13 40 M M 1 17 40
24 66 29 48 -7 17 0 0.00 M M 4.4 16 70 M M 0 22 100
25 61 39 50 -6 15 0 0.98 M M 8.3 20 80 M M 7 1 26 90
26 68 49 59 3 6 0 0.15 M M 7.7 17 250 M M 9 1 29 250
27 65 44 55 -1 10 0 0.01 M M 8.4 17 300 M M 9 1 23 310
28 65 38 52 -5 13 0 0.02 M M 2.3 10 320 M M 3 1 13 330
29 84 52 68 11 0 3 T M M 5.3 16 180 M M 3 28 140
30 92 60 76 18 0 11 0.00 M M 6.1 17 10 M M 0 24 190
31 88 62 75 17 0 10 0.00 M M 9.0 22 220 M M 1 37 230
================================================================================
SM 2185 1324 311 58 2.14 M 213.2 M 106
================================================================================
AV 70.5 42.7 6.9 FASTST M M 3 MAX(MPH)
MISC ----> 28 140 41 140
================================================================================
NOTES:
# LAST OF SEVERAL OCCURRENCES
COLUMN 17 PEAK WIND IN M.P.H.
PRELIMINARY LOCAL CLIMATOLOGICAL DATA (WS FORM: F-6) , PAGE 2
STATION: PELLSTON
MONTH: MAY
YEAR: 2022
LATITUDE: 45 34 N
LONGITUDE: 84 48 W
[TEMPERATURE DATA] [PRECIPITATION DATA] SYMBOLS USED IN COLUMN 16
AVERAGE MONTHLY: 56.6 TOTAL FOR MONTH: 2.14 1 = FOG OR MIST
DPTR FM NORMAL: 4.4 DPTR FM NORMAL: -0.65 2 = FOG REDUCING VISIBILITY
HIGHEST: 93 ON 13 GRTST 24HR 1.13 ON 25-26 TO 1/4 MILE OR LESS
LOWEST: 25 ON 8, 7 3 = THUNDER
SNOW, ICE PELLETS, HAIL 4 = ICE PELLETS
TOTAL MONTH: M 5 = HAIL
GRTST 24HR M ON M 6 = FREEZING RAIN OR DRIZZLE
GRTST DEPTH: M ON M 7 = DUSTSTORM OR SANDSTORM:
VSBY 1/2 MILE OR LESS
8 = SMOKE OR HAZE
[NO. OF DAYS WITH] [WEATHER - DAYS WITH] 9 = BLOWING SNOW
X = TORNADO
MAX 32 OR BELOW: 0 0.01 INCH OR MORE: 8
MAX 90 OR ABOVE: 4 0.10 INCH OR MORE: 5
MIN 32 OR BELOW: 9 0.50 INCH OR MORE: 1
MIN 0 OR BELOW: 0 1.00 INCH OR MORE: 0
[HDD (BASE 65) ]
TOTAL THIS MO. 311 CLEAR (SCALE 0-3) 19
DPTR FM NORMAL -98 PTCLDY (SCALE 4-7) 6
TOTAL FM JUL 1 7867 CLOUDY (SCALE 8-10) 6
DPTR FM NORMAL -380
[CDD (BASE 65) ]
TOTAL THIS MO. 58
DPTR FM NORMAL 45 [PRESSURE DATA]
TOTAL FM JAN 1 58 HIGHEST SLP 30.45 ON 23
DPTR FM NORMAL 44 LOWEST SLP 29.31 ON 20
[REMARKS]
#FINAL-05-22#