513
CXUS55 KPAH 010700
CF6POF
PRELIMINARY LOCAL CLIMATOLOGICAL DATA (WS FORM: F-6)
STATION: POPLAR BLUFF MO
MONTH: AUGUST
YEAR: 2020
LATITUDE: 36 46 N
LONGITUDE: 90 19 W
TEMPERATURE IN F: :PCPN: SNOW: WIND :SUNSHINE: SKY :PK WND
================================================================================
1 2 3 4 5 6A 6B 7 8 9 10 11 12 13 14 15 16 17 18
12Z AVG MX 2MIN
DY MAX MIN AVG DEP HDD CDD WTR SNW DPTH SPD SPD DIR MIN PSBL S-S WX SPD DR
================================================================================
1 80 66 73 -6 0 8 0.05 M M 7.9 20 360 M M 7 1 25 340
2 85 64 75 -4 0 10 0.41 M M 3.6 18 360 M M 2 138 27 360
3 86 66 76 -3 0 11 T M M 4.4 21 350 M M 2 1 25 350
4 81 62 72 -7 0 7 0.00 M M 6.9 14 360 M M 3 20 30
5 80 59 70 -9 0 5 0.00 M M 4.7 10 60 M M 1 14 60
6 82 59 71 -8 0 6 0.00 M M 3.6 10 50 M M 0 14 60
7 86 63 75 -4 0 10 0.00 M M 2.6 8 150 M M 0 11 150
8 88 66 77 -2 0 12 0.00 M M 2.2 10 170 M M 2 14 170
9 91 72 82 3 0 17 0.50 M M 4.6 16 360 M M 2 13 24 360
10 94 71 83 4 0 18 0.10 M M 6.4 26 10 M M 1 13 35 40
11 81 70 76 -3 0 11 0.19 M M 3.7 15 310 M M 5 13 22 290
12 86 73 80 2 0 15 0.18 M M 3.3 10 360 M M 6 13 15 80
13 87 72 80 2 0 15 0.24 M M 2.7 8 50 M M 7 1 12 110
14 87 71 79 1 0 14 0.00 M M 3.5 9 40 M M 2 13 30
15 89 68 79 1 0 14 T M M 2.3 10 150 M M 1 1 13 130
16 86 66 76 -2 0 11 0.00 M M 7.2 16 20 M M 1 22 10
17 87 62 75 -3 0 10 0.00 M M 3.8 12 200 M M 1 1 16 210
18 87 65 76 -2 0 11 0.00 M M 7.8 17 350 M M 1 25 30
19 83 64 74 -4 0 9 0.00 M M 7.3 17 20 M M 0 24 30
20 85 61 73 -5 0 8 0.00 M M 5.5 13 20 M M 1 17 10
21 87 63 75 -3 0 10 0.00 M M 3.2 15 150 M M 1 20 130
22 89 63 76 -1 0 11 0.00 M M 0.8 8 160 M M 2 12 12 190
23 91 64 78 1 0 13 0.00 M M 3.3 10 210 M M 0 18 14 240
24 92 68 80 3 0 15 0.00 M M 2.7 10 170 M M 0 1 14 200
25 93 67 80 3 0 15 0.00 M M 3.0 13 150 M M 0 1 17 160
26 87 72 80 3 0 15 0.06 M M 4.7 15 160 M M 4 13 19 160
27 84 72 78 2 0 13 0.69 M M 5.8 18 90 M M 3 13 32 90
28 83 72 78 2 0 13 0.69 M M 6.4 14 300 M M 7 1 21 300
29 93 70 82 6 0 17 0.05 M M 5.8 15 10 M M 2 25 10
30 77 69 73 -3 0 8 1.92 M M 2.0 8 340 M M 10 13 11 250
31 85 67 76 1 0 11 0.39 M M 4.1 36 330 M M 6 123 51 340
================================================================================
SM 2672 2067 0 363 5.47 M 135.8 M 80
================================================================================
AV 86.2 66.7 4.4 FASTST M M 3 MAX(MPH)
MISC ----> 36 330 51 340
================================================================================
NOTES:
# LAST OF SEVERAL OCCURRENCES
COLUMN 17 PEAK WIND IN M.P.H.
PRELIMINARY LOCAL CLIMATOLOGICAL DATA (WS FORM: F-6) , PAGE 2
STATION: POPLAR BLUFF MO
MONTH: AUGUST
YEAR: 2020
LATITUDE: 36 46 N
LONGITUDE: 90 19 W
[TEMPERATURE DATA] [PRECIPITATION DATA] SYMBOLS USED IN COLUMN 16
AVERAGE MONTHLY: 76.4 TOTAL FOR MONTH: 5.47 1 = FOG OR MIST
DPTR FM NORMAL: -1.5 DPTR FM NORMAL: 1.98 2 = FOG REDUCING VISIBILITY
HIGHEST: 94 ON 10 GRTST 24HR 1.97 ON 29-30 TO 1/4 MILE OR LESS
LOWEST: 59 ON 6, 5 3 = THUNDER
SNOW, ICE PELLETS, HAIL 4 = ICE PELLETS
TOTAL MONTH: M 5 = HAIL
GRTST 24HR M ON M 6 = FREEZING RAIN OR DRIZZLE
GRTST DEPTH: M ON M 7 = DUSTSTORM OR SANDSTORM:
VSBY 1/2 MILE OR LESS
8 = SMOKE OR HAZE
[NO. OF DAYS WITH] [WEATHER - DAYS WITH] 9 = BLOWING SNOW
X = TORNADO
MAX 32 OR BELOW: 0 0.01 INCH OR MORE: 13
MAX 90 OR ABOVE: 6 0.10 INCH OR MORE: 10
MIN 32 OR BELOW: 0 0.50 INCH OR MORE: 4
MIN 0 OR BELOW: 0 1.00 INCH OR MORE: 1
[HDD (BASE 65) ]
TOTAL THIS MO. 0 CLEAR (SCALE 0-3) 23
DPTR FM NORMAL 0 PTCLDY (SCALE 4-7) 7
TOTAL FM JUL 1 0 CLOUDY (SCALE 8-10) 1
DPTR FM NORMAL 0
[CDD (BASE 65) ]
TOTAL THIS MO. 363
DPTR FM NORMAL -36 [PRESSURE DATA]
TOTAL FM JAN 1 1379 HIGHEST SLP M ON M
DPTR FM NORMAL 31 LOWEST SLP 29.61 ON 28
[REMARKS]
#FINAL-08-20#