000
CXUS56 KLOX 011255
CF6PRB
PRELIMINARY LOCAL CLIMATOLOGICAL DATA (WS FORM: F-6)
STATION: PASO ROBLES AIRPORT CA
MONTH: NOVEMBER
YEAR: 2023
LATITUDE: 35 40 N
LONGITUDE: 120 38 W
TEMPERATURE IN F: :PCPN: SNOW: WIND :SUNSHINE: SKY :PK WND
================================================================================
1 2 3 4 5 6A 6B 7 8 9 10 11 12 13 14 15 16 17 18
12Z AVG MX 2MIN
DY MAX MIN AVG DEP HDD CDD WTR SNW DPTH SPD SPD DIR MIN PSBL S-S WX SPD DR
================================================================================
1 84 30 57 -1 8 0 0.00 M M 2.9 12 100 M M 0 15 90
2 85 32 59 2 6 0 0.00 M M 2.1 13 90 M M 0 15 90
3 85 40 63 6 2 0 0.00 M M 4.1 13 90 M M 0 16 60
4 85 40 63 7 2 0 0.00 M M 2.4 12 310 M M 0 14 310
5 82 45 64 8 1 0 0.00 M M 3.1 10 210 M M 4 128 12 210
6 76 49 63 7 2 0 T M M 6.0 20 330 M M 5 25 340
7 68 45 57 1 8 0 0.00 M M 9.4 22 320 M M 2 1 25 340
8 71 33 52 -3 13 0 0.00 M M 3.9 13 100 M M 0 14 110
9 73 29 51 -4 14 0 0.00 M M 2.9 12 90 M M 0 14 90
10 73 32 53 -2 12 0 0.00 M M 3.8 15 110 M M 0 17 110
11 75 32 54 0 11 0 0.00 M M 5.6 15 90 M M 0 20 110
12 79 31 55 1 10 0 0.00 M M 2.9 13 260 M M 0 16 240
13 74 35 55 1 10 0 0.00 M M 4.6 22 190 M M 0 27 190
14 71 33 52 -1 13 0 0.00 M M 2.7 12 230 M M 0 15 220
15 68 34 51 -2 14 0 T M M 6.1 28 160 M M 8 35 150
16 74 46 60 7 5 0 0.00 M M 5.8 20 200 M M 5 26 210
17 72 44 58 6 7 0 T M M 5.4 23 160 M M 5 29 160
18 64 52 58 6 7 0 1.74 M M 4.2 10 330 M M 7 1 13 330
19 62 40 51 -1 14 0 T M M 10.6 24 330 M M 2 28 340
20 66 35 51 0 14 0 0.00 M M 4.7 15 80 M M 0 17 80
21 72 33 53 2 12 0 0.00 M M 1.2 9 90 M M 0 10 90
22 76 35 56 5 9 0 0.00 M M 2.6 10 100 M M 0 13 90
23 72 41 57 7 8 0 0.00 M M 2.0 13 200 M M 0 1 16 320
24 65 34 50 0 15 0 0.00 M M 2.6 15 80 M M 0 1 17 90
25 66 29 48 -2 17 0 0.00 M M 3.4 14 80 M M 0 16 80
26 63 32 48 -2 17 0 0.00 M M 5.2 17 80 M M 0 21 80
27 66 37 52 3 13 0 0.00 M M 2.0 14 90 M M 0 17 90
28 66 32 49 0 16 0 0.00 M M 2.9 14 240 M M 0 18 230
29 64 36 50 1 15 0 0.02 M M 2.4 7 160 M M 5 1 9 120
30 63 42 53 4 12 0 0.00 M M 8.3 26 330 M M 4 1 32 330
================================================================================
SM 2160 1108 307 0 1.76 M 125.8 M 47
================================================================================
AV 72.0 36.9 4.2 FASTST M M 2 MAX(MPH)
MISC ----> 28 160 35 150
================================================================================
NOTES:
# LAST OF SEVERAL OCCURRENCES
COLUMN 17 PEAK WIND IN M.P.H.
PRELIMINARY LOCAL CLIMATOLOGICAL DATA (WS FORM: F-6) , PAGE 2
STATION: PASO ROBLES AIRPORT CA
MONTH: NOVEMBER
YEAR: 2023
LATITUDE: 35 40 N
LONGITUDE: 120 38 W
[TEMPERATURE DATA] [PRECIPITATION DATA] SYMBOLS USED IN COLUMN 16
AVERAGE MONTHLY: 54.5 TOTAL FOR MONTH: 1.76 1 = FOG OR MIST
DPTR FM NORMAL: 1.6 DPTR FM NORMAL: 0.89 2 = FOG REDUCING VISIBILITY
HIGHEST: 85 ON 3, 4 GRTST 24HR 1.74 ON 17-18 TO 1/4 MILE OR LESS
LOWEST: 29 ON 25, 9 3 = THUNDER
SNOW, ICE PELLETS, HAIL 4 = ICE PELLETS
TOTAL MONTH: M 5 = HAIL
GRTST 24HR M ON M 6 = FREEZING RAIN OR DRIZZLE
GRTST DEPTH: M ON M 7 = DUSTSTORM OR SANDSTORM:
VSBY 1/2 MILE OR LESS
8 = SMOKE OR HAZE
[NO. OF DAYS WITH] [WEATHER - DAYS WITH] 9 = BLOWING SNOW
X = TORNADO
MAX 32 OR BELOW: 0 0.01 INCH OR MORE: 2
MAX 90 OR ABOVE: 0 0.10 INCH OR MORE: 1
MIN 32 OR BELOW: 9 0.50 INCH OR MORE: 1
MIN 0 OR BELOW: 0 1.00 INCH OR MORE: 1
[HDD (BASE 65) ]
TOTAL THIS MO. 307 CLEAR (SCALE 0-3) 22
DPTR FM NORMAL -59 PTCLDY (SCALE 4-7) 8
TOTAL FM JUL 1 418 CLOUDY (SCALE 8-10) 0
DPTR FM NORMAL -104
[CDD (BASE 65) ]
TOTAL THIS MO. 0
DPTR FM NORMAL -1 [PRESSURE DATA]
TOTAL FM JAN 1 963 HIGHEST SLP 30.39 ON 21
DPTR FM NORMAL 5 LOWEST SLP 29.75 ON 15
[REMARKS]
#FINAL-11-23#