000
CXUS54 KFWD 010830
CF6PRX
PRELIMINARY LOCAL CLIMATOLOGICAL DATA (WS FORM: F-6)
STATION: PARIS
MONTH: JANUARY
YEAR: 2022
LATITUDE: 33 37 N
LONGITUDE: 95 27 W
TEMPERATURE IN F: :PCPN: SNOW: WIND :SUNSHINE: SKY :PK WND
================================================================================
1 2 3 4 5 6A 6B 7 8 9 10 11 12 13 14 15 16 17 18
12Z AVG MX 2MIN
DY MAX MIN AVG DEP HDD CDD WTR SNW DPTH SPD SPD DIR MIN PSBL S-S WX SPD DR
================================================================================
1 69 26 48 5 17 0 0.76 M M 13.0 24 330 M M 9 13 33 320
2 34 19 27 -16 38 0 T M M 14.6 21 320 M M 6 30 310
3 50 20 35 -8 30 0 0.00 M M 4.7 9 130 M M 0 M M
4 58 24 41 -2 24 0 0.00 M M 10.8 20 190 M M 0 28 190
5 64 32 48 5 17 0 0.00 M M 8.4 13 20 M M 2 M M
6 47 25 36 -7 29 0 0.00 M M 12.1 17 350 M M 2 24 340
7 47 22 35 -8 30 0 0.00 M M 9.6 14 130 M M 4 M M
8 61 42 52 9 13 0 0.09 M M 9.5 13 120 M M 10 1 M M
9 65 38 52 9 13 0 0.01 M M 12.5 22 340 M M 9 1 30 330
10 54 28 41 -2 24 0 0.00 M M 6.0 12 350 M M 0 M M
11 60 27 44 1 21 0 0.00 M M 4.9 14 230 M M 0 20 230
12 63 31 47 4 18 0 0.00 M M 7.0 14 200 M M 0 M M
13 73 34 54 11 11 0 0.00 M M 6.4 14 310 M M 0 M M
14 66 38 52 9 13 0 0.00 M M 8.6 14 120 M M 0 M M
15 54 25 40 -3 25 0 0.02 0.5 T 21.6 31 330 M M 8 1 44 330
16 49 27 38 -5 27 0 0.00 M M 9.6 17 310 M M 4 22 320
17 62 32 47 4 18 0 0.00 M M 5.1 9 120 M M 0 M M
18 70 37 54 11 11 0 0.00 M M 13.3 25 190 M M 0 36 190
19 65 35 50 7 15 0 T M M 14.9 27 340 M M 6 35 350
20 35 25 30 -13 35 0 0.00 M M 15.7 22 350 M M 6 30 350
21 42 18 30 -13 35 0 0.00 M M 6.2 9 10 M M 1 M M
22 48 18 33 -10 32 0 0.00 M M 3.8 8 80 M M 0 M M
23 64 26 45 2 20 0 0.00 M M 7.2 15 280 M M 0 22 280
24 60 33 47 4 18 0 0.00 M M 7.6 15 210 M M 3 12 M M
25 58 35 47 3 18 0 0.00 M M 9.4 13 360 M M 2 12 M M
26 48 26 37 -7 28 0 0.00 M M 7.3 13 90 M M 1 17 100
27 54 35 45 1 20 0 M M M 6.3 12 360 M M 9 M M
28 53 29 41 -3 24 0 0.00 M M 10.0 22 320 M M 0 33 340
29 65 24 45 1 20 0 0.00 M M 7.9 17 230 M M 0 20 220
30 70 34 52 8 13 0 0.00 M M 6.3 10 220 M M 0 8 M M
31 70 38 54 10 11 0 0.00 M M 9.4 20 150 M M 4 25 170
================================================================================
SM 1778 903 668 0 0.88 0.5 289.7 M 86
================================================================================
AV 57.4 29.1 9.3 FASTST M M 3 MAX(MPH)
MISC ----> 31 330 44 330
================================================================================
NOTES:
# LAST OF SEVERAL OCCURRENCES
COLUMN 17 PEAK WIND IN M.P.H.
PRELIMINARY LOCAL CLIMATOLOGICAL DATA (WS FORM: F-6) , PAGE 2
STATION: PARIS
MONTH: JANUARY
YEAR: 2022
LATITUDE: 33 37 N
LONGITUDE: 95 27 W
[TEMPERATURE DATA] [PRECIPITATION DATA] SYMBOLS USED IN COLUMN 16
AVERAGE MONTHLY: 43.2 TOTAL FOR MONTH: 0.88 1 = FOG OR MIST
DPTR FM NORMAL: 0.2 DPTR FM NORMAL: -1.82 2 = FOG REDUCING VISIBILITY
HIGHEST: 73 ON 13 GRTST 24HR 0.76 ON 1- 1 TO 1/4 MILE OR LESS
LOWEST: 18 ON 22,21 3 = THUNDER
SNOW, ICE PELLETS, HAIL 4 = ICE PELLETS
TOTAL MONTH: 0.5 INCH 5 = HAIL
GRTST 24HR 0.5 ON 15-15 6 = FREEZING RAIN OR DRIZZLE
GRTST DEPTH: T 7 = DUSTSTORM OR SANDSTORM:
VSBY 1/2 MILE OR LESS
8 = SMOKE OR HAZE
[NO. OF DAYS WITH] [WEATHER - DAYS WITH] 9 = BLOWING SNOW
X = TORNADO
MAX 32 OR BELOW: 0 0.01 INCH OR MORE: 4
MAX 90 OR ABOVE: 0 0.10 INCH OR MORE: 1
MIN 32 OR BELOW: 20 0.50 INCH OR MORE: 1
MIN 0 OR BELOW: 0 1.00 INCH OR MORE: 0
[HDD (BASE 65) ]
TOTAL THIS MO. 668 CLEAR (SCALE 0-3) 20
DPTR FM NORMAL -13 PTCLDY (SCALE 4-7) 7
TOTAL FM JUL 1 1294 CLOUDY (SCALE 8-10) 4
DPTR FM NORMAL -446
[CDD (BASE 65) ]
TOTAL THIS MO. 0
DPTR FM NORMAL -1 [PRESSURE DATA]
TOTAL FM JAN 1 0 HIGHEST SLP 30.77 ON 10
DPTR FM NORMAL -1 LOWEST SLP 29.64 ON 1
[REMARKS]
#FINAL-01-22#