000
CXUS51 KALY 020445
CLMPSF
CLIMATE REPORT
NATIONAL WEATHER SERVICE ALBANY NY
1245 AM EDT SUN APR 02 2023
...................................
...THE PITTSFIELD MA CLIMATE SUMMARY FOR THE MONTH OF MARCH 2023...
CLIMATE NORMAL PERIOD: 1991 TO 2020
CLIMATE RECORD PERIOD: 9999 TO 9999
WEATHER OBSERVED NORMAL DEPART LAST YEAR`S
VALUE DATE(S) VALUE FROM VALUE DATE(S)
NORMAL
................................................................
TEMPERATURE (F)
HIGHEST 57 03/22 69 03/18
LOWEST 19 03/10 4 03/05
03/19
03/20
AVG. MAXIMUM 41.9 41.7 0.2 44.6
AVG. MINIMUM 26.0 23.1 2.9 25.0
MEAN 33.9 32.4 1.5 34.8
DAYS MAX >= 90 0 0.0 0.0 0
DAYS MAX <= 32 2 6.3 -4.3 5
DAYS MIN <= 32 29 26.1 2.9 22
DAYS MIN <= 0 0 0.6 -0.6 0
PRECIPITATION (INCHES)
TOTALS 3.23 3.08 0.15 3.89
DAILY AVG. 0.10 0.13
DAYS >= .01 17 17
DAYS >= .10 9 8
DAYS >= .50 1 3
DAYS >= 1.00 1 1
GREATEST
24 HR. TOTAL 1.40 03/13 TO 03/14
DEGREE DAYS
HEATING TOTAL 956 1010 -54 930
SINCE 7/1 5508 6211 -703 5792
COOLING TOTAL 0 0 0 0
SINCE 1/1 0 0 0 0
................................................................
WIND (MPH)
AVERAGE WIND SPEED 8.1
HIGHEST WIND SPEED/DIRECTION 33/290 DATE 03/19
HIGHEST GUST SPEED/DIRECTION 44/300 DATE 03/30
SKY COVER
AVERAGE SKY COVER 0.58
AVERAGE RH (PERCENT) 67
WEATHER CONDITIONS. NUMBER OF DAYS WITH
THUNDERSTORM 0 MIXED PRECIP 0
HEAVY RAIN 0 RAIN 2
LIGHT RAIN 10 FREEZING RAIN 0
LT FREEZING RAIN 0 HAIL 0
HEAVY SNOW 3 SNOW 5
LIGHT SNOW 13 SLEET 0
FOG 16 FOG W/VIS <= 1/4 MILE 4
HAZE 5
- INDICATES NEGATIVE NUMBERS.
R INDICATES RECORD WAS SET OR TIED.
MM INDICATES DATA IS MISSING.
T INDICATES TRACE AMOUNT.
$$