000
CXUS51 KALY 011941
CLSPSF
CLIMATE REPORT
NATIONAL WEATHER SERVICE ALBANY NY
341 PM EDT FRI SEP 01 2023
...................................
...THE PITTSFIELD MA CLIMATE SUMMARY FOR THE SEASON, FROM
6/1/2023 TO 8/31/2023...
CLIMATE NORMAL PERIOD: 1991 TO 2020
CLIMATE RECORD PERIOD: 9999 TO 9999
WEATHER OBSERVED NORMAL DEPART LAST YEAR`S
VALUE DATE(S) VALUE FROM VALUE DATE(S)
NORMAL
................................................................
TEMPERATURE (F)
HIGHEST 90 06/02 94 08/29
LOWEST 43 06/09 42 06/20
AVG. MAXIMUM 76.7 77.2 -0.5 79.4
AVG. MINIMUM 57.0 55.9 1.1 56.0
MEAN 66.9 66.5 0.4 67.7
DAYS MAX >= 90 1 2.4 -1.4 7
DAYS MAX <= 32 0 0.0 0.0 0
DAYS MIN <= 32 0 0.0 0.0 0
DAYS MIN <= 0 0 0.0 0.0 0
PRECIPITATION (INCHES)
TOTALS 19.65 12.58 7.07 7.16
DAILY AVG. 0.21 0.08
DAYS >= .01 48 37
DAYS >= .10 32 21
DAYS >= .50 14 2
DAYS >= 1.00 7 1
GREATEST
24 HR. TOTAL 2.34 07/09 TO 07/10
DEGREE DAYS
HEATING TOTAL 140 155 -15 94
SINCE 7/1 34 62 -28 11
COOLING TOTAL 342 297 45 355
SINCE 1/1 349 313 36 394
................................................................
WIND (MPH)
AVERAGE WIND SPEED 5.0
HIGHEST WIND SPEED/DIRECTION 30/160 DATE 07/24
HIGHEST GUST SPEED/DIRECTION 39/160 DATE 07/24
WEATHER CONDITIONS. NUMBER OF DAYS WITH
THUNDERSTORM 23 MIXED PRECIP 0
HEAVY RAIN 26 RAIN 29
LIGHT RAIN 53 FREEZING RAIN 0
LT FREEZING RAIN 0 HAIL 0
HEAVY SNOW 0 SNOW 0
LIGHT SNOW 0 SLEET 0
FOG 74 FOG W/VIS <= 1/4 MILE 30
HAZE 22
- INDICATES NEGATIVE NUMBERS.
R INDICATES RECORD WAS SET OR TIED.
MM INDICATES DATA IS MISSING.
T INDICATES TRACE AMOUNT.
$$