000
CXUS51 KALY 051642
CLSPSF
CLIMATE REPORT
NATIONAL WEATHER SERVICE ALBANY NY
1142 AM EST SUN MAR 05 2023
...................................
...THE PITTSFIELD MA CLIMATE SUMMARY FOR THE SEASON, FROM
12/1/2022 TO 2/28/2023...
CLIMATE NORMAL PERIOD: 1991 TO 2020
CLIMATE RECORD PERIOD: 9999 TO 9999
WEATHER OBSERVED NORMAL DEPART LAST YEAR`S
VALUE DATE(S) VALUE FROM VALUE DATE(S)
NORMAL
................................................................
TEMPERATURE (F)
HIGHEST 59 02/15 63 12/16
LOWEST -17 02/04 -12 01/22
AVG. MAXIMUM 37.4 32.9 4.5 34.7
AVG. MINIMUM 21.3 16.6 4.7 16.6
MEAN 29.3 24.7 4.6 25.7
DAYS MAX >= 90 0 0.0 0.0 0
DAYS MAX <= 32 29 43.3 -14.3 40
DAYS MIN <= 32 84 83.5 0.5 84
DAYS MIN <= 0 3 8.3 -5.3 11
PRECIPITATION (INCHES)
TOTALS 9.50 8.82 0.68 8.76
DAILY AVG. 0.10 0.10
DAYS >= .01 36 40
DAYS >= .10 23 19
DAYS >= .50 7 7
DAYS >= 1.00 0 1
GREATEST
24 HR. TOTAL 1.04 12/22 TO 12/23
DEGREE DAYS
HEATING TOTAL 3183 3620 -437 3516
SINCE 7/1 4552 5201 -649 4862
COOLING TOTAL 0 0 0 0
SINCE 1/1 0 0 0 0
..................................................... ...........
WIND (MPH)
AVERAGE WIND SPEED 7.2
HIGHEST WIND SPEED/DIRECTION 41/300 DATE 02/03
HIGHEST GUST SPEED/DIRECTION 62/290 DATE 02/03
WEATHER CONDITIONS. NUMBER OF DAYS WITH
THUNDERSTORM 0 MIXED PRECIP 0
HEAVY RAIN 2 RAIN 10
LIGHT RAIN 26 FREEZING RAIN 5
LT FREEZING RAIN 8 HAIL 0
HEAVY SNOW 3 SNOW 10
LIGHT SNOW 40 SLEET 0
FOG 49 FOG W/VIS <= 1/4 MILE 6
HAZE 11
- INDICATES NEGATIVE NUMBERS.
R INDICATES RECORD WAS SET OR TIED.
MM INDICATES DATA IS MISSING.
T INDICATES TRACE AMOUNT.
$$