000
CXUS56 KSGX 011145
CF6PSP
PRELIMINARY LOCAL CLIMATOLOGICAL DATA (WS FORM: F-6)
STATION: PALM SPRINGS INTL AIRPORT CA
MONTH: NOVEMBER
YEAR: 2022
LATITUDE: 33 49 N
LONGITUDE: 116 30 W
TEMPERATURE IN F: :PCPN: SNOW: WIND :SUNSHINE: SKY :PK WND
================================================================================
1 2 3 4 5 6A 6B 7 8 9 10 11 12 13 14 15 16 17 18
12Z AVG MX 2MIN
DY MAX MIN AVG DEP HDD CDD WTR SNW DPTH SPD SPD DIR MIN PSBL S-S WX SPD DR
================================================================================
1 81 62 72 0 0 7 0.00 M M 8.7 24 330 M M 0 32 320
2 76 56 66 -6 0 1 0.00 M M 7.7 21 310 M M 1 29 290
3 70 53 62 -9 3 0 0.00 M M 9.8 30 320 M M 3 39 320
4 74 47 61 -10 4 0 0.00 M M 4.4 12 320 M M 0 15 320
5 76 50 63 -8 2 0 0.00 M M 3.0 12 120 M M 0 14 90
6 77 52 65 -5 0 0 0.00 M M 4.6 14 130 M M 0 17 130
7 77 53 65 -5 0 0 0.00 M M 5.2 17 320 M M 3 21 320
8 68 56 62 -7 3 0 0.15 M M 6.4 25 320 M M 8 1 31 320
9 69 53 61 -8 4 0 0.00 M M 9.2 30 320 M M 3 36 330
10 73 47 60 -8 5 0 0.00 M M 5.7 13 320 M M 0 18 330
11 72 48 60 -8 5 0 0.00 M M 4.2 14 310 M M 0 16 320
12 71 47 59 -9 6 0 0.00 M M 3.9 9 130 M M 0 14 130
13 72 45 59 -8 6 0 0.00 M M 4.3 13 340 M M 0 17 310
14 73 47 60 -7 5 0 0.00 M M 3.9 10 330 M M 0 12 330
15 74 48 61 -5 4 0 0.00 M M 5.9 16 350 M M 0 22 330
16 73 54 64 -2 1 0 0.00 M M 8.6 23 340 M M 0 28 350
17 76 52 64 -1 1 0 0.00 M M 4.6 10 340 M M 0 12 340
18 75 48 62 -3 3 0 0.00 M M 5.5 17 350 M M 0 20 340
19 73 56 65 1 0 0 0.00 M M 8.9 21 10 M M 0 30 10
20 77 52 65 1 0 0 0.00 M M 4.6 9 330 M M 0 12 290
21 76 47 62 -2 3 0 0.00 M M 4.2 10 330 M M 0 14 120
22 76 48 62 -1 3 0 0.00 M M 4.6 10 330 M M 0 11 340
23 76 45 61 -2 4 0 0.00 M M 5.3 12 350 M M 0 15 320
24 76 59 68 6 0 3 0.00 M M 7.4 20 340 M M 0 23 350
25 77 50 64 2 1 0 0.00 M M 5.8 9 330 M M 0 14 290
26 74 46 60 -2 5 0 0.00 M M 5.4 13 350 M M 0 17 300
27 74 50 62 1 3 0 0.00 M M 4.6 10 100 M M 0 13 330
28 70 53 62 1 3 0 0.00 M M 2.6 10 230 M M 0 12 120
29 72 49 61 1 4 0 0.00 M M 3.5 10 130 M M 0 18 290
30 69 49 59 -1 6 0 0.00 M M 4.5 10 120 M M 0 13 80
================================================================================
SM 2217 1522 84 11 0.15 M 167.0 M 18
================================================================================
AV 73.9 50.7 5.6 FASTST M M 1 MAX(MPH)
MISC ----> # 30 320 39 320
================================================================================
NOTES:
# LAST OF SEVERAL OCCURRENCES
COLUMN 17 PEAK WIND IN M.P.H.
PRELIMINARY LOCAL CLIMATOLOGICAL DATA (WS FORM: F-6) , PAGE 2
STATION: PALM SPRINGS INTL AIRPORT CA
MONTH: NOVEMBER
YEAR: 2022
LATITUDE: 33 49 N
LONGITUDE: 116 30 W
[TEMPERATURE DATA] [PRECIPITATION DATA] SYMBOLS USED IN COLUMN 16
AVERAGE MONTHLY: 62.3 TOTAL FOR MONTH: 0.15 1 = FOG OR MIST
DPTR FM NORMAL: -3.7 DPTR FM NORMAL: -0.08 2 = FOG REDUCING VISIBILITY
HIGHEST: 81 ON 1 GRTST 24HR 0.15 ON 8- 8 TO 1/4 MILE OR LESS
LOWEST: 45 ON 23,13 3 = THUNDER
SNOW, ICE PELLETS, HAIL 4 = ICE PELLETS
TOTAL MONTH: M 5 = HAIL
GRTST 24HR M ON M 6 = FREEZING RAIN OR DRIZZLE
GRTST DEPTH: M ON M 7 = DUSTSTORM OR SANDSTORM:
VSBY 1/2 MILE OR LESS
8 = SMOKE OR HAZE
[NO. OF DAYS WITH] [WEATHER - DAYS WITH] 9 = BLOWING SNOW
X = TORNADO
MAX 32 OR BELOW: 0 0.01 INCH OR MORE: 1
MAX 90 OR ABOVE: 0 0.10 INCH OR MORE: 1
MIN 32 OR BELOW: 0 0.50 INCH OR MORE: 0
MIN 0 OR BELOW: 0 1.00 INCH OR MORE: 0
[HDD (BASE 65) ]
TOTAL THIS MO. 84 CLEAR (SCALE 0-3) 29
DPTR FM NORMAL 14 PTCLDY (SCALE 4-7) 0
TOTAL FM JUL 1 84 CLOUDY (SCALE 8-10) 1
DPTR FM NORMAL 11
[CDD (BASE 65) ]
TOTAL THIS MO. 11
DPTR FM NORMAL -91 [PRESSURE DATA]
TOTAL FM JAN 1 5163 HIGHEST SLP 30.41 ON 16
DPTR FM NORMAL 569 LOWEST SLP 29.69 ON 8
[REMARKS]
#FINAL-11-22#