000
CXUS54 KOUN 010810
CF6PWA
PRELIMINARY LOCAL CLIMATOLOGICAL DATA (WS FORM: F-6)
STATION: BETHANY/WILEY POST
MONTH: SEPTEMBER
YEAR: 2021
LATITUDE: 35 31 N
LONGITUDE: 97 38 W
TEMPERATURE IN F: :PCPN: SNOW: WIND :SUNSHINE: SKY :PK WND
================================================================================
1 2 3 4 5 6A 6B 7 8 9 10 11 12 13 14 15 16 17 18
12Z AVG MX 2MIN
DY MAX MIN AVG DEP HDD CDD WTR SNW DPTH SPD SPD DIR MIN PSBL S-S WX SPD DR
================================================================================
1 100 73 87 8 0 22 0.00 M M 8.6 15 170 M M 0 19 180
2 99 75 87 8 0 22 0.00 M M 12.7 22 160 M M 0 27 160
3 99 78 89 11 0 24 0.00 M M 15.3 22 180 M M 0 29 190
4 96 75 86 8 0 21 0.94 M M 11.0 24 330 M M 3 13 31 330
5 89 70 80 2 0 15 0.00 M M 7.9 15 40 M M 3 25 70
6 93 66 80 2 0 15 0.00 M M 8.1 17 160 M M 0 21 180
7 96 71 84 7 0 19 0.00 M M 12.5 23 200 M M 0 29 190
8 91 71 81 4 0 16 0.00 M M 10.8 23 40 M M 1 28 50
9 93 61 77 0 0 12 0.00 M M 9.8 18 180 M M 0 23 170
10 94 71 83 7 0 18 0.00 M M 17.0 25 210 M M 0 33 210
11 96 72 84 8 0 19 0.00 M M 19.8 29 190 M M 0 34 210
12 93 70 82 6 0 17 0.00 M M 15.0 22 170 M M 0 28 170
13 93 67 80 5 0 15 0.00 0.0 M 14.3 22 180 M M 0 31 190
14 92 71 82 7 0 17 0.00 0.0 M 13.1 24 200 M M 1 28 210
15 87 68 78 3 0 13 0.00 0.0 M 3.5 10 350 M M 1 13 200
16 92 67 80 6 0 15 0.00 M M 7.9 17 140 M M 0 23 160
17 92 70 81 7 0 16 0.00 M M 7.3 15 80 M M 0 21 80
18 95 67 81 7 0 16 0.00 M M 5.6 15 90 M M 0 18 100
19 95 65 80 7 0 15 0.00 M M 9.1 21 170 M M 0 26 170
20 99 73 86 13 0 21 0.00 M M 16.5 26 360 M M 0 35 10
21 82 59 71 -1 0 6 0.00 M M 16.4 29 10 M M 1 37 10
22 81 49 65 -7 0 0 0.00 M M 3.7 14 30 M M 0 18 350
23 86 50 68 -4 0 3 0.00 M M 10.6 20 210 M M 0 23 210
24 90 59 75 4 0 10 0.00 M M 11.3 22 200 M M 0 25 200
25 90 57 74 3 0 9 0.00 M M 8.9 16 80 M M 0 21 70
26 93 68 81 11 0 16 0.00 M M 14.9 24 190 M M 0 31 200
27 94 65 80 10 0 15 0.00 M M 14.0 23 200 M M 0 27 200
28 94 69 82 12 0 17 0.00 M M 13.5 29 150 M M 0 39 160
29 90 68 79 10 0 14 0.00 M M 15.3 22 150 M M 1 30 140
30 75 64 70 1 0 5 1.49 M M 9.1 24 360 M M 6 13 32 360
================================================================================
SM 2759 2009 0 443 2.43 0.0 343.5 M 17
================================================================================
AV 92.0 67.0 11.4 FASTST M M 1 MAX(MPH)
MISC ----> # 29 190 39 160
================================================================================
NOTES:
# LAST OF SEVERAL OCCURRENCES
COLUMN 17 PEAK WIND IN M.P.H.
PRELIMINARY LOCAL CLIMATOLOGICAL DATA (WS FORM: F-6) , PAGE 2
STATION: BETHANY/WILEY POST
MONTH: SEPTEMBER
YEAR: 2021
LATITUDE: 35 31 N
LONGITUDE: 97 38 W
[TEMPERATURE DATA] [PRECIPITATION DATA] SYMBOLS USED IN COLUMN 16
AVERAGE MONTHLY: 79.5 TOTAL FOR MONTH: 2.43 1 = FOG OR MIST
DPTR FM NORMAL: 5.3 DPTR FM NORMAL: -0.57 2 = FOG REDUCING VISIBILITY
HIGHEST: 100 ON 1 GRTST 24HR 1.49 ON 30-30 TO 1/4 MILE OR LESS
LOWEST: 49 ON 22 3 = THUNDER
SNOW, ICE PELLETS, HAIL 4 = ICE PELLETS
TOTAL MONTH: 0.0 INCH 5 = HAIL
GRTST 24HR 0.0 6 = FREEZING RAIN OR DRIZZLE
GRTST DEPTH: M ON M 7 = DUSTSTORM OR SANDSTORM:
VSBY 1/2 MILE OR LESS
8 = SMOKE OR HAZE
[NO. OF DAYS WITH] [WEATHER - DAYS WITH] 9 = BLOWING SNOW
X = TORNADO
MAX 32 OR BELOW: 0 0.01 INCH OR MORE: 2
MAX 90 OR ABOVE: 24 0.10 INCH OR MORE: 2
MIN 32 OR BELOW: 0 0.50 INCH OR MORE: 2
MIN 0 OR BELOW: 0 1.00 INCH OR MORE: 1
[HDD (BASE 65) ]
TOTAL THIS MO. 0 CLEAR (SCALE 0-3) 28
DPTR FM NORMAL -15 PTCLDY (SCALE 4-7) 2
TOTAL FM JUL 1 0 CLOUDY (SCALE 8-10) 0
DPTR FM NORMAL -13
[CDD (BASE 65) ]
TOTAL THIS MO. 443
DPTR FM NORMAL 150 [PRESSURE DATA]
TOTAL FM JAN 1 2124 HIGHEST SLP M ON M
DPTR FM NORMAL 42 LOWEST SLP 29.68 ON 20
[REMARKS]
#FINAL-09-21#