000
CXUS53 KMKX 010911
CF6RAC
PRELIMINARY LOCAL CLIMATOLOGICAL DATA (WS FORM: F-6)
STATION: RACINE WI
MONTH: FEBRUARY
YEAR: 2024
LATITUDE: 42 45 N
LONGITUDE: 87 49 W
TEMPERATURE IN F: :PCPN: SNOW: WIND :SUNSHINE: SKY :PK WND
================================================================================
1 2 3 4 5 6A 6B 7 8 9 10 11 12 13 14 15 16 17 18
12Z AVG MX 2MIN
DY MAX MIN AVG DEP HDD CDD WTR SNW DPTH SPD SPD DIR MIN PSBL S-S WX SPD DR
================================================================================
1 50 33 42 19 23 0 0.00 M M 10.6 20 10 M M 2 28 20
2 38 30 34 11 31 0 0.00 M M 9.1 16 30 M M 9 24 20
3 38 25 32 9 33 0 0.00 M M 5.4 12 70 M M 7 18 15 70
4 44 31 38 14 27 0 0.00 M M 9.5 16 30 M M 5 128 21 360
5 39 33 36 12 29 0 0.00 M M 11.4 18 20 M M 10 1 25 20
6 38 32 35 11 30 0 0.00 M M 6.1 14 170 M M 10 128 18 160
7 43 31 37 13 28 0 0.00 M M 7.5 17 180 M M 0 18 26 170
8 60 39 50 26 15 0 0.01 M M 12.0 24 180 M M 2 37 210
9 54 37 46 22 19 0 0.00 M M 11.8 23 250 M M 1 39 260
10 41 29 35 10 30 0 0.00 M M 6.9 18 280 M M 4 25 270
11 37 24 31 6 34 0 0.00 M M 5.5 14 320 M M 2 21 340
12 48 24 36 11 29 0 0.00 M M 7.0 16 240 M M 0 22 280
13 37 25 31 6 34 0 0.00 M M 5.8 14 40 M M 5 20 10
14 45 22 34 8 31 0 0.00 M M 7.5 17 170 M M 3 24 190
15 40 29 35 9 30 0 0.43 M M 12.0 24 310 M M 5 1 40 310
16 32 15 24 -2 41 0 0.00 M M 9.6 23 350 M M 5 33 340
17 31 12 22 -4 43 0 0.00 M M 14.6 26 240 M M 0 42 240
18 45 24 35 8 30 0 0.00 M M 9.5 20 310 M M 0 31 260
19 44 23 34 7 31 0 0.00 M M 3.2 9 130 M M 1 18 12 120
20 48 24 36 9 29 0 0.00 M M 6.7 18 170 M M 0 128 27 170
21 62 40 51 23 14 0 0.00 M M 8.3 17 220 M M 3 25 240
22 58 34 46 18 19 0 0.00 M M 4.8 9 300 M M 1 8 15 290
23 47 25 36 8 29 0 T M M 15.4 28 30 M M 5 41 40
24 32 21 27 -2 38 0 0.00 M M 9.0 23 350 M M 6 33 10
25 59 31 45 16 20 0 0.00 M M 9.9 18 240 M M 3 26 240
26 58 36 47 18 18 0 0.00 M M 9.5 16 140 M M 1 22 140
27 76 51 64 34 1 0 0.22 M M 11.7 22 320 M M 1 38 36 320
28 51 17 34 4 31 0 0.02 M M 14.7 29 310 M M 4 1 45 290
29 44 15 30 0 35 0 0.00 M M 8.9 20 210 M M 0 28 200
================================================================================
SM 1339 812 802 0 0.68 M 263.9 M 95
================================================================================
AV 46.2 28.0 9.1 FASTST M M 3 MAX(MPH)
MISC ----> 29 310 45 290
================================================================================
NOTES:
# LAST OF SEVERAL OCCURRENCES
COLUMN 17 PEAK WIND IN M.P.H.
PRELIMINARY LOCAL CLIMATOLOGICAL DATA (WS FORM: F-6) , PAGE 2
STATION: RACINE WI
MONTH: FEBRUARY
YEAR: 2024
LATITUDE: 42 45 N
LONGITUDE: 87 49 W
[TEMPERATURE DATA] [PRECIPITATION DATA] SYMBOLS USED IN COLUMN 16
AVERAGE MONTHLY: 37.1 TOTAL FOR MONTH: 0.68 1 = FOG OR MIST
DPTR FM NORMAL: 11.1 DPTR FM NORMAL: -0.42 2 = FOG REDUCING VISIBILITY
HIGHEST: 76 ON 27 GRTST 24HR 0.43 ON 15-15 TO 1/4 MILE OR LESS
LOWEST: 12 ON 17 3 = THUNDER
SNOW, ICE PELLETS, HAIL 4 = ICE PELLETS
TOTAL MONTH: M 5 = HAIL
GRTST 24HR M ON M 6 = FREEZING RAIN OR DRIZZLE
GRTST DEPTH: M ON M 7 = DUSTSTORM OR SANDSTORM:
VSBY 1/2 MILE OR LESS
8 = SMOKE OR HAZE
[NO. OF DAYS WITH] [WEATHER - DAYS WITH] 9 = BLOWING SNOW
X = TORNADO
MAX 32 OR BELOW: 3 0.01 INCH OR MORE: 4
MAX 90 OR ABOVE: 0 0.10 INCH OR MORE: 2
MIN 32 OR BELOW: 21 0.50 INCH OR MORE: 0
MIN 0 OR BELOW: 0 1.00 INCH OR MORE: 0
[HDD (BASE 65) ]
TOTAL THIS MO. 802 CLEAR (SCALE 0-3) 17
DPTR FM NORMAL -289 PTCLDY (SCALE 4-7) 9
TOTAL FM JUL 1 3871 CLOUDY (SCALE 8-10) 3
DPTR FM NORMAL -996
[CDD (BASE 65) ]
TOTAL THIS MO. 0
DPTR FM NORMAL 0 [PRESSURE DATA]
TOTAL FM JAN 1 0 HIGHEST SLP 30.51 ON 29
DPTR FM NORMAL 0 LOWEST SLP 29.21 ON 27
[REMARKS]
#FINAL-02-24#