000
CXUS56 KSGX 281045
CF6RAL
PRELIMINARY LOCAL CLIMATOLOGICAL DATA (WS FORM: F-6)
STATION: RIVERSIDE MUNI AIRPORT CA
MONTH: MARCH
YEAR: 2024
LATITUDE: 33 57 N
LONGITUDE: 117 27 W
TEMPERATURE IN F: :PCPN: SNOW: WIND :SUNSHINE: SKY :PK WND
================================================================================
1 2 3 4 5 6A 6B 7 8 9 10 11 12 13 14 15 16 17 18
12Z AVG MX 2MIN
DY MAX MIN AVG DEP HDD CDD WTR SNW DPTH SPD SPD DIR MIN PSBL S-S WX SPD DR
================================================================================
1 64 50 57 -1 8 0 T M M 4.2 17 260 M M 7 22 260
2 63 51 57 -1 8 0 M M M 8.4 29 240 M M 9 18 34 240
3 60 46 53 -5 12 0 0.02 M M 6.9 22 240 M M 7 1 27 230
4 63 47 55 -3 10 0 0.00 M M 3.2 13 260 M M 4 16 250
5 65 44 55 -3 10 0 T M M 3.5 14 260 M M 1 18 260
6 64 49 57 -1 8 0 0.54 M M 3.0 18 240 M M 8 18 24 250
7 63 46 55 -3 10 0 0.16 M M 3.5 14 250 M M 6 123 18 270
8 72 43 58 -1 7 0 0.00 M M 5.7 17 270 M M 0 1 23 40
9 73 44 59 0 6 0 0.00 M M 4.2 14 250 M M 0 17 270
10 69 43 56 -3 9 0 0.00 M M 4.4 14 250 M M 0 18 250
11 66 44 55 -4 10 0 0.00 M M 3.9 17 270 M M 1 24 270
12 59 48 54 -5 11 0 0.00 M M 2.3 8 270 M M 9 10 270
13 68 49 59 0 6 0 0.00 M M 4.5 15 270 M M 2 18 270
14 66 50 58 -1 7 0 T M M 14.7 30 30 M M 2 46 10
15 66 49 58 -2 7 0 0.44 M M 6.4 18 10 M M 8 13 31 20
16 63 48 56 -4 9 0 T M M 2.5 9 270 M M 6 12 40
17 70 44 57 -3 8 0 0.00 M M 3.5 16 270 M M 1 19 280
18 77 45 61 1 4 0 T M M 4.9 16 270 M M 2 3 23 40
19 73 48 61 1 4 0 0.00 M M 5.1 17 270 M M 0 24 270
20 74 49 62 2 3 0 0.00 M M 5.1 17 270 M M 0 21 270
21 73 51 62 2 3 0 0.00 M M 3.9 16 270 M M 4 128 19 270
22 73 48 61 1 4 0 0.00 M M 4.6 16 270 M M 0 20 270
23 60 50 55 -5 10 0 0.06 M M 7.5 23 230 M M 7 18 28 240
24 62 45 54 -6 11 0 0.01 M M 5.9 24 260 M M 4 32 220
25 67 40 54 -6 11 0 0.00 M M 4.2 18 270 M M 1 24 280
26 67 44 56 -5 9 0 0.00 M M 3.7 17 270 M M 3 22 270
27 72 46 59 -2 6 0 0.00 M M 3.3 15 270 M M 1 19 270
================================================================================
SM 1812 1261 211 0 1.23 M 133.0 M 93
================================================================================
AV 67.1 46.7 4.9 FASTST M M 3 MAX(MPH)
MISC ----> 30 30 46 10
================================================================================
NOTES:
# LAST OF SEVERAL OCCURRENCES
COLUMN 17 PEAK WIND IN M.P.H.
PRELIMINARY LOCAL CLIMATOLOGICAL DATA (WS FORM: F-6) , PAGE 2
STATION: RIVERSIDE MUNI AIRPORT CA
MONTH: MARCH
YEAR: 2024
LATITUDE: 33 57 N
LONGITUDE: 117 27 W
[TEMPERATURE DATA] [PRECIPITATION DATA] SYMBOLS USED IN COLUMN 16
AVERAGE MONTHLY: 56.9 TOTAL FOR MONTH: 1.23 1 = FOG OR MIST
DPTR FM NORMAL: -2.4 DPTR FM NORMAL: 0.13 2 = FOG REDUCING VISIBILITY
HIGHEST: 77 ON 18 GRTST 24HR 0.54 ON 6- 6 TO 1/4 MILE OR LESS
LOWEST: 40 ON 25 3 = THUNDER
SNOW, ICE PELLETS, HAIL 4 = ICE PELLETS
TOTAL MONTH: M 5 = HAIL
GRTST 24HR M ON M 6 = FREEZING RAIN OR DRIZZLE
GRTST DEPTH: M ON M 7 = DUSTSTORM OR SANDSTORM:
VSBY 1/2 MILE OR LESS
8 = SMOKE OR HAZE
[NO. OF DAYS WITH] [WEATHER - DAYS WITH] 9 = BLOWING SNOW
X = TORNADO
MAX 32 OR BELOW: 0 0.01 INCH OR MORE: 6
MAX 90 OR ABOVE: 0 0.10 INCH OR MORE: 3
MIN 32 OR BELOW: 0 0.50 INCH OR MORE: 1
MIN 0 OR BELOW: 0 1.00 INCH OR MORE: 0
[HDD (BASE 65) ]
TOTAL THIS MO. 211 CLEAR (SCALE 0-3) 15
DPTR FM NORMAL 41 PTCLDY (SCALE 4-7) 10
TOTAL FM JUL 1 1068 CLOUDY (SCALE 8-10) 2
DPTR FM NORMAL -155
[CDD (BASE 65) ]
TOTAL THIS MO. 0
DPTR FM NORMAL -18 [PRESSURE DATA]
TOTAL FM JAN 1 3 HIGHEST SLP M ON M
DPTR FM NORMAL -28 LOWEST SLP 29.70 ON 15
[REMARKS]