000
CXUS56 KMFR 011030
CF6RBG
PRELIMINARY LOCAL CLIMATOLOGICAL DATA (WS FORM: F-6)
STATION: ROSEBURG OR
MONTH: NOVEMBER
YEAR: 2023
LATITUDE: 43 13 N
LONGITUDE: 123 22 W
TEMPERATURE IN F: :PCPN: SNOW: WIND :SUNSHINE: SKY :PK WND
================================================================================
1 2 3 4 5 6A 6B 7 8 9 10 11 12 13 14 15 16 17 18
12Z AVG MX 2MIN
DY MAX MIN AVG DEP HDD CDD WTR SNW DPTH SPD SPD DIR MIN PSBL S-S WX SPD DR
================================================================================
1 59 47 53 2 12 0 0.04 M M 1.2 8 150 M M 6 1 22 170
2 70 54 62 11 3 0 0.06 M M 0.7 7 200 M M 9 1 12 220
3 67 57 62 12 3 0 0.07 M M 0.9 7 20 M M 8 12 8 160
4 65 56 61 11 4 0 2.14 M M 1.4 13 160 M M 8 123 18 150
5 61 53 57 7 8 0 0.40 M M 1.0 7 120 M M 10 12 10 180
6 57 48 53 3 12 0 0.75 M M 4.8 15 160 M M 9 1 25 170
7 55 45 50 0 15 0 0.03 M M 1.5 7 160 M M 8 12 10 290
8 54 41 48 -1 17 0 0.00 M M 4.2 12 360 M M 7 12 18 10
9 51 39 45 -4 20 0 0.03 M M 1.3 6 10 M M 8 12 9 20
10 57 44 51 2 14 0 T M M 1.8 8 360 M M 6 12 11 350
11 60 39 50 2 15 0 0.09 M M 2.7 12 230 M M 8 12 18 170
12 58 48 53 5 12 0 0.10 M M 1.2 6 330 M M 7 1 8 330
13 57 50 54 6 11 0 0.05 M M 3.2 10 360 M M 9 1 13 360
14 55 50 53 5 12 0 0.14 M M 0.9 6 160 M M 10 1 7 360
15 60 47 54 6 11 0 0.05 M M 1.3 8 350 M M 7 1 10 350
16 54 50 52 5 13 0 0.00 M M 1.6 8 360 M M 10 1 11 360
17 61 47 54 7 11 0 0.00 M M 1.3 6 360 M M 6 1 8 130
18 54 48 51 4 14 0 0.53 M M 1.6 15 230 M M 10 1 24 220
19 52 42 47 1 18 0 0.16 M M 2.3 15 10 M M 8 1 20 10
20 57 38 48 2 17 0 0.00 M M 1.3 7 170 M M 4 1 9 170
21 61 38 50 4 15 0 0.00 M M 0.5 6 150 M M 4 12 8 210
22 53 42 48 2 17 0 0.09 M M 3.9 20 360 M M 10 1 28 350
23 48 39 44 -2 21 0 0.00 M M 8.0 16 360 M M 10 20 360
24 50 31 41 -4 24 0 0.00 M M 3.5 15 10 M M 3 21 10
25 42 29 36 -9 29 0 0.00 M M 1.7 8 360 M M 6 12 9 10
26 40 29 35 -10 30 0 0.00 M M 1.5 7 230 M M 6 12 9 210
27 38 29 34 -11 31 0 0.00 M M 1.2 6 220 M M 9 12 8 230
28 43 30 37 -7 28 0 T M M 1.0 7 220 M M 7 12 9 220
29 44 31 38 -6 27 0 0.00 M M 0.1 5 30 M M 10 12 7 10
30 50 39 45 1 20 0 0.27 M M 2.2 8 170 M M 10 1 13 150
================================================================================
SM 1633 1280 484 0 5.00 M 59.8 M 233
================================================================================
AV 54.4 42.7 2.0 FASTST M M 8 MAX(MPH)
MISC ----> 20 360 28 350
================================================================================
NOTES:
# LAST OF SEVERAL OCCURRENCES
COLUMN 17 PEAK WIND IN M.P.H.
PRELIMINARY LOCAL CLIMATOLOGICAL DATA (WS FORM: F-6) , PAGE 2
STATION: ROSEBURG OR
MONTH: NOVEMBER
YEAR: 2023
LATITUDE: 43 13 N
LONGITUDE: 123 22 W
[TEMPERATURE DATA] [PRECIPITATION DATA] SYMBOLS USED IN COLUMN 16
AVERAGE MONTHLY: 48.6 TOTAL FOR MONTH: 5.00 1 = FOG OR MIST
DPTR FM NORMAL: 1.2 DPTR FM NORMAL: 0.28 2 = FOG REDUCING VISIBILITY
HIGHEST: 70 ON 2 GRTST 24HR 2.14 ON 4- 4 TO 1/4 MILE OR LESS
LOWEST: 29 ON 27,26 3 = THUNDER
SNOW, ICE PELLETS, HAIL 4 = ICE PELLETS
TOTAL MONTH: M 5 = HAIL
GRTST 24HR M ON M 6 = FREEZING RAIN OR DRIZZLE
GRTST DEPTH: M ON M 7 = DUSTSTORM OR SANDSTORM:
VSBY 1/2 MILE OR LESS
8 = SMOKE OR HAZE
[NO. OF DAYS WITH] [WEATHER - DAYS WITH] 9 = BLOWING SNOW
X = TORNADO
MAX 32 OR BELOW: 0 0.01 INCH OR MORE: 17
MAX 90 OR ABOVE: 0 0.10 INCH OR MORE: 8
MIN 32 OR BELOW: 6 0.50 INCH OR MORE: 3
MIN 0 OR BELOW: 0 1.00 INCH OR MORE: 1
[HDD (BASE 65) ]
TOTAL THIS MO. 484 CLEAR (SCALE 0-3) 1
DPTR FM NORMAL -44 PTCLDY (SCALE 4-7) 16
TOTAL FM JUL 1 780 CLOUDY (SCALE 8-10) 13
DPTR FM NORMAL -97
[CDD (BASE 65) ]
TOTAL THIS MO. 0
DPTR FM NORMAL 0 [PRESSURE DATA]
TOTAL FM JAN 1 913 HIGHEST SLP 30.55 ON 19
DPTR FM NORMAL 306 LOWEST SLP 29.61 ON 18
[REMARKS]
#FINAL-11-23#