000
CXUS56 KSTO 051716
CF6RBL
PRELIMINARY LOCAL CLIMATOLOGICAL DATA (WS FORM: F-6)
STATION: RED BLUFF
MONTH: JANUARY
YEAR: 2024
LATITUDE: 40 8 N
LONGITUDE: 122-15 E
TEMPERATURE IN F: :PCPN: SNOW: WIND :SUNSHINE: SKY :PK WND
================================================================================
1 2 3 4 5 6A 6B 7 8 9 10 11 12 13 14 15 16 17 18
12Z AVG MX 2MIN
DY MAX MIN AVG DEP HDD CDD WTR SNW DPTH SPD SPD DIR MIN PSBL S-S WX SPD DR
================================================================================
1 62 40 51 5 14 0 0.00 M M 5.1 12 340 M M 0 14 330
2 51 37 44 -2 21 0 0.59 M M 8.1 24 140 M M 8 12 31 120
3 55 38 47 1 18 0 T M M 5.9 15 150 M M 7 8 17 150
4 61 38 50 4 15 0 0.00 M M 6.0 12 340 M M 1 15 350
5 61 37 49 3 16 0 0.00 M M 7.5 18 350 M M 0 8 23 350
6 52 37 45 -1 20 0 0.04 M M 7.9 21 160 M M 3 18 25 170
7 53 32 43 -3 22 0 0.00 M M 7.3 14 360 M M 0 18 10
8 53 35 44 -3 21 0 0.00 M M 3.8 10 340 M M 8 13 340
9 46 37 42 -5 23 0 0.04 M M 4.8 14 160 M M 9 12 16 160
10 53 38 46 -1 19 0 0.04 0.0 M 13.4 24 150 M M 7 123 31 160
11 52 32 42 -5 23 0 0.00 0.0 M 4.9 14 140 M M 0 15 150
12 47 32 40 -7 25 0 0.01 M M 3.6 12 210 M M 4 14 200
13 48 41 45 -2 20 0 0.99 M M 9.4 28 170 M M 10 1 38 170
14 52 44 48 1 17 0 0.00 M M 5.6 9 340 M M 8 12 12 300
15 62 37 50 3 15 0 0.00 M M 3.9 13 360 M M 0 12 16 350
16 46 40 43 -4 22 0 0.62 M M 2.9 9 330 M M 10 12 11 330
17 59 44 52 5 13 0 0.03 M M 8.8 21 160 M M 7 1 25 150
18 58 43 51 3 14 0 0.00 M M 4.8 12 350 M M 0 1 13 360
19 58 44 51 3 14 0 0.28 M M 4.0 12 50 M M 5 1 14 300
20 57 51 54 6 11 0 0.27 M M 20.7 33 150 M M 10 1 41 150
21 55 52 54 6 11 0 0.30 M M 18.6 28 150 M M 10 1 35 150
22 57 48 53 5 12 0 0.11 M M 9.1 24 140 M M 10 12 28 140
23 62 47 55 7 10 0 0.00 M M 2.6 8 320 M M 6 12 10 310
24 54 51 53 5 12 0 0.45 M M 12.0 20 150 M M 10 1 27 150
25 60 48 54 6 11 0 0.00 0.0 M 2.9 8 320 M M 5 12 11 330
26 56 49 53 5 12 0 0.02 0.0 M 5.2 9 350 M M 8 12 330
27 62 50 56 8 9 0 0.07 0.0 M 6.1 12 300 M M 5 15 290
28 75 52 64 16 1 0 0.00 M M 4.3 12 360 M M 2 18 330
29 69 49 59 10 6 0 0.00 M M 2.4 9 280 M M 3 12 12 160
30 69 50 60 11 5 0 0.00 M M 7.4 17 160 M M 0 22 160
31 60 50 55 6 10 0 1.54 M M 16.8 31 140 M M 9 1 41 150
================================================================================
SM 1765 1323 462 0 5.40 0.0 225.8 M 165
================================================================================
AV 56.9 42.7 7.3 FASTST M M 5 MAX(MPH)
MISC ----> 33 150 # 41 150
================================================================================
NOTES:
# LAST OF SEVERAL OCCURRENCES
COLUMN 17 PEAK WIND IN M.P.H.
PRELIMINARY LOCAL CLIMATOLOGICAL DATA (WS FORM: F-6) , PAGE 2
STATION: RED BLUFF
MONTH: JANUARY
YEAR: 2024
LATITUDE: 40 8 N
LONGITUDE: 122-15 E
[TEMPERATURE DATA] [PRECIPITATION DATA] SYMBOLS USED IN COLUMN 16
AVERAGE MONTHLY: 49.8 TOTAL FOR MONTH: 5.40 1 = FOG OR MIST
DPTR FM NORMAL: 2.4 DPTR FM NORMAL: 0.69 2 = FOG REDUCING VISIBILITY
HIGHEST: 75 ON 28 GRTST 24HR 1.81 ON 12-13 TO 1/4 MILE OR LESS
LOWEST: 32 ON 12,11 3 = THUNDER
SNOW, ICE PELLETS, HAIL 4 = ICE PELLETS
TOTAL MONTH: 0.0 INCH 5 = HAIL
GRTST 24HR 0.0 6 = FREEZING RAIN OR DRIZZLE
GRTST DEPTH: M ON M 7 = DUSTSTORM OR SANDSTORM:
VSBY 1/2 MILE OR LESS
8 = SMOKE OR HAZE
[NO. OF DAYS WITH] [WEATHER - DAYS WITH] 9 = BLOWING SNOW
X = TORNADO
MAX 32 OR BELOW: 0 0.01 INCH OR MORE: 16
MAX 90 OR ABOVE: 0 0.10 INCH OR MORE: 9
MIN 32 OR BELOW: 3 0.50 INCH OR MORE: 4
MIN 0 OR BELOW: 0 1.00 INCH OR MORE: 1
[HDD (BASE 65) ]
TOTAL THIS MO. 462 CLEAR (SCALE 0-3) 11
DPTR FM NORMAL -85 PTCLDY (SCALE 4-7) 12
TOTAL FM JUL 1 1270 CLOUDY (SCALE 8-10) 8
DPTR FM NORMAL -283
[CDD (BASE 65) ]
TOTAL THIS MO. 0
DPTR FM NORMAL 0 [PRESSURE DATA]
TOTAL FM JAN 1 0 HIGHEST SLP 30.40 ON 5
DPTR FM NORMAL 0 LOWEST SLP 29.59 ON 31
[REMARKS]
#FINAL-01-24#