330
CXUS56 KSTO 051815
CF6RBL
PRELIMINARY LOCAL CLIMATOLOGICAL DATA (WS FORM: F-6)
STATION: RED BLUFF AIRPORT CA
MONTH: SEPTEMBER
YEAR: 2020
LATITUDE: 40 9 N
LONGITUDE: 122 15 W
TEMPERATURE IN F: :PCPN: SNOW: WIND :SUNSHINE: SKY :PK WND
================================================================================
1 2 3 4 5 6A 6B 7 8 9 10 11 12 13 14 15 16 17 18
12Z AVG MX 2MIN
DY MAX MIN AVG DEP HDD CDD WTR SNW DPTH SPD SPD DIR MIN PSBL S-S WX SPD DR
================================================================================
1 107 69 88 11 0 23 0.00 0.0 0 8.8 20 360 M M 0 23 150
2 95 65 80 3 0 15 0.00 0.0 0 5.1 13 150 M M 0 20 140
3 97 66 82 5 0 17 0.00 0.0 0 4.7 14 170 M M 1 8 19 150
4 98 67 83 6 0 18 0.00 0.0 0 4.5 9 140 M M 4 8 11 140
5 106 69 88 12 0 23 0.00 0.0 0 6.4 13 120 M M 9 8 18 360
6 113 72 93 17 0 28 0.00 0.0 0 6.9 15 350 M M 9 8 19 350
7 110 76 93 17 0 28 0.00 0.0 0 6.6 15 350 M M 7 20 350
8 99 73 86 10 0 21 0.00 0.0 0 17.7 30 350 M M 0 41 360
9 84 61 73 -3 0 8 0.00 0.0 0 5.0 12 320 M M 4 16 300
10 86 55 71 -5 0 6 0.00 0.0 0 3.8 9 340 M M 7 12 340
11 91 56 74 -2 0 9 0.00 0.0 0 4.8 10 120 M M 5 8 13 160
12 93 58 76 1 0 11 0.00 0.0 0 4.0 10 340 M M 7 8 12 340
13 93 58 76 1 0 11 0.00 0.0 0 5.7 12 120 M M 10 8 15 170
14 90 59 75 0 0 10 0.00 0.0 0 5.0 15 170 M M 10 8 20 140
15 94 57 76 1 0 11 0.00 0.0 0 5.8 14 160 M M 6 8 17 150
16 92 57 75 1 0 10 0.00 0.0 0 4.6 12 150 M M 6 8 15 140
17 91 57 74 0 0 9 0.00 0.0 0 9.2 22 150 M M 3 8 27 170
18 83 64 74 0 0 9 0.00 0.0 0 6.7 15 190 M M 2 8 20 190
19 91 58 75 1 0 10 0.00 0.0 0 5.5 12 340 M M 1 8 15 10
20 93 60 77 3 0 12 0.00 0.0 0 5.0 12 150 M M 0 8 13 160
21 88 58 73 0 0 8 0.00 0.0 0 4.9 14 170 M M 1 8 18 160
22 86 58 72 -1 0 7 0.00 0.0 0 5.1 14 160 M M 0 8 17 160
23 88 57 73 0 0 8 0.00 0.0 0 5.0 15 160 M M 1 8 18 140
24 87 59 73 0 0 8 0.00 0.0 0 3.8 10 120 M M 1 8 12 120
25 87 60 74 2 0 9 T 0.0 0 5.0 20 330 M M 3 8 27 310
26 92 67 80 8 0 15 T 0.0 0 12.3 26 340 M M 0 37 350
27 99 73 86 14 0 21 0.00 0.0 0 19.5 27 350 M M 0 39 350
28 102 71 87 15 0 22 0.00 0.0 0 11.1 20 350 M M 0 8 27 350
29 94 65 80 9 0 15 0.00 0.0 0 4.7 10 330 M M 5 8 12 320
30 103 62 83 12 0 18 0.00 0.0 0 7.4 12 350 M M 1 8 16 10
================================================================================
SM 2832 1887 0 420 T 0.0 204.6 M 103
================================================================================
AV 94.4 62.9 6.8 FASTST M M 3 MAX(MPH)
MISC ----> # 30 350 # 41 360
================================================================================
NOTES:
# LAST OF SEVERAL OCCURRENCES
COLUMN 17 PEAK WIND IN M.P.H.
PRELIMINARY LOCAL CLIMATOLOGICAL DATA (WS FORM: F-6) , PAGE 2
STATION: RED BLUFF AIRPORT CA
MONTH: SEPTEMBER
YEAR: 2020
LATITUDE: 40 9 N
LONGITUDE: 122 15 W
[TEMPERATURE DATA] [PRECIPITATION DATA] SYMBOLS USED IN COLUMN 16
AVERAGE MONTHLY: 78.7 TOTAL FOR MONTH: T 1 = FOG OR MIST
DPTR FM NORMAL: 4.2 DPTR FM NORMAL: -0.50 2 = FOG REDUCING VISIBILITY
HIGHEST: 113 ON 6 GRTST 24HR T ON 26-26 TO 1/4 MILE OR LESS
LOWEST: 55 ON 10 3 = THUNDER
SNOW, ICE PELLETS, HAIL 4 = ICE PELLETS
TOTAL MONTH: 0.0 INCH 5 = HAIL
GRTST 24HR 0.0 6 = FREEZING RAIN OR DRIZZLE
GRTST DEPTH: 0 7 = DUSTSTORM OR SANDSTORM:
VSBY 1/2 MILE OR LESS
8 = SMOKE OR HAZE
[NO. OF DAYS WITH] [WEATHER - DAYS WITH] 9 = BLOWING SNOW
X = TORNADO
MAX 32 OR BELOW: 0 0.01 INCH OR MORE: 0
MAX 90 OR ABOVE: 22 0.10 INCH OR MORE: 0
MIN 32 OR BELOW: 0 0.50 INCH OR MORE: 0
MIN 0 OR BELOW: 0 1.00 INCH OR MORE: 0
[HDD (BASE 65) ]
TOTAL THIS MO. 0 CLEAR (SCALE 0-3) 17
DPTR FM NORMAL -6 PTCLDY (SCALE 4-7) 9
TOTAL FM JUL 1 0 CLOUDY (SCALE 8-10) 4
DPTR FM NORMAL -6
[CDD (BASE 65) ]
TOTAL THIS MO. 420
DPTR FM NORMAL 133 [PRESSURE DATA]
TOTAL FM JAN 1 2283 HIGHEST SLP M ON M
DPTR FM NORMAL 538 LOWEST SLP 29.59 ON 7
[REMARKS]
#FINAL-09-20#