000
CXUS56 KSTO 011300
CF6RDD
PRELIMINARY LOCAL CLIMATOLOGICAL DATA (WS FORM: F-6)
STATION: REDDING CA AIRPORT AND CITY
MONTH: MAY
YEAR: 2023
LATITUDE: 40 30 N
LONGITUDE: 122 18 W
TEMPERATURE IN F: :PCPN: SNOW: WIND :SUNSHINE: SKY :PK WND
================================================================================
1 2 3 4 5 6A 6B 7 8 9 10 11 12 13 14 15 16 17 18
12Z AVG MX 2MIN
DY MAX MIN AVG DEP HDD CDD WTR SNW DPTH SPD SPD DIR MIN PSBL S-S WX SPD DR
================================================================================
1 63 51 57 -7 8 0 0.00 0.0 M 9.0 18 170 M M 8 23 170
2 63 50 57 -7 8 0 0.15 M M 6.7 16 180 M M 9 1 22 180
3 70 50 60 -4 5 0 0.00 0.0 M 4.5 10 180 M M 4 M M
4 58 52 55 -9 10 0 0.01 0.0 M 5.6 14 180 M M 10 1 M M
5 62 51 57 -8 8 0 0.30 0.0 M 8.1 18 170 M M 10 1 31 180
6 59 47 53 -12 12 0 2.02 M M 5.1 12 100 M M 8 1 M M
7 64 46 55 -10 10 0 0.00 0.0 M 4.7 10 170 M M 9 M M
8 63 49 56 -10 9 0 0.21 M M 6.6 12 130 M M 7 1 M M
9 74 47 61 -5 4 0 0.00 0.0 M 5.3 10 360 M M 1 M M
10 75 46 61 -5 4 0 0.00 0.0 M 4.6 13 200 M M 1 17 200
11 81 51 66 -1 0 1 0.00 0.0 M 2.3 6 160 M M 0 M M
12 94 53 74 7 0 9 0.00 0.0 M 3.5 8 360 M M 0 M M
13 96 64 80 13 0 15 0.00 0.0 M 9.7 20 10 M M 0 27 10
14 93 69 81 13 0 16 0.00 0.0 M 7.8 13 350 M M 0 M M
15 88 61 75 7 0 10 0.00 0.0 M 4.2 15 180 M M 0 M M
16 93 59 76 8 0 11 0.00 0.0 M 3.0 6 140 M M 0 M M
17 94 58 76 8 0 11 0.00 0.0 M 4.7 9 190 M M 0 8 M M
18 94 64 79 10 0 14 0.00 0.0 M 4.5 8 170 M M 0 M M
19 94 61 78 9 0 13 0.00 0.0 M 3.9 10 190 M M 0 M M
20 91 62 77 8 0 12 0.00 0.0 M 4.1 12 170 M M 0 M M
21 92 63 78 8 0 13 0.00 0.0 M 3.7 10 170 M M 0 M M
22 93 67 80 10 0 15 0.00 0.0 M 8.2 14 340 M M 0 21 340
23 90 64 77 7 0 12 0.00 0.0 M 8.2 14 180 M M 2 3 18 10
24 85 58 72 1 0 7 0.00 0.0 M 4.2 14 160 M M 0 20 150
25 85 58 72 1 0 7 T 0.0 M 5.5 21 190 M M 2 3 30 220
26 84 60 72 1 0 7 0.00 0.0 M 6.3 15 140 M M 0 1 M M
27 85 63 74 3 0 9 0.12 0.0 M 5.5 12 210 M M 3 13 M M
28 88 61 75 3 0 10 0.00 0.0 M 3.4 10 160 M M 1 M M
29 88 61 75 3 0 10 0.00 0.0 M 5.8 17 170 M M 1 20 170
30 86 61 74 2 0 9 0.00 0.0 M 7.4 18 160 M M 1 23 190
31 87 63 75 2 0 10 0.00 0.0 M 5.7 16 150 M M 4 M M
================================================================================
SM 2532 1770 78 221 2.81 0.0 171.8 M 81
================================================================================
AV 81.7 57.1 5.5 FASTST M M 3 MAX(MPH)
MISC ----> 21 190 31 180
================================================================================
NOTES:
# LAST OF SEVERAL OCCURRENCES
COLUMN 17 PEAK WIND IN M.P.H.
PRELIMINARY LOCAL CLIMATOLOGICAL DATA (WS FORM: F-6) , PAGE 2
STATION: REDDING CA AIRPORT AND CITY
MONTH: MAY
YEAR: 2023
LATITUDE: 40 30 N
LONGITUDE: 122 18 W
[TEMPERATURE DATA] [PRECIPITATION DATA] SYMBOLS USED IN COLUMN 16
AVERAGE MONTHLY: 69.4 TOTAL FOR MONTH: 2.81 1 = FOG OR MIST
DPTR FM NORMAL: 1.2 DPTR FM NORMAL: 1.00 2 = FOG REDUCING VISIBILITY
HIGHEST: 96 ON 13 GRTST 24HR 2.17 ON 5- 6 TO 1/4 MILE OR LESS
LOWEST: 46 ON 7,10 3 = THUNDER
SNOW, ICE PELLETS, HAIL 4 = ICE PELLETS
TOTAL MONTH: 0.0 INCH 5 = HAIL
GRTST 24HR 0.0 6 = FREEZING RAIN OR DRIZZLE
GRTST DEPTH: M ON M 7 = DUSTSTORM OR SANDSTORM:
VSBY 1/2 MILE OR LESS
8 = SMOKE OR HAZE
[NO. OF DAYS WITH] [WEATHER - DAYS WITH] 9 = BLOWING SNOW
X = TORNADO
MAX 32 OR BELOW: 0 0.01 INCH OR MORE: 6
MAX 90 OR ABOVE: 11 0.10 INCH OR MORE: 5
MIN 32 OR BELOW: 0 0.50 INCH OR MORE: 1
MIN 0 OR BELOW: 0 1.00 INCH OR MORE: 1
[HDD (BASE 65) ]
TOTAL THIS MO. 78 CLEAR (SCALE 0-3) 22
DPTR FM NORMAL 18 PTCLDY (SCALE 4-7) 4
TOTAL FM JUL 1 2931 CLOUDY (SCALE 8-10) 5
DPTR FM NORMAL 364
[CDD (BASE 65) ]
TOTAL THIS MO. 221
DPTR FM NORMAL 63 [PRESSURE DATA]
TOTAL FM JAN 1 279 HIGHEST SLP 30.09 ON 7
DPTR FM NORMAL 90 LOWEST SLP 29.65 ON 25
[REMARKS]
#FINAL-05-23#