000
CXUS56 KSTO 031555
CF6RDD
PRELIMINARY LOCAL CLIMATOLOGICAL DATA (WS FORM: F-6)
STATION: REDDING CA AIRPORT AND CITY
MONTH: JUNE
YEAR: 2020
LATITUDE: 40 30 N
LONGITUDE: 122 18 W
TEMPERATURE IN F: :PCPN: SNOW: WIND :SUNSHINE: SKY :PK WND
================================================================================
1 2 3 4 5 6A 6B 7 8 9 10 11 12 13 14 15 16 17 18
12Z AVG MX 2MIN
DY MAX MIN AVG DEP HDD CDD WTR SNW DPTH SPD SPD DIR MIN PSBL S-S WX SPD DR
================================================================================
1 87 65 76 4 0 11 0.00 0.0 0 3.2 9 40 M M 2 13 60
2 96 65 81 9 0 16 0.00 0.0 0 4.5 14 360 M M 0 18 10
3 98 65 82 10 0 17 0.00 0.0 0 3.6 13 180 M M 0 16 150
4 98 67 83 10 0 18 0.00 0.0 0 4.1 15 350 M M 0 21 340
5 86 64 75 2 0 10 0.00 0.0 0 8.6 20 150 M M 1 20 180
6 86 56 71 -2 0 6 0.00 0.0 M 12.3 23 260 M M 0 34 290
7 73 48 61 -13 4 0 T 0.0 0 6.6 28 10 M M 2 35 10
8 83 50 67 -7 0 2 0.00 0.0 0 5.8 16 360 M M 0 20 20
9 90 55 73 -1 0 8 0.00 0.0 M 3.3 10 360 M M 0 15 10
10 95 60 78 4 0 13 0.00 0.0 0 4.0 9 260 M M 0 14 10
11 93 62 78 3 0 13 0.00 0.0 0 6.3 22 180 M M 0 27 180
12 82 59 71 -4 0 6 T 0.0 0 7.0 28 160 M M 3 33 160
13 74 56 65 -10 0 0 T 0.0 0 9.2 22 170 M M 8 29 190
14 86 60 73 -3 0 8 0.00 0.0 0 3.8 13 160 M M 2 16 160
15 80 63 72 -4 0 7 T 0.0 0 4.7 13 300 M M 4 20 310
16 82 53 68 -8 0 3 0.00 0.0 0 8.6 20 360 M M 1 40 20
17 90 62 76 0 0 11 0.00 0.0 0 14.9 30 10 M M 0 39 360
18 97 71 84 7 0 19 0.00 0.0 0 10.0 25 10 M M 0 30 20
19 100 60 80 3 0 15 0.00 0.0 0 4.2 13 20 M M 0 15 170
20 99 65 82 5 0 17 0.00 0.0 0 5.4 16 160 M M 0 19 170
21 101 67 84 7 0 19 0.00 0.0 0 4.5 14 360 M M 0 25 320
22 109 69 89 11 0 24 0.00 0.0 0 6.4 17 350 M M 0 22 350
23 107 73 90 12 0 25 0.00 0.0 0 5.8 18 170 M M 0 22 160
24 104 74 89 11 0 24 0.00 0.0 0 4.2 15 280 M M 0 21 30
25 109 79 94 15 0 29 0.00 0.0 0 6.7 15 350 M M 0 22 340
26 112 72 92 13 0 27 0.00 0.0 0 4.3 13 10 M M 0 16 360
27 100 75 88 9 0 23 0.00 0.0 0 6.5 21 180 M M 0 24 200
28 87 68 78 -1 0 13 0.00 0.0 0 12.3 31 30 M M 0 40 30
29 92 62 77 -3 0 12 0.00 0.0 0 8.3 18 360 M M 0 26 320
30 94 64 79 -1 0 14 0.00 0.0 0 5.5 21 20 M M 0 24 20
================================================================================
SM 2790 1909 4 410 T 0.0 194.6 M 23
================================================================================
AV 93.0 63.6 6.5 FASTST M M 1 MAX(MPH)
MISC ----> # 31 30 # 40 20
================================================================================
NOTES:
# LAST OF SEVERAL OCCURRENCES
COLUMN 17 PEAK WIND IN M.P.H.
PRELIMINARY LOCAL CLIMATOLOGICAL DATA (WS FORM: F-6) , PAGE 2
STATION: REDDING CA AIRPORT AND CITY
MONTH: JUNE
YEAR: 2020
LATITUDE: 40 30 N
LONGITUDE: 122 18 W
[TEMPERATURE DATA] [PRECIPITATION DATA] SYMBOLS USED IN COLUMN 16
AVERAGE MONTHLY: 78.3 TOTAL FOR MONTH: T 1 = FOG OR MIST
DPTR FM NORMAL: 2.4 DPTR FM NORMAL: -0.69 2 = FOG REDUCING VISIBILITY
HIGHEST: 112 ON 26 GRTST 24HR T ON 15-15 TO 1/4 MILE OR LESS
LOWEST: 48 ON 7 3 = THUNDER
SNOW, ICE PELLETS, HAIL 4 = ICE PELLETS
TOTAL MONTH: 0.0 INCH 5 = HAIL
GRTST 24HR 0.0 6 = FREEZING RAIN OR DRIZZLE
GRTST DEPTH: 0 7 = DUSTSTORM OR SANDSTORM:
VSBY 1/2 MILE OR LESS
8 = SMOKE OR HAZE
[NO. OF DAYS WITH] [WEATHER - DAYS WITH] 9 = BLOWING SNOW
X = TORNADO
MAX 32 OR BELOW: 0 0.01 INCH OR MORE: 0
MAX 90 OR ABOVE: 19 0.10 INCH OR MORE: 0
MIN 32 OR BELOW: 0 0.50 INCH OR MORE: 0
MIN 0 OR BELOW: 0 1.00 INCH OR MORE: 0
[HDD (BASE 65) ]
TOTAL THIS MO. 4 CLEAR (SCALE 0-3) 27
DPTR FM NORMAL -4 PTCLDY (SCALE 4-7) 3
TOTAL FM JUL 1 2309 CLOUDY (SCALE 8-10) 0
DPTR FM NORMAL -508
[CDD (BASE 65) ]
TOTAL THIS MO. 410
DPTR FM NORMAL 75 [PRESSURE DATA]
TOTAL FM JAN 1 628 HIGHEST SLP M ON M
DPTR FM NORMAL 125 LOWEST SLP 29.56 ON 6
[REMARKS]
#FINAL-06-20#