000
CXUS56 KBOI 011002
CF6REO
PRELIMINARY LOCAL CLIMATOLOGICAL DATA (WS FORM: F-6)
STATION: ROME OR
MONTH: APRIL
YEAR: 2023
LATITUDE: 42 35 N
LONGITUDE: 117 52 W
TEMPERATURE IN F: :PCPN: SNOW: WIND :SUNSHINE: SKY :PK WND
================================================================================
1 2 3 4 5 6A 6B 7 8 9 10 11 12 13 14 15 16 17 18
12Z AVG MX 2MIN
DY MAX MIN AVG DEP HDD CDD WTR SNW DPTH SPD SPD DIR MIN PSBL S-S WX SPD DR
================================================================================
1 49 33 41 -3 24 0 0.17 M M 12.7 35 240 M M 0 47 220
2 48 31 40 -4 25 0 0.02 M M 10.3 25 300 M M 0 38 250
3 38 26 32 -12 33 0 0.00 M M 11.4 25 320 M M 0 37 320
4 41 21 31 -13 34 0 0.00 M M 13.6 24 310 M M 0 34 330
5 46 17 32 -13 33 0 0.00 M M 8.2 17 190 M M 0 25 200
6 60 28 44 -1 21 0 0.00 M M 9.5 20 150 M M 0 29 190
7 55 38 47 2 18 0 0.14 M M 9.6 30 250 M M 0 46 210
8 60 30 45 0 20 0 0.00 M M 6.0 15 220 M M 0 23 240
9 75 30 53 8 12 0 0.00 M M 6.4 15 150 M M 0 22 200
10 79 40 60 15 5 0 0.00 M M 10.8 33 210 M M 0 46 200
11 67 38 53 7 12 0 0.00 M M 13.2 31 260 M M 0 42 240
12 45 26 36 -10 29 0 0.00 M M 10.1 20 320 M M 0 26 280
13 47 19 33 -13 32 0 0.00 M M 6.1 13 290 M M 0 18 270
14 54 20 37 -9 28 0 0.00 M M 5.8 15 310 M M 0 23 310
15 68 19 44 -2 21 0 0.00 M M 6.5 20 220 M M 0 36 150
16 72 34 53 6 12 0 0.00 M M 12.5 38 240 M M 0 52 230
17 56 36 46 -1 19 0 0.00 M M 10.0 28 220 M M 0 40 200
18 44 22 33 -14 32 0 0.02 M M 11.3 26 300 M M 0 34 290
19 45 16 31 -16 34 0 0.03 M M 7.0 28 250 M M 0 35 250
20 53 21 37 -11 28 0 0.00 M M 4.7 18 240 M M 0 24 240
21 61 36 49 1 16 0 0.02 M M 11.4 29 300 M M 0 41 330
22 63 31 47 -1 18 0 0.00 M M 5.4 14 10 M M 0 19 310
23 63 35 49 1 16 0 0.27 M M 7.7 25 340 M M 0 35 340
24 55 28 42 -7 23 0 0.00 M M 10.6 24 330 M M 0 35 330
25 63 25 44 -5 21 0 0.00 M M 6.5 13 360 M M 0 16 360
26 73 30 52 3 13 0 0.00 M M 4.8 13 160 M M 0 16 70
27 77 38 58 8 7 0 0.00 M M 7.8 18 360 M M 0 25 10
28 81 34 58 8 7 0 0.00 M M 6.1 14 30 M M 0 22 80
29 88 38 63 13 2 0 0.00 M M 7.0 22 230 M M 0 33 240
30 86 45 66 15 0 1 0.00 M M 9.2 23 220 M M 0 32 240
================================================================================
SM 1812 885 595 1 0.67 M 262.2 M 0
================================================================================
AV 60.4 29.5 8.7 FASTST M M 0 MAX(MPH)
MISC ----> 38 240 52 230
================================================================================
NOTES:
# LAST OF SEVERAL OCCURRENCES
COLUMN 17 PEAK WIND IN M.P.H.
PRELIMINARY LOCAL CLIMATOLOGICAL DATA (WS FORM: F-6) , PAGE 2
STATION: ROME OR
MONTH: APRIL
YEAR: 2023
LATITUDE: 42 35 N
LONGITUDE: 117 52 W
[TEMPERATURE DATA] [PRECIPITATION DATA] SYMBOLS USED IN COLUMN 16
AVERAGE MONTHLY: 45.0 TOTAL FOR MONTH: 0.67 1 = FOG OR MIST
DPTR FM NORMAL: -1.8 DPTR FM NORMAL: -0.25 2 = FOG REDUCING VISIBILITY
HIGHEST: 88 ON 29 GRTST 24HR 0.27 ON 23-23 TO 1/4 MILE OR LESS
LOWEST: 16 ON 19 3 = THUNDER
SNOW, ICE PELLETS, HAIL 4 = ICE PELLETS
TOTAL MONTH: M 5 = HAIL
GRTST 24HR M ON M 6 = FREEZING RAIN OR DRIZZLE
GRTST DEPTH: M ON M 7 = DUSTSTORM OR SANDSTORM:
VSBY 1/2 MILE OR LESS
8 = SMOKE OR HAZE
[NO. OF DAYS WITH] [WEATHER - DAYS WITH] 9 = BLOWING SNOW
X = TORNADO
MAX 32 OR BELOW: 0 0.01 INCH OR MORE: 7
MAX 90 OR ABOVE: 0 0.10 INCH OR MORE: 3
MIN 32 OR BELOW: 18 0.50 INCH OR MORE: 0
MIN 0 OR BELOW: 0 1.00 INCH OR MORE: 0
[HDD (BASE 65) ]
TOTAL THIS MO. 595 CLEAR (SCALE 0-3) 30
DPTR FM NORMAL 49 PTCLDY (SCALE 4-7) 0
TOTAL FM JUL 1 6161 CLOUDY (SCALE 8-10) 0
DPTR FM NORMAL 425
[CDD (BASE 65) ]
TOTAL THIS MO. 1
DPTR FM NORMAL 1 [PRESSURE DATA]
TOTAL FM JAN 1 1 HIGHEST SLP M ON M
DPTR FM NORMAL 1 LOWEST SLP 29.57 ON 30
[REMARKS]
#FINAL-04-23#