000
CXUS53 KGRB 232146
CF6RHI
PRELIMINARY LOCAL CLIMATOLOGICAL DATA (WS FORM: F-6)
STATION: RHINELANDER WI
MONTH: SEPTEMBER
YEAR: 2022
LATITUDE: 45 37 N
LONGITUDE: 89 27 W
TEMPERATURE IN F: :PCPN: SNOW: WIND :SUNSHINE: SKY :PK WND
================================================================================
1 2 3 4 5 6A 6B 7 8 9 10 11 12 13 14 15 16 17 18
12Z AVG MX 2MIN
DY MAX MIN AVG DEP HDD CDD WTR SNW DPTH SPD SPD DIR MIN PSBL S-S WX SPD DR
================================================================================
1 85 51 68 6 0 3 0.00 0.0 0 5.8 15 220 M M 1 1 23 230
2 84 64 74 12 0 9 0.50 0.0 0 11.9 29 220 M M 2 13 46 210
3 69 47 58 -3 7 0 0.00 0.0 0 5.8 13 340 M M 1 23 70
4 71 43 57 -4 8 0 0.00 0.0 0 4.2 13 110 M M 3 1 19 100
5 72 43 58 -3 7 0 0.00 0.0 0 3.2 10 150 M M 4 12 15 140
6 75 39 57 -3 8 0 0.00 0.0 0 2.5 8 220 M M 3 12 11 280
7 63 51 57 -3 8 0 0.00 0.0 0 4.5 7 270 M M 4 1 M M
8 81 49 65 5 0 0 0.00 0.0 0 8.0 21 190 M M 0 2 31 180
9 79 64 72 13 0 7 0.08 0.0 0 8.5 10 200 M M 0 3 M M
10 58 51 55 -4 10 0 0.40 0.0 0 1.9 9 70 M M 2 1 14 340
11 66 49 58 -1 7 0 0.00 0.0 0 3.4 12 20 M M 1 19 10
12 71 43 57 -1 8 0 T 0.0 0 5.5 15 360 M M 4 24 50
13 78 40 59 1 6 0 0.00 0.0 0 3.8 12 290 M M 1 12 16 320
14 67 48 58 0 7 0 0.00 0.0 0 5.5 14 120 M M 3 18 130
15 77 49 63 6 2 0 0.00 0.0 0 9.0 17 220 M M 3 25 220
16 75 60 68 11 0 3 0.06 0.0 0 5.4 16 200 M M 5 1 24 190
17 79 63 71 15 0 6 T 0.0 0 6.7 15 190 M M 6 23 220
18 74 55 65 9 0 0 0.00 0.0 0 8.3 16 260 M M 6 23 260
19 78 49 64 8 1 0 0.00 0.0 0 4.9 15 260 M M 0 1 21 260
20 81 51 66 11 0 1 0.02 0.0 0 4.7 13 230 M M 4 12 20 230
21 67 46 57 2 8 0 0.09 0.0 0 8.6 22 280 M M 6 138 33 290
22 57 34 46 -8 19 0 T 0.0 0 4.8 14 330 M M 3 1 23 360
23 59 31 45 -9 20 0 0.00 0.0 0 5.6 20 220 M M 4 12 27 190
24 53 45 49 -5 16 0 0.06 0.0 0 3.6 10 170 M M 10 1 15 160
25 62 47 55 2 10 0 0.16 0.0 0 6.9 21 290 M M 8 13 34 290
26 54 39 47 -6 18 0 0.05 0.0 0 8.0 16 300 M M 9 1 30 340
27 48 30 39 -13 26 0 T 0.0 0 5.6 14 320 M M 7 26 350
28 56 23 40 -12 25 0 0.00 0.0 0 2.0 9 40 M M 2 1 17 40
29 62 31 47 -5 18 0 0.00 0.0 0 5.2 13 190 M M 0 1 23 200
30 67 33 50 -1 15 0 0.00 0.0 0 2.4 12 250 M M 0 1 17 210
================================================================================
SM 2068 1368 254 29 1.42 0.0 166.2 M 102
================================================================================
AV 68.9 45.6 5.5 FASTST M M 3 MAX(MPH)
MISC ----> 29 220 46 210
================================================================================
NOTES:
# LAST OF SEVERAL OCCURRENCES
COLUMN 17 PEAK WIND IN M.P.H.
PRELIMINARY LOCAL CLIMATOLOGICAL DATA (WS FORM: F-6) , PAGE 2
STATION: RHINELANDER WI
MONTH: SEPTEMBER
YEAR: 2022
LATITUDE: 45 37 N
LONGITUDE: 89 27 W
[TEMPERATURE DATA] [PRECIPITATION DATA] SYMBOLS USED IN COLUMN 16
AVERAGE MONTHLY: 57.3 TOTAL FOR MONTH: 1.42 1 = FOG OR MIST
DPTR FM NORMAL: 0.4 DPTR FM NORMAL: -2.06 2 = FOG REDUCING VISIBILITY
HIGHEST: 85 ON 1 GRTST 24HR 0.50 ON 2- 2 TO 1/4 MILE OR LESS
LOWEST: 23 ON 28 3 = THUNDER
SNOW, ICE PELLETS, HAIL 4 = ICE PELLETS
TOTAL MONTH: 0.0 INCH 5 = HAIL
GRTST 24HR 0.0 6 = FREEZING RAIN OR DRIZZLE
GRTST DEPTH: 0 7 = DUSTSTORM OR SANDSTORM:
VSBY 1/2 MILE OR LESS
8 = SMOKE OR HAZE
[NO. OF DAYS WITH] [WEATHER - DAYS WITH] 9 = BLOWING SNOW
X = TORNADO
MAX 32 OR BELOW: 0 0.01 INCH OR MORE: 9
MAX 90 OR ABOVE: 0 0.10 INCH OR MORE: 3
MIN 32 OR BELOW: 4 0.50 INCH OR MORE: 1
MIN 0 OR BELOW: 0 1.00 INCH OR MORE: 0
[HDD (BASE 65) ]
TOTAL THIS MO. 254 CLEAR (SCALE 0-3) 16
DPTR FM NORMAL -16 PTCLDY (SCALE 4-7) 12
TOTAL FM JUL 1 320 CLOUDY (SCALE 8-10) 2
DPTR FM NORMAL -77
[CDD (BASE 65) ]
TOTAL THIS MO. 29
DPTR FM NORMAL 4 [PRESSURE DATA]
TOTAL FM JAN 1 296 HIGHEST SLP 30.59 ON 28
DPTR FM NORMAL 16 LOWEST SLP 29.72 ON 25
[REMARKS]
#FINAL-09-22#